-- https://www.phpmyadmin.net/
--

START TRANSACTION;



--
-- Database: `dnia_lms`
--

-- --------------------------------------------------------

--
-- Table structure for table `abandoned_cart_rules`
--

CREATE TABLE `abandoned_cart_rules` (
  `id` int UNSIGNED NOT NULL,
  `target_type` enum('all','courses','store_products','bundles','meetings') CHARACTER SET utf8mb4 COLLATE utf8mb4_general_ci NOT NULL DEFAULT 'all',
  `target` varchar(255) CHARACTER SET utf8mb4 COLLATE utf8mb4_general_ci DEFAULT NULL,
  `action` enum('send_reminder','send_coupon') CHARACTER SET utf8mb4 COLLATE utf8mb4_general_ci NOT NULL,
  `discount_id` int UNSIGNED DEFAULT NULL,
  `action_cycle` int UNSIGNED NOT NULL,
  `repeat_action` tinyint(1) NOT NULL DEFAULT '0',
  `repeat_action_count` int UNSIGNED DEFAULT NULL,
  `minimum_cart_amount` double(15,2) UNSIGNED DEFAULT NULL,
  `maximum_cart_amount` double(15,2) UNSIGNED DEFAULT NULL,
  `start_at` bigint UNSIGNED DEFAULT NULL,
  `end_at` bigint UNSIGNED DEFAULT NULL,
  `enable` tinyint(1) NOT NULL DEFAULT '0',
  `created_at` bigint UNSIGNED NOT NULL
) ENGINE=InnoDB DEFAULT CHARSET=utf8mb4 COLLATE=utf8mb4_general_ci;

--
-- Dumping data for table `abandoned_cart_rules`
--

INSERT INTO `abandoned_cart_rules` (`id`, `target_type`, `target`, `action`, `discount_id`, `action_cycle`, `repeat_action`, `repeat_action_count`, `minimum_cart_amount`, `maximum_cart_amount`, `start_at`, `end_at`, `enable`, `created_at`) VALUES
(1, 'all', NULL, 'send_reminder', NULL, 12, 1, 5, 200.00, 1000.00, 1709269200, 1837137600, 0, 1709794892),
(2, 'courses', 'all_courses', 'send_coupon', 25, 18, 1, 3, 50.00, NULL, 1709330400, 1838246400, 0, 1709888086);

-- --------------------------------------------------------

--
-- Table structure for table `abandoned_cart_rule_histories`
--

CREATE TABLE `abandoned_cart_rule_histories` (
  `id` int UNSIGNED NOT NULL,
  `user_id` int UNSIGNED NOT NULL,
  `cart_rule_id` int UNSIGNED DEFAULT NULL,
  `rule_action` enum('send_reminder','send_coupon') CHARACTER SET utf8mb4 COLLATE utf8mb4_general_ci NOT NULL,
  `type` enum('auto','manual') CHARACTER SET utf8mb4 COLLATE utf8mb4_unicode_ci DEFAULT 'auto',
  `created_at` bigint UNSIGNED NOT NULL
) ENGINE=InnoDB DEFAULT CHARSET=utf8mb4 COLLATE=utf8mb4_general_ci;

-- --------------------------------------------------------

--
-- Table structure for table `abandoned_cart_rule_specification_items`
--

CREATE TABLE `abandoned_cart_rule_specification_items` (
  `id` int UNSIGNED NOT NULL,
  `abandoned_cart_rule_id` int UNSIGNED NOT NULL,
  `category_id` int UNSIGNED DEFAULT NULL,
  `instructor_id` int UNSIGNED DEFAULT NULL,
  `seller_id` int UNSIGNED DEFAULT NULL,
  `webinar_id` int UNSIGNED DEFAULT NULL,
  `product_id` int UNSIGNED DEFAULT NULL,
  `bundle_id` int UNSIGNED DEFAULT NULL
) ENGINE=InnoDB DEFAULT CHARSET=utf8mb4 COLLATE=utf8mb4_general_ci;

-- --------------------------------------------------------

--
-- Table structure for table `abandoned_cart_rule_translations`
--

CREATE TABLE `abandoned_cart_rule_translations` (
  `id` int UNSIGNED NOT NULL,
  `abandoned_cart_rule_id` int UNSIGNED NOT NULL,
  `locale` varchar(191) CHARACTER SET utf8mb4 COLLATE utf8mb4_general_ci NOT NULL,
  `title` varchar(255) CHARACTER SET utf8mb4 COLLATE utf8mb4_general_ci NOT NULL
) ENGINE=InnoDB DEFAULT CHARSET=utf8mb4 COLLATE=utf8mb4_general_ci;

--
-- Dumping data for table `abandoned_cart_rule_translations`
--

INSERT INTO `abandoned_cart_rule_translations` (`id`, `abandoned_cart_rule_id`, `locale`, `title`) VALUES
(1, 1, 'en', 'Cart Reminder Rule'),
(2, 2, 'en', 'Discount Offer Rule');

-- --------------------------------------------------------

--
-- Table structure for table `abandoned_cart_rule_users_groups`
--

CREATE TABLE `abandoned_cart_rule_users_groups` (
  `id` int UNSIGNED NOT NULL,
  `abandoned_cart_rule_id` int UNSIGNED NOT NULL,
  `group_id` int UNSIGNED DEFAULT NULL,
  `user_id` int UNSIGNED DEFAULT NULL
) ENGINE=InnoDB DEFAULT CHARSET=utf8mb4 COLLATE=utf8mb4_general_ci;

-- --------------------------------------------------------

--
-- Table structure for table `accounting`
--

CREATE TABLE `accounting` (
  `id` int UNSIGNED NOT NULL,
  `user_id` int UNSIGNED DEFAULT NULL,
  `creator_id` int DEFAULT NULL,
  `order_item_id` int UNSIGNED DEFAULT NULL,
  `webinar_id` int UNSIGNED DEFAULT NULL,
  `bundle_id` int UNSIGNED DEFAULT NULL,
  `meeting_time_id` int UNSIGNED DEFAULT NULL,
  `subscribe_id` int UNSIGNED DEFAULT NULL,
  `promotion_id` int UNSIGNED DEFAULT NULL,
  `registration_package_id` int UNSIGNED DEFAULT NULL,
  `product_id` int UNSIGNED DEFAULT NULL,
  `installment_payment_id` int UNSIGNED DEFAULT NULL,
  `installment_order_id` int UNSIGNED DEFAULT NULL COMMENT 'This field is filled in the seller''s financial document to find the installment order',
  `gift_id` int UNSIGNED DEFAULT NULL,
  `system` tinyint(1) NOT NULL DEFAULT '0',
  `tax` tinyint(1) NOT NULL DEFAULT '0',
  `amount` decimal(13,2) DEFAULT NULL,
  `type` enum('addiction','deduction') CHARACTER SET utf8mb4 COLLATE utf8mb4_unicode_ci NOT NULL,
  `type_account` enum('income','asset','subscribe','promotion','registration_package','installment_payment') CHARACTER SET utf8mb4 COLLATE utf8mb4_unicode_ci DEFAULT NULL,
  `store_type` enum('automatic','manual') CHARACTER SET utf8mb4 COLLATE utf8mb4_unicode_ci NOT NULL DEFAULT 'automatic',
  `referred_user_id` int UNSIGNED DEFAULT NULL,
  `is_affiliate_amount` tinyint(1) NOT NULL DEFAULT '0',
  `is_affiliate_commission` tinyint(1) NOT NULL DEFAULT '0',
  `is_registration_bonus` tinyint(1) NOT NULL DEFAULT '0',
  `is_cashback` tinyint(1) NOT NULL DEFAULT '0',
  `description` text CHARACTER SET utf8mb4 COLLATE utf8mb4_unicode_ci,
  `created_at` int NOT NULL
) ENGINE=InnoDB DEFAULT CHARSET=utf8mb4 COLLATE=utf8mb4_unicode_ci ROW_FORMAT=DYNAMIC;

--
-- Dumping data for table `accounting`
--

INSERT INTO `accounting` (`id`, `user_id`, `creator_id`, `order_item_id`, `webinar_id`, `bundle_id`, `meeting_time_id`, `subscribe_id`, `promotion_id`, `registration_package_id`, `product_id`, `installment_payment_id`, `installment_order_id`, `gift_id`, `system`, `tax`, `amount`, `type`, `type_account`, `store_type`, `referred_user_id`, `is_affiliate_amount`, `is_affiliate_commission`, `is_registration_bonus`, `is_cashback`, `description`, `created_at`) VALUES
(251, 996, 1, NULL, NULL, NULL, NULL, NULL, NULL, NULL, NULL, NULL, NULL, NULL, 0, 0, 500.00, 'addiction', 'asset', 'automatic', NULL, 0, 0, 0, 0, 'offline payment approved', 1625944212),
(252, 996, NULL, NULL, NULL, NULL, 98, NULL, NULL, NULL, NULL, NULL, NULL, NULL, 0, 0, 165.00, 'deduction', 'asset', 'automatic', NULL, 0, 0, 0, 0, 'Paid for 1:30 hours of consultation', 1625944347),
(253, 996, NULL, NULL, NULL, NULL, 98, NULL, NULL, NULL, NULL, NULL, NULL, NULL, 0, 1, 15.00, 'addiction', 'asset', 'automatic', NULL, 0, 0, 0, 0, 'Tax form Buyer', 1625944347),
(254, 1015, NULL, NULL, NULL, NULL, 98, NULL, NULL, NULL, NULL, NULL, NULL, NULL, 0, 0, 120.00, 'addiction', 'income', 'automatic', NULL, 0, 0, 0, 0, 'Income Sale', 1625944347),
(255, 1015, NULL, NULL, NULL, NULL, 98, NULL, NULL, NULL, NULL, NULL, NULL, NULL, 1, 0, 30.00, 'addiction', 'income', 'automatic', NULL, 0, 0, 0, 0, 'Commission from Seller', 1625944347),
(256, 930, 1, NULL, NULL, NULL, NULL, NULL, NULL, NULL, NULL, NULL, NULL, NULL, 0, 0, 600.00, 'addiction', 'asset', 'manual', NULL, 0, 0, 0, 0, 'Gifts from the platform', 1625950715),
(257, 995, 1, NULL, NULL, NULL, NULL, NULL, NULL, NULL, NULL, NULL, NULL, NULL, 0, 0, 1000.00, 'addiction', 'asset', 'automatic', NULL, 0, 0, 0, 0, 'offline payment approved', 1625950749),
(258, 995, NULL, NULL, NULL, NULL, 160, NULL, NULL, NULL, NULL, NULL, NULL, NULL, 0, 0, 110.00, 'deduction', 'asset', 'automatic', NULL, 0, 0, 0, 0, 'Paid for 1:00 hours of consultation', 1625952630),
(259, 995, NULL, NULL, NULL, NULL, 160, NULL, NULL, NULL, NULL, NULL, NULL, NULL, 0, 1, 10.00, 'addiction', 'asset', 'automatic', NULL, 0, 0, 0, 0, 'Tax form Buyer', 1625952630),
(260, 934, NULL, NULL, NULL, NULL, 160, NULL, NULL, NULL, NULL, NULL, NULL, NULL, 0, 0, 80.00, 'addiction', 'income', 'automatic', NULL, 0, 0, 0, 0, 'Income Sale', 1625952630),
(261, 934, NULL, NULL, NULL, NULL, 160, NULL, NULL, NULL, NULL, NULL, NULL, NULL, 1, 0, 20.00, 'addiction', 'income', 'automatic', NULL, 0, 0, 0, 0, 'Commission from Seller', 1625952630),
(262, 995, NULL, NULL, 2005, NULL, NULL, NULL, NULL, NULL, NULL, NULL, NULL, NULL, 0, 0, 11.00, 'deduction', 'asset', 'automatic', NULL, 0, 0, 0, 0, 'Paid form Credit', 1625953197),
(263, 995, NULL, NULL, 2005, NULL, NULL, NULL, NULL, NULL, NULL, NULL, NULL, NULL, 0, 1, 1.00, 'addiction', 'asset', 'automatic', NULL, 0, 0, 0, 0, 'Tax form Buyer', 1625953198),
(264, 4, NULL, NULL, 2005, NULL, NULL, NULL, NULL, NULL, NULL, NULL, NULL, NULL, 0, 0, 8.00, 'addiction', 'income', 'automatic', NULL, 0, 0, 0, 0, 'Income Sale', 1625953198),
(265, 4, NULL, NULL, 2005, NULL, NULL, NULL, NULL, NULL, NULL, NULL, NULL, NULL, 1, 0, 2.00, 'addiction', 'income', 'automatic', NULL, 0, 0, 0, 0, 'Commission from Seller', 1625953198),
(266, 979, 1, NULL, NULL, NULL, NULL, NULL, NULL, NULL, NULL, NULL, NULL, NULL, 0, 0, 400.00, 'addiction', 'asset', 'automatic', NULL, 0, 0, 0, 0, 'offline payment approved', 1625992548),
(267, 995, NULL, NULL, NULL, NULL, 103, NULL, NULL, NULL, NULL, NULL, NULL, NULL, 0, 0, 137.50, 'deduction', 'asset', 'automatic', NULL, 0, 0, 0, 0, 'Paid for 1:15 hours of consultation', 1625996816),
(268, 995, NULL, NULL, NULL, NULL, 103, NULL, NULL, NULL, NULL, NULL, NULL, NULL, 0, 1, 12.50, 'addiction', 'asset', 'automatic', NULL, 0, 0, 0, 0, 'Tax form Buyer', 1625996817),
(269, 1015, NULL, NULL, NULL, NULL, 103, NULL, NULL, NULL, NULL, NULL, NULL, NULL, 0, 0, 100.00, 'addiction', 'income', 'automatic', NULL, 0, 0, 0, 0, 'Income Sale', 1625996817),
(270, 1015, NULL, NULL, NULL, NULL, 103, NULL, NULL, NULL, NULL, NULL, NULL, NULL, 1, 0, 25.00, 'addiction', 'income', 'automatic', NULL, 0, 0, 0, 0, 'Commission from Seller', 1625996817),
(271, 995, NULL, NULL, 1999, NULL, NULL, NULL, NULL, NULL, NULL, NULL, NULL, NULL, 0, 0, 55.00, 'deduction', 'asset', 'automatic', NULL, 0, 0, 0, 0, 'Paid form Credit', 1625996942),
(272, 995, NULL, NULL, 1999, NULL, NULL, NULL, NULL, NULL, NULL, NULL, NULL, NULL, 0, 1, 5.00, 'addiction', 'asset', 'automatic', NULL, 0, 0, 0, 0, 'Tax form Buyer', 1625996943),
(273, 929, NULL, NULL, 1999, NULL, NULL, NULL, NULL, NULL, NULL, NULL, NULL, NULL, 0, 0, 45.00, 'addiction', 'income', 'automatic', NULL, 0, 0, 0, 0, 'Income Sale', 1625996943),
(274, 929, NULL, NULL, 1999, NULL, NULL, NULL, NULL, NULL, NULL, NULL, NULL, NULL, 1, 0, 5.00, 'addiction', 'income', 'automatic', NULL, 0, 0, 0, 0, 'Commission from Seller', 1625996943),
(275, 995, NULL, NULL, 1998, NULL, NULL, NULL, NULL, NULL, NULL, NULL, NULL, NULL, 0, 0, 55.00, 'deduction', 'asset', 'automatic', NULL, 0, 0, 0, 0, 'Paid form Credit', 1625996979),
(276, 995, NULL, NULL, 1998, NULL, NULL, NULL, NULL, NULL, NULL, NULL, NULL, NULL, 0, 1, 5.00, 'addiction', 'asset', 'automatic', NULL, 0, 0, 0, 0, 'Tax form Buyer', 1625996979),
(277, 1015, NULL, NULL, 1998, NULL, NULL, NULL, NULL, NULL, NULL, NULL, NULL, NULL, 0, 0, 40.00, 'addiction', 'income', 'automatic', NULL, 0, 0, 0, 0, 'Income Sale', 1625996979),
(278, 1015, NULL, NULL, 1998, NULL, NULL, NULL, NULL, NULL, NULL, NULL, NULL, NULL, 1, 0, 10.00, 'addiction', 'income', 'automatic', NULL, 0, 0, 0, 0, 'Commission from Seller', 1625996979),
(279, 995, NULL, NULL, 2001, NULL, NULL, NULL, NULL, NULL, NULL, NULL, NULL, NULL, 0, 0, 17.60, 'deduction', 'asset', 'automatic', NULL, 0, 0, 0, 0, 'Paid form Credit', 1625997105),
(280, 995, NULL, NULL, 2001, NULL, NULL, NULL, NULL, NULL, NULL, NULL, NULL, NULL, 0, 1, 1.60, 'addiction', 'asset', 'automatic', NULL, 0, 0, 0, 0, 'Tax form Buyer', 1625997106),
(281, 3, NULL, NULL, 2001, NULL, NULL, NULL, NULL, NULL, NULL, NULL, NULL, NULL, 0, 0, 14.40, 'addiction', 'income', 'automatic', NULL, 0, 0, 0, 0, 'Income Sale', 1625997106),
(282, 3, NULL, NULL, 2001, NULL, NULL, NULL, NULL, NULL, NULL, NULL, NULL, NULL, 1, 0, 1.60, 'addiction', 'income', 'automatic', NULL, 0, 0, 0, 0, 'Commission from Seller', 1625997106),
(283, 996, NULL, NULL, 2006, NULL, NULL, NULL, NULL, NULL, NULL, NULL, NULL, NULL, 0, 0, 24.75, 'deduction', 'asset', 'automatic', NULL, 0, 0, 0, 0, 'Paid form Credit', 1626060488),
(284, 996, NULL, NULL, 2006, NULL, NULL, NULL, NULL, NULL, NULL, NULL, NULL, NULL, 0, 1, 2.25, 'addiction', 'asset', 'automatic', NULL, 0, 0, 0, 0, 'Tax form Buyer', 1626060488),
(285, 867, NULL, NULL, 2006, NULL, NULL, NULL, NULL, NULL, NULL, NULL, NULL, NULL, 0, 0, 18.00, 'addiction', 'income', 'automatic', NULL, 0, 0, 0, 0, 'Income Sale', 1626060488),
(286, 867, NULL, NULL, 2006, NULL, NULL, NULL, NULL, NULL, NULL, NULL, NULL, NULL, 1, 0, 4.50, 'addiction', 'income', 'automatic', NULL, 0, 0, 0, 0, 'Commission from Seller', 1626060488),
(287, 996, NULL, NULL, 1998, NULL, NULL, NULL, NULL, NULL, NULL, NULL, NULL, NULL, 0, 0, 44.00, 'deduction', 'asset', 'automatic', NULL, 0, 0, 0, 0, 'Paid form Credit', 1626060553),
(288, 996, NULL, NULL, 1998, NULL, NULL, NULL, NULL, NULL, NULL, NULL, NULL, NULL, 0, 1, 4.00, 'addiction', 'asset', 'automatic', NULL, 0, 0, 0, 0, 'Tax form Buyer', 1626060553),
(289, 1015, NULL, NULL, 1998, NULL, NULL, NULL, NULL, NULL, NULL, NULL, NULL, NULL, 0, 0, 32.00, 'addiction', 'income', 'automatic', NULL, 0, 0, 0, 0, 'Income Sale', 1626060553),
(290, 1015, NULL, NULL, 1998, NULL, NULL, NULL, NULL, NULL, NULL, NULL, NULL, NULL, 1, 0, 8.00, 'addiction', 'income', 'automatic', NULL, 0, 0, 0, 0, 'Commission from Seller', 1626060553),
(291, 930, NULL, NULL, 1998, NULL, NULL, NULL, NULL, NULL, NULL, NULL, NULL, NULL, 0, 0, 55.00, 'deduction', 'asset', 'automatic', NULL, 0, 0, 0, 0, 'Paid form Credit', 1626060836),
(292, 930, NULL, NULL, 1998, NULL, NULL, NULL, NULL, NULL, NULL, NULL, NULL, NULL, 0, 1, 5.00, 'addiction', 'asset', 'automatic', NULL, 0, 0, 0, 0, 'Tax form Buyer', 1626060837),
(293, 1015, NULL, NULL, 1998, NULL, NULL, NULL, NULL, NULL, NULL, NULL, NULL, NULL, 0, 0, 40.00, 'addiction', 'income', 'automatic', NULL, 0, 0, 0, 0, 'Income Sale', 1626060837),
(294, 1015, NULL, NULL, 1998, NULL, NULL, NULL, NULL, NULL, NULL, NULL, NULL, NULL, 1, 0, 10.00, 'addiction', 'income', 'automatic', NULL, 0, 0, 0, 0, 'Commission from Seller', 1626060837),
(295, 1015, 1, NULL, NULL, NULL, NULL, NULL, NULL, NULL, NULL, NULL, NULL, NULL, 0, 0, 332.00, 'deduction', 'income', 'automatic', NULL, 0, 0, 0, 0, 'Payout request', 1626061220),
(296, 979, NULL, NULL, 2004, NULL, NULL, NULL, NULL, NULL, NULL, NULL, NULL, NULL, 0, 0, 66.00, 'deduction', 'asset', 'automatic', NULL, 0, 0, 0, 0, 'Paid form Credit', 1626061333),
(297, 979, NULL, NULL, 2004, NULL, NULL, NULL, NULL, NULL, NULL, NULL, NULL, NULL, 0, 1, 6.00, 'addiction', 'asset', 'automatic', NULL, 0, 0, 0, 0, 'Tax form Buyer', 1626061334),
(298, 929, NULL, NULL, 2004, NULL, NULL, NULL, NULL, NULL, NULL, NULL, NULL, NULL, 0, 0, 54.00, 'addiction', 'income', 'automatic', NULL, 0, 0, 0, 0, 'Income Sale', 1626061334),
(299, 929, NULL, NULL, 2004, NULL, NULL, NULL, NULL, NULL, NULL, NULL, NULL, NULL, 1, 0, 6.00, 'addiction', 'income', 'automatic', NULL, 0, 0, 0, 0, 'Commission from Seller', 1626061334),
(300, 979, NULL, NULL, 2002, NULL, NULL, NULL, NULL, NULL, NULL, NULL, NULL, NULL, 0, 0, 22.00, 'deduction', 'asset', 'automatic', NULL, 0, 0, 0, 0, 'Paid form Credit', 1626061374),
(301, 979, NULL, NULL, 2002, NULL, NULL, NULL, NULL, NULL, NULL, NULL, NULL, NULL, 0, 1, 2.00, 'addiction', 'asset', 'automatic', NULL, 0, 0, 0, 0, 'Tax form Buyer', 1626061374),
(302, 863, NULL, NULL, 2002, NULL, NULL, NULL, NULL, NULL, NULL, NULL, NULL, NULL, 0, 0, 16.00, 'addiction', 'income', 'automatic', NULL, 0, 0, 0, 0, 'Income Sale', 1626061374),
(303, 863, NULL, NULL, 2002, NULL, NULL, NULL, NULL, NULL, NULL, NULL, NULL, NULL, 1, 0, 4.00, 'addiction', 'income', 'automatic', NULL, 0, 0, 0, 0, 'Commission from Seller', 1626061374),
(304, 979, NULL, NULL, 2000, NULL, NULL, NULL, NULL, NULL, NULL, NULL, NULL, NULL, 0, 0, 33.00, 'deduction', 'asset', 'automatic', NULL, 0, 0, 0, 0, 'Paid form Credit', 1626061375),
(305, 979, NULL, NULL, 2000, NULL, NULL, NULL, NULL, NULL, NULL, NULL, NULL, NULL, 0, 1, 3.00, 'addiction', 'asset', 'automatic', NULL, 0, 0, 0, 0, 'Tax form Buyer', 1626061376),
(306, 867, NULL, NULL, 2000, NULL, NULL, NULL, NULL, NULL, NULL, NULL, NULL, NULL, 0, 0, 24.00, 'addiction', 'income', 'automatic', NULL, 0, 0, 0, 0, 'Income Sale', 1626061376),
(307, 867, NULL, NULL, 2000, NULL, NULL, NULL, NULL, NULL, NULL, NULL, NULL, NULL, 1, 0, 6.00, 'addiction', 'income', 'automatic', NULL, 0, 0, 0, 0, 'Commission from Seller', 1626061376),
(308, 995, NULL, NULL, NULL, NULL, NULL, 3, NULL, NULL, NULL, NULL, NULL, NULL, 0, 0, 22.00, 'deduction', 'asset', 'automatic', NULL, 0, 0, 0, 0, 'Paid form Credit', 1626061450),
(309, 995, NULL, NULL, NULL, NULL, NULL, 3, NULL, NULL, NULL, NULL, NULL, NULL, 0, 1, 2.00, 'addiction', 'asset', 'automatic', NULL, 0, 0, 0, 0, 'Tax form Buyer', 1626061451),
(310, 995, NULL, NULL, NULL, NULL, NULL, 3, NULL, NULL, NULL, NULL, NULL, NULL, 1, 0, 20.00, 'addiction', 'subscribe', 'automatic', NULL, 0, 0, 0, 0, 'Income for Subscribe', 1626061451),
(311, 867, NULL, NULL, 2006, NULL, NULL, NULL, NULL, NULL, NULL, NULL, NULL, NULL, 0, 0, 0.16, 'addiction', 'income', 'automatic', NULL, 0, 0, 0, 0, 'Paid for Subscribe', 1626061483),
(312, 1, NULL, NULL, 2006, NULL, NULL, NULL, NULL, NULL, NULL, NULL, NULL, NULL, 1, 0, 0.16, 'deduction', 'asset', 'automatic', NULL, 0, 0, 0, 0, 'Paid for Subscribe', 1626061483),
(313, 929, NULL, NULL, 2004, NULL, NULL, NULL, NULL, NULL, NULL, NULL, NULL, NULL, 0, 0, 0.16, 'addiction', 'income', 'automatic', NULL, 0, 0, 0, 0, 'Paid for Subscribe', 1626061490),
(314, 1, NULL, NULL, 2004, NULL, NULL, NULL, NULL, NULL, NULL, NULL, NULL, NULL, 1, 0, 0.16, 'deduction', 'asset', 'automatic', NULL, 0, 0, 0, 0, 'Paid for Subscribe', 1626061490),
(315, 863, NULL, NULL, 2002, NULL, NULL, NULL, NULL, NULL, NULL, NULL, NULL, NULL, 0, 0, 0.16, 'addiction', 'income', 'automatic', NULL, 0, 0, 0, 0, 'Paid for Subscribe', 1626061494),
(316, 1, NULL, NULL, 2002, NULL, NULL, NULL, NULL, NULL, NULL, NULL, NULL, NULL, 1, 0, 0.16, 'deduction', 'asset', 'automatic', NULL, 0, 0, 0, 0, 'Paid for Subscribe', 1626061494),
(317, 1015, 1, NULL, NULL, NULL, NULL, NULL, NULL, NULL, NULL, NULL, NULL, NULL, 0, 0, 500.00, 'addiction', 'asset', 'automatic', NULL, 0, 0, 0, 0, 'offline payment approved', 1626132570),
(318, 1015, NULL, NULL, 2002, NULL, NULL, NULL, NULL, NULL, NULL, NULL, NULL, NULL, 0, 0, 17.60, 'deduction', 'asset', 'automatic', NULL, 0, 0, 0, 0, 'Paid form Credit', 1626132845),
(319, 1015, NULL, NULL, 2002, NULL, NULL, NULL, NULL, NULL, NULL, NULL, NULL, NULL, 0, 1, 1.60, 'addiction', 'asset', 'automatic', NULL, 0, 0, 0, 0, 'Tax form Buyer', 1626132845),
(320, 863, NULL, NULL, 2002, NULL, NULL, NULL, NULL, NULL, NULL, NULL, NULL, NULL, 0, 0, 12.80, 'addiction', 'income', 'automatic', NULL, 0, 0, 0, 0, 'Income Sale', 1626132845),
(321, 863, NULL, NULL, 2002, NULL, NULL, NULL, NULL, NULL, NULL, NULL, NULL, NULL, 1, 0, 3.20, 'addiction', 'income', 'automatic', NULL, 0, 0, 0, 0, 'Commission from Seller', 1626132845),
(322, 929, 1, NULL, NULL, NULL, NULL, NULL, NULL, NULL, NULL, NULL, NULL, NULL, 0, 0, 300.00, 'addiction', 'asset', 'automatic', NULL, 0, 0, 0, 0, 'offline payment approved', 1626241074),
(323, 929, NULL, NULL, 2004, NULL, NULL, NULL, 3, NULL, NULL, NULL, NULL, NULL, 0, 0, 55.00, 'deduction', 'asset', 'automatic', NULL, 0, 0, 0, 0, 'Paid form Credit', 1626241152),
(324, 929, NULL, NULL, 2004, NULL, NULL, NULL, 3, NULL, NULL, NULL, NULL, NULL, 0, 1, 5.00, 'addiction', 'asset', 'automatic', NULL, 0, 0, 0, 0, 'Tax form Buyer', 1626241153),
(325, 929, NULL, NULL, NULL, NULL, NULL, NULL, 3, NULL, NULL, NULL, NULL, NULL, 1, 0, 50.00, 'addiction', 'promotion', 'automatic', NULL, 0, 0, 0, 0, 'Paid for Promotion', 1626241153),
(326, 929, NULL, NULL, 2003, NULL, NULL, NULL, NULL, NULL, NULL, NULL, NULL, NULL, 0, 0, 33.00, 'deduction', 'asset', 'automatic', NULL, 0, 0, 0, 0, 'Paid form Credit', 1626241213),
(327, 929, NULL, NULL, 2003, NULL, NULL, NULL, NULL, NULL, NULL, NULL, NULL, NULL, 0, 1, 3.00, 'addiction', 'asset', 'automatic', NULL, 0, 0, 0, 0, 'Tax form Buyer', 1626241214),
(328, 864, NULL, NULL, 2003, NULL, NULL, NULL, NULL, NULL, NULL, NULL, NULL, NULL, 0, 0, 24.00, 'addiction', 'income', 'automatic', NULL, 0, 0, 0, 0, 'Income Sale', 1626241214),
(329, 864, NULL, NULL, 2003, NULL, NULL, NULL, NULL, NULL, NULL, NULL, NULL, NULL, 1, 0, 6.00, 'addiction', 'income', 'automatic', NULL, 0, 0, 0, 0, 'Commission from Seller', 1626241214),
(330, 995, NULL, NULL, NULL, NULL, 114, NULL, NULL, NULL, NULL, NULL, NULL, NULL, 0, 0, 110.00, 'deduction', 'asset', 'automatic', NULL, 0, 0, 0, 0, 'Paid for 1:00 hours of consultation', 1626247196),
(331, 995, NULL, NULL, NULL, NULL, 114, NULL, NULL, NULL, NULL, NULL, NULL, NULL, 0, 1, 10.00, 'addiction', 'asset', 'automatic', NULL, 0, 0, 0, 0, 'Tax form Buyer', 1626247196),
(332, 870, NULL, NULL, NULL, NULL, 114, NULL, NULL, NULL, NULL, NULL, NULL, NULL, 0, 0, 80.00, 'addiction', 'income', 'automatic', NULL, 0, 0, 0, 0, 'Income Sale', 1626247196),
(333, 870, NULL, NULL, NULL, NULL, 114, NULL, NULL, NULL, NULL, NULL, NULL, NULL, 1, 0, 20.00, 'addiction', 'income', 'automatic', NULL, 0, 0, 0, 0, 'Commission from Seller', 1626247196),
(334, 995, NULL, NULL, NULL, NULL, 114, NULL, NULL, NULL, NULL, NULL, NULL, NULL, 0, 0, 110.00, 'addiction', 'asset', 'automatic', NULL, 0, 0, 0, 0, 'Refunded to Buyer', 1626247245),
(335, NULL, NULL, NULL, NULL, NULL, 114, NULL, NULL, NULL, NULL, NULL, NULL, NULL, 0, 1, 10.00, 'deduction', 'asset', 'automatic', NULL, 0, 0, 0, 0, 'Refunded Tax', 1626247245),
(336, 870, NULL, NULL, NULL, NULL, 114, NULL, NULL, NULL, NULL, NULL, NULL, NULL, 0, 0, 100.00, 'deduction', 'income', 'automatic', NULL, 0, 0, 0, 0, 'Refunded Income', 1626247245),
(337, 870, NULL, NULL, NULL, NULL, 114, NULL, NULL, NULL, NULL, NULL, NULL, NULL, 0, 0, 20.00, 'addiction', 'income', 'automatic', NULL, 0, 0, 0, 0, 'Refunded Commission to Seller', 1626247245),
(338, 870, NULL, NULL, NULL, NULL, 114, NULL, NULL, NULL, NULL, NULL, NULL, NULL, 1, 0, 20.00, 'deduction', 'income', 'automatic', NULL, 0, 0, 0, 0, 'Refunded Commission', 1626247245),
(339, 996, NULL, NULL, 2000, NULL, NULL, NULL, NULL, NULL, NULL, NULL, NULL, NULL, 0, 0, 29.70, 'deduction', 'asset', 'automatic', NULL, 0, 0, 0, 0, 'Paid form Credit', 1626508957),
(340, 996, NULL, NULL, 2000, NULL, NULL, NULL, NULL, NULL, NULL, NULL, NULL, NULL, 0, 1, 2.70, 'addiction', 'asset', 'automatic', NULL, 0, 0, 0, 0, 'Tax form Buyer', 1626508957),
(341, 867, NULL, NULL, 2000, NULL, NULL, NULL, NULL, NULL, NULL, NULL, NULL, NULL, 0, 0, 21.60, 'addiction', 'income', 'automatic', NULL, 0, 0, 0, 0, 'Income Sale', 1626508957),
(342, 867, NULL, NULL, 2000, NULL, NULL, NULL, NULL, NULL, NULL, NULL, NULL, NULL, 1, 0, 5.40, 'addiction', 'income', 'automatic', NULL, 0, 0, 0, 0, 'Commission from Seller', 1626508957),
(343, 930, 1, NULL, NULL, NULL, NULL, NULL, NULL, NULL, NULL, NULL, NULL, NULL, 0, 0, 250.00, 'addiction', 'asset', 'automatic', NULL, 0, 0, 0, 0, 'offline payment approved', 1628704280),
(344, 923, 1, NULL, NULL, NULL, NULL, NULL, NULL, NULL, NULL, NULL, NULL, NULL, 0, 0, 300.00, 'addiction', 'asset', 'automatic', NULL, 0, 0, 0, 0, 'offline payment approved', 1628704284),
(345, 995, 1, NULL, NULL, NULL, NULL, NULL, NULL, NULL, NULL, NULL, NULL, NULL, 0, 0, 200.00, 'addiction', 'asset', 'automatic', NULL, 0, 0, 0, 0, 'offline payment approved', 1628704378),
(346, 995, 1, NULL, NULL, NULL, NULL, NULL, NULL, NULL, NULL, NULL, NULL, NULL, 0, 0, 100.00, 'addiction', 'asset', 'automatic', NULL, 0, 0, 0, 0, 'offline payment approved', 1628704382),
(347, 996, 1, NULL, NULL, NULL, NULL, NULL, NULL, NULL, NULL, NULL, NULL, NULL, 0, 0, 200.00, 'addiction', 'asset', 'automatic', NULL, 0, 0, 0, 0, 'offline payment approved', 1628704397),
(348, 929, NULL, NULL, 2000, NULL, NULL, NULL, NULL, NULL, NULL, NULL, NULL, NULL, 0, 0, 33.00, 'deduction', 'asset', 'automatic', NULL, 0, 0, 0, 0, 'Paid form Credit', 1635412197),
(349, 929, NULL, NULL, 2000, NULL, NULL, NULL, NULL, NULL, NULL, NULL, NULL, NULL, 0, 1, 3.00, 'addiction', 'asset', 'automatic', NULL, 0, 0, 0, 0, 'Tax form Buyer', 1635412197),
(350, 867, NULL, NULL, 2000, NULL, NULL, NULL, NULL, NULL, NULL, NULL, NULL, NULL, 0, 0, 24.00, 'addiction', 'income', 'automatic', NULL, 0, 0, 0, 0, 'Income Sale', 1635412197),
(351, 867, NULL, NULL, 2000, NULL, NULL, NULL, NULL, NULL, NULL, NULL, NULL, NULL, 1, 0, 6.00, 'addiction', 'income', 'automatic', NULL, 0, 0, 0, 0, 'Commission from Seller', 1635412197),
(352, 1015, NULL, NULL, NULL, NULL, NULL, NULL, NULL, NULL, NULL, NULL, NULL, NULL, 0, 0, 80.00, 'addiction', 'income', 'automatic', 1017, 1, 0, 0, 0, 'public.get_amount_from_referral', 1639378855),
(353, 1015, NULL, NULL, NULL, NULL, NULL, NULL, NULL, NULL, NULL, NULL, NULL, NULL, 1, 0, 80.00, 'deduction', 'income', 'automatic', 1017, 1, 0, 0, 0, 'public.get_amount_from_referral', 1639378855),
(354, 1017, NULL, NULL, NULL, NULL, NULL, NULL, NULL, NULL, NULL, NULL, NULL, NULL, 0, 0, 50.00, 'addiction', 'income', 'automatic', NULL, 1, 0, 0, 0, 'public.get_amount_from_referral', 1639378855),
(355, 1017, NULL, NULL, NULL, NULL, NULL, NULL, NULL, NULL, NULL, NULL, NULL, NULL, 1, 0, 50.00, 'deduction', 'income', 'automatic', NULL, 1, 0, 0, 0, 'public.get_amount_from_referral', 1639378855),
(356, 1017, 1, NULL, NULL, NULL, NULL, NULL, NULL, NULL, NULL, NULL, NULL, NULL, 0, 0, 500.00, 'addiction', 'asset', 'manual', NULL, 0, 0, 0, 0, 'charging for test', 1639379205),
(357, 1017, NULL, NULL, 2000, NULL, NULL, NULL, NULL, NULL, NULL, NULL, NULL, NULL, 0, 0, 33.00, 'deduction', 'asset', 'automatic', NULL, 0, 0, 0, 0, 'Paid form Credit', 1639379284),
(358, 1017, NULL, NULL, 2000, NULL, NULL, NULL, NULL, NULL, NULL, NULL, NULL, NULL, 0, 1, 3.00, 'addiction', 'asset', 'automatic', NULL, 0, 0, 0, 0, 'Tax form Buyer', 1639379285),
(359, 867, NULL, NULL, 2000, NULL, NULL, NULL, NULL, NULL, NULL, NULL, NULL, NULL, 0, 0, 24.00, 'addiction', 'income', 'automatic', NULL, 0, 0, 0, 0, 'Income Sale', 1639379285),
(360, 867, NULL, NULL, 2000, NULL, NULL, NULL, NULL, NULL, NULL, NULL, NULL, NULL, 1, 0, 4.50, 'addiction', 'income', 'automatic', NULL, 0, 0, 0, 0, 'Commission from Seller', 1639379285),
(361, 1015, NULL, NULL, 2000, NULL, NULL, NULL, NULL, NULL, NULL, NULL, NULL, NULL, 0, 0, 1.50, 'addiction', 'income', 'automatic', 1017, 0, 1, 0, 0, 'public.get_commission_from_referral', 1639379285),
(362, 1017, NULL, NULL, 1998, NULL, NULL, NULL, NULL, NULL, NULL, NULL, NULL, NULL, 0, 0, 110.00, 'deduction', 'asset', 'automatic', NULL, 0, 0, 0, 0, 'Paid form Credit', 1639379351),
(363, 1017, NULL, NULL, 1998, NULL, NULL, NULL, NULL, NULL, NULL, NULL, NULL, NULL, 0, 1, 10.00, 'addiction', 'asset', 'automatic', NULL, 0, 0, 0, 0, 'Tax form Buyer', 1639379352),
(364, 1015, NULL, NULL, 1998, NULL, NULL, NULL, NULL, NULL, NULL, NULL, NULL, NULL, 0, 0, 80.00, 'addiction', 'income', 'automatic', NULL, 0, 0, 0, 0, 'Income Sale', 1639379352),
(365, 1015, NULL, NULL, 1998, NULL, NULL, NULL, NULL, NULL, NULL, NULL, NULL, NULL, 1, 0, 15.00, 'addiction', 'income', 'automatic', NULL, 0, 0, 0, 0, 'Commission from Seller', 1639379352),
(366, 1015, NULL, NULL, 1998, NULL, NULL, NULL, NULL, NULL, NULL, NULL, NULL, NULL, 0, 0, 5.00, 'addiction', 'income', 'automatic', 1017, 0, 1, 0, 0, 'public.get_commission_from_referral', 1639379352),
(367, 1017, NULL, NULL, 2003, NULL, NULL, NULL, NULL, NULL, NULL, NULL, NULL, NULL, 0, 0, 33.00, 'deduction', 'asset', 'automatic', NULL, 0, 0, 0, 0, 'Paid form Credit', 1639379394),
(368, 1017, NULL, NULL, 2003, NULL, NULL, NULL, NULL, NULL, NULL, NULL, NULL, NULL, 0, 1, 3.00, 'addiction', 'asset', 'automatic', NULL, 0, 0, 0, 0, 'Tax form Buyer', 1639379395),
(369, 864, NULL, NULL, 2003, NULL, NULL, NULL, NULL, NULL, NULL, NULL, NULL, NULL, 0, 0, 24.00, 'addiction', 'income', 'automatic', NULL, 0, 0, 0, 0, 'Income Sale', 1639379395),
(370, 864, NULL, NULL, 2003, NULL, NULL, NULL, NULL, NULL, NULL, NULL, NULL, NULL, 1, 0, 4.50, 'addiction', 'income', 'automatic', NULL, 0, 0, 0, 0, 'Commission from Seller', 1639379395),
(371, 1015, NULL, NULL, 2003, NULL, NULL, NULL, NULL, NULL, NULL, NULL, NULL, NULL, 0, 0, 1.50, 'addiction', 'income', 'automatic', 1017, 0, 1, 0, 0, 'public.get_commission_from_referral', 1639379395),
(372, 995, NULL, NULL, 2009, NULL, NULL, NULL, NULL, NULL, NULL, NULL, NULL, NULL, 0, 0, 11.00, 'deduction', 'asset', 'automatic', NULL, 0, 0, 0, 0, 'Paid Form Credit', 1646172087),
(373, 995, NULL, NULL, 2009, NULL, NULL, NULL, NULL, NULL, NULL, NULL, NULL, NULL, 0, 1, 1.00, 'addiction', 'asset', 'automatic', NULL, 0, 0, 0, 0, 'Tax Get Form Buyer', 1646172087),
(374, 1015, NULL, NULL, 2009, NULL, NULL, NULL, NULL, NULL, NULL, NULL, NULL, NULL, 0, 0, 8.00, 'addiction', 'income', 'automatic', NULL, 0, 0, 0, 0, 'Income Sale', 1646172087),
(375, 1015, NULL, NULL, 2009, NULL, NULL, NULL, NULL, NULL, NULL, NULL, NULL, NULL, 1, 0, 2.00, 'addiction', 'income', 'automatic', NULL, 0, 0, 0, 0, 'Get Commission From Seller', 1646172087),
(376, 996, NULL, NULL, 2009, NULL, NULL, NULL, NULL, NULL, NULL, NULL, NULL, NULL, 0, 0, 9.90, 'deduction', 'asset', 'automatic', NULL, 0, 0, 0, 0, 'Paid Form Credit', 1646172124),
(377, 996, NULL, NULL, 2009, NULL, NULL, NULL, NULL, NULL, NULL, NULL, NULL, NULL, 0, 1, 0.90, 'addiction', 'asset', 'automatic', NULL, 0, 0, 0, 0, 'Tax Get Form Buyer', 1646172124),
(378, 1015, NULL, NULL, 2009, NULL, NULL, NULL, NULL, NULL, NULL, NULL, NULL, NULL, 0, 0, 7.20, 'addiction', 'income', 'automatic', NULL, 0, 0, 0, 0, 'Income Sale', 1646172124),
(379, 1015, NULL, NULL, 2009, NULL, NULL, NULL, NULL, NULL, NULL, NULL, NULL, NULL, 1, 0, 1.80, 'addiction', 'income', 'automatic', NULL, 0, 0, 0, 0, 'Get Commission From Seller', 1646172124),
(380, 979, NULL, NULL, 2009, NULL, NULL, NULL, NULL, NULL, NULL, NULL, NULL, NULL, 0, 0, 11.00, 'deduction', 'asset', 'automatic', NULL, 0, 0, 0, 0, 'Paid Form Credit', 1646172160),
(381, 979, NULL, NULL, 2009, NULL, NULL, NULL, NULL, NULL, NULL, NULL, NULL, NULL, 0, 1, 1.00, 'addiction', 'asset', 'automatic', NULL, 0, 0, 0, 0, 'Tax Get Form Buyer', 1646172160),
(382, 1015, NULL, NULL, 2009, NULL, NULL, NULL, NULL, NULL, NULL, NULL, NULL, NULL, 0, 0, 8.00, 'addiction', 'income', 'automatic', NULL, 0, 0, 0, 0, 'Income Sale', 1646172160),
(383, 1015, NULL, NULL, 2009, NULL, NULL, NULL, NULL, NULL, NULL, NULL, NULL, NULL, 1, 0, 2.00, 'addiction', 'income', 'automatic', NULL, 0, 0, 0, 0, 'Get Commission From Seller', 1646172160),
(384, 929, NULL, NULL, 2009, NULL, NULL, NULL, NULL, NULL, NULL, NULL, NULL, NULL, 0, 0, 11.00, 'deduction', 'asset', 'automatic', NULL, 0, 0, 0, 0, 'Paid Form Credit', 1646172296),
(385, 929, NULL, NULL, 2009, NULL, NULL, NULL, NULL, NULL, NULL, NULL, NULL, NULL, 0, 1, 1.00, 'addiction', 'asset', 'automatic', NULL, 0, 0, 0, 0, 'Tax Get Form Buyer', 1646172297),
(386, 1015, NULL, NULL, 2009, NULL, NULL, NULL, NULL, NULL, NULL, NULL, NULL, NULL, 0, 0, 8.00, 'addiction', 'income', 'automatic', NULL, 0, 0, 0, 0, 'Income Sale', 1646172297),
(387, 1015, NULL, NULL, 2009, NULL, NULL, NULL, NULL, NULL, NULL, NULL, NULL, NULL, 1, 0, 2.00, 'addiction', 'income', 'automatic', NULL, 0, 0, 0, 0, 'Get Commission From Seller', 1646172297),
(388, 995, NULL, NULL, NULL, NULL, 169, NULL, NULL, NULL, NULL, NULL, NULL, NULL, 0, 0, 825.00, 'deduction', 'asset', 'automatic', NULL, 0, 0, 0, 0, 'Paid for 1:00 hours of consultation', 1646379290),
(389, 995, NULL, NULL, NULL, NULL, 169, NULL, NULL, NULL, NULL, NULL, NULL, NULL, 0, 1, 75.00, 'addiction', 'asset', 'automatic', NULL, 0, 0, 0, 0, 'Tax Get Form Buyer', 1646379290),
(390, 1015, NULL, NULL, NULL, NULL, 169, NULL, NULL, NULL, NULL, NULL, NULL, NULL, 0, 0, 600.00, 'addiction', 'income', 'automatic', NULL, 0, 0, 0, 0, 'Income Sale', 1646379290),
(391, 1015, NULL, NULL, NULL, NULL, 169, NULL, NULL, NULL, NULL, NULL, NULL, NULL, 1, 0, 150.00, 'addiction', 'income', 'automatic', NULL, 0, 0, 0, 0, 'Get Commission From Seller', 1646379290),
(392, 867, 1, NULL, NULL, NULL, NULL, NULL, NULL, NULL, NULL, NULL, NULL, NULL, 0, 0, 200.00, 'addiction', 'asset', 'manual', NULL, 0, 0, 0, 0, 'gift', 1646381415),
(393, 930, NULL, NULL, NULL, NULL, NULL, NULL, NULL, 2, NULL, NULL, NULL, NULL, 0, 0, 218.90, 'deduction', 'asset', 'automatic', NULL, 0, 0, 0, 0, 'Paid Form Credit', 1646386792),
(394, 930, NULL, NULL, NULL, NULL, NULL, NULL, NULL, 2, NULL, NULL, NULL, NULL, 0, 1, 19.90, 'addiction', 'asset', 'automatic', NULL, 0, 0, 0, 0, 'Tax Get Form Buyer', 1646386797),
(395, 1, NULL, NULL, NULL, NULL, NULL, NULL, NULL, 2, NULL, NULL, NULL, NULL, 1, 0, 199.00, 'addiction', 'registration_package', 'automatic', NULL, 0, 0, 0, 0, 'Paid For Registration Package', 1646386797),
(396, 859, 1, NULL, NULL, NULL, NULL, NULL, NULL, NULL, NULL, NULL, NULL, NULL, 0, 0, 500.00, 'addiction', 'asset', 'manual', NULL, 0, 0, 0, 0, 'Charge for the test.', 1646387608),
(397, 859, NULL, NULL, NULL, NULL, NULL, NULL, NULL, 4, NULL, NULL, NULL, NULL, 0, 0, 220.00, 'deduction', 'asset', 'automatic', NULL, 0, 0, 0, 0, 'Paid Form Credit', 1646387660),
(398, 859, NULL, NULL, NULL, NULL, NULL, NULL, NULL, 4, NULL, NULL, NULL, NULL, 0, 1, 20.00, 'addiction', 'asset', 'automatic', NULL, 0, 0, 0, 0, 'Tax Get Form Buyer', 1646387660),
(399, 1, NULL, NULL, NULL, NULL, NULL, NULL, NULL, 4, NULL, NULL, NULL, NULL, 1, 0, 200.00, 'addiction', 'registration_package', 'automatic', NULL, 0, 0, 0, 0, 'Paid For Registration Package', 1646387660),
(400, 930, NULL, NULL, NULL, 1, NULL, NULL, NULL, NULL, NULL, NULL, NULL, NULL, 0, 0, 55.00, 'deduction', 'asset', 'automatic', NULL, 0, 0, 0, 0, 'Paid form credit', 1656083263),
(401, 930, NULL, NULL, NULL, 1, NULL, NULL, NULL, NULL, NULL, NULL, NULL, NULL, 0, 1, 5.00, 'addiction', 'asset', 'automatic', NULL, 0, 0, 0, 0, 'Tax form buyer', 1656083263),
(402, 1015, NULL, NULL, NULL, 1, NULL, NULL, NULL, NULL, NULL, NULL, NULL, NULL, 0, 0, 40.00, 'addiction', 'income', 'automatic', NULL, 0, 0, 0, 0, 'Sales income', 1656083263),
(403, 1015, NULL, NULL, NULL, 1, NULL, NULL, NULL, NULL, NULL, NULL, NULL, NULL, 1, 0, 10.00, 'addiction', 'income', 'automatic', NULL, 0, 0, 0, 0, 'Seller commission', 1656083263),
(404, 995, NULL, NULL, NULL, NULL, NULL, NULL, NULL, NULL, 4, NULL, NULL, NULL, 0, 0, 5.25, 'deduction', 'asset', 'automatic', NULL, 0, 0, 0, 0, 'Paid form credit', 1656103844),
(405, 995, NULL, NULL, NULL, NULL, NULL, NULL, NULL, NULL, 4, NULL, NULL, NULL, 0, 1, 0.25, 'addiction', 'asset', 'automatic', NULL, 0, 0, 0, 0, 'Tax form buyer', 1656103844),
(406, 1016, NULL, NULL, NULL, NULL, NULL, NULL, NULL, NULL, 4, NULL, NULL, NULL, 0, 0, 4.00, 'addiction', 'income', 'automatic', NULL, 0, 0, 0, 0, 'Sales income', 1656103844),
(407, 1016, NULL, NULL, NULL, NULL, NULL, NULL, NULL, NULL, 4, NULL, NULL, NULL, 1, 0, 1.00, 'addiction', 'income', 'automatic', NULL, 0, 0, 0, 0, 'Seller commission', 1656103844),
(408, 923, NULL, NULL, NULL, NULL, NULL, NULL, NULL, NULL, 1, NULL, NULL, NULL, 0, 0, 31.25, 'deduction', 'asset', 'automatic', NULL, 0, 0, 0, 0, 'Paid form credit', 1656104131),
(409, 923, NULL, NULL, NULL, NULL, NULL, NULL, NULL, NULL, 1, NULL, NULL, NULL, 0, 1, 1.25, 'addiction', 'asset', 'automatic', NULL, 0, 0, 0, 0, 'Tax form buyer', 1656104132),
(410, 1015, NULL, NULL, NULL, NULL, NULL, NULL, NULL, NULL, 1, NULL, NULL, NULL, 0, 0, 27.50, 'addiction', 'income', 'automatic', NULL, 0, 0, 0, 0, 'Sales income', 1656104132),
(411, 1015, NULL, NULL, NULL, NULL, NULL, NULL, NULL, NULL, 1, NULL, NULL, NULL, 1, 0, 2.50, 'addiction', 'income', 'automatic', NULL, 0, 0, 0, 0, 'Seller commission', 1656104132),
(412, 996, NULL, NULL, 2003, NULL, NULL, NULL, NULL, NULL, NULL, NULL, NULL, NULL, 0, 0, 39.60, 'deduction', 'asset', 'automatic', NULL, 0, 0, 0, 0, 'Paid form credit', 1656130482),
(413, 996, NULL, NULL, 2003, NULL, NULL, NULL, NULL, NULL, NULL, NULL, NULL, NULL, 0, 1, 3.60, 'addiction', 'asset', 'automatic', NULL, 0, 0, 0, 0, 'Tax form buyer', 1656130482),
(414, 864, NULL, NULL, 2003, NULL, NULL, NULL, NULL, NULL, NULL, NULL, NULL, NULL, 0, 0, 28.80, 'addiction', 'income', 'automatic', NULL, 0, 0, 0, 0, 'Sales income', 1656130482),
(415, 864, NULL, NULL, 2003, NULL, NULL, NULL, NULL, NULL, NULL, NULL, NULL, NULL, 1, 0, 7.20, 'addiction', 'income', 'automatic', NULL, 0, 0, 0, 0, 'Seller commission', 1656130482),
(416, 930, NULL, NULL, NULL, NULL, NULL, NULL, NULL, NULL, 2, NULL, NULL, NULL, 0, 0, 314.50, 'deduction', 'asset', 'automatic', NULL, 0, 0, 0, 0, 'Paid form credit', 1656130707),
(417, 930, NULL, NULL, NULL, NULL, NULL, NULL, NULL, NULL, 2, NULL, NULL, NULL, 0, 1, 14.50, 'addiction', 'asset', 'automatic', NULL, 0, 0, 0, 0, 'Tax form buyer', 1656130707),
(418, 934, NULL, NULL, NULL, NULL, NULL, NULL, NULL, NULL, 2, NULL, NULL, NULL, 0, 0, 271.00, 'addiction', 'income', 'automatic', NULL, 0, 0, 0, 0, 'Sales income', 1656130707),
(419, 934, NULL, NULL, NULL, NULL, NULL, NULL, NULL, NULL, 2, NULL, NULL, NULL, 1, 0, 29.00, 'addiction', 'income', 'automatic', NULL, 0, 0, 0, 0, 'Seller commission', 1656130707),
(420, 996, NULL, NULL, NULL, NULL, NULL, NULL, NULL, NULL, 5, NULL, NULL, NULL, 0, 0, 78.75, 'deduction', 'asset', 'automatic', NULL, 0, 0, 0, 0, 'Paid form credit', 1656130963),
(421, 996, NULL, NULL, NULL, NULL, NULL, NULL, NULL, NULL, 5, NULL, NULL, NULL, 0, 1, 3.75, 'addiction', 'asset', 'automatic', NULL, 0, 0, 0, 0, 'Tax form buyer', 1656130964),
(422, 1015, NULL, NULL, NULL, NULL, NULL, NULL, NULL, NULL, 5, NULL, NULL, NULL, 0, 0, 60.00, 'addiction', 'income', 'automatic', NULL, 0, 0, 0, 0, 'Sales income', 1656130964),
(423, 1015, NULL, NULL, NULL, NULL, NULL, NULL, NULL, NULL, 5, NULL, NULL, NULL, 1, 0, 15.00, 'addiction', 'income', 'automatic', NULL, 0, 0, 0, 0, 'Seller commission', 1656130964),
(424, 979, NULL, NULL, NULL, 2, NULL, NULL, NULL, NULL, NULL, NULL, NULL, NULL, 0, 0, 8.80, 'deduction', 'asset', 'automatic', NULL, 0, 0, 0, 0, 'Paid form credit', 1656139704),
(425, 979, NULL, NULL, NULL, 2, NULL, NULL, NULL, NULL, NULL, NULL, NULL, NULL, 0, 1, 0.80, 'addiction', 'asset', 'automatic', NULL, 0, 0, 0, 0, 'Tax form buyer', 1656139705),
(426, 934, NULL, NULL, NULL, 2, NULL, NULL, NULL, NULL, NULL, NULL, NULL, NULL, 0, 0, 6.40, 'addiction', 'income', 'automatic', NULL, 0, 0, 0, 0, 'Sales income', 1656139705),
(427, 934, NULL, NULL, NULL, 2, NULL, NULL, NULL, NULL, NULL, NULL, NULL, NULL, 1, 0, 1.60, 'addiction', 'income', 'automatic', NULL, 0, 0, 0, 0, 'Seller commission', 1656139705),
(428, 979, NULL, NULL, NULL, 3, NULL, NULL, NULL, NULL, NULL, NULL, NULL, NULL, 0, 0, 27.50, 'deduction', 'asset', 'automatic', NULL, 0, 0, 0, 0, 'Paid form credit', 1656139705),
(429, 979, NULL, NULL, NULL, 3, NULL, NULL, NULL, NULL, NULL, NULL, NULL, NULL, 0, 1, 2.50, 'addiction', 'asset', 'automatic', NULL, 0, 0, 0, 0, 'Tax form buyer', 1656139706),
(430, 929, NULL, NULL, NULL, 3, NULL, NULL, NULL, NULL, NULL, NULL, NULL, NULL, 0, 0, 20.00, 'addiction', 'income', 'automatic', NULL, 0, 0, 0, 0, 'Sales income', 1656139706),
(431, 929, NULL, NULL, NULL, 3, NULL, NULL, NULL, NULL, NULL, NULL, NULL, NULL, 1, 0, 5.00, 'addiction', 'income', 'automatic', NULL, 0, 0, 0, 0, 'Seller commission', 1656139706),
(432, 1017, NULL, NULL, NULL, NULL, NULL, NULL, NULL, NULL, 1, NULL, NULL, NULL, 0, 0, 26.00, 'deduction', 'asset', 'automatic', NULL, 0, 0, 0, 0, 'Paid form credit', 1656148574),
(433, 1017, NULL, NULL, NULL, NULL, NULL, NULL, NULL, NULL, 1, NULL, NULL, NULL, 0, 1, 1.00, 'addiction', 'asset', 'automatic', NULL, 0, 0, 0, 0, 'Tax form buyer', 1656148574),
(434, 1015, NULL, NULL, NULL, NULL, NULL, NULL, NULL, NULL, 1, NULL, NULL, NULL, 0, 0, 23.00, 'addiction', 'income', 'automatic', NULL, 0, 0, 0, 0, 'Sales income', 1656148574),
(435, 1015, NULL, NULL, NULL, NULL, NULL, NULL, NULL, NULL, 1, NULL, NULL, NULL, 1, 0, 2.00, 'addiction', 'income', 'automatic', NULL, 0, 0, 0, 0, 'Seller commission', 1656148574),
(436, 995, 1, NULL, NULL, NULL, NULL, NULL, NULL, NULL, NULL, NULL, NULL, NULL, 0, 0, 300.00, 'addiction', 'asset', 'manual', NULL, 0, 0, 0, 0, 'Gift Balance', 1656148789),
(437, 995, NULL, NULL, NULL, NULL, NULL, NULL, NULL, NULL, 1, NULL, NULL, NULL, 0, 0, 52.25, 'deduction', 'asset', 'automatic', NULL, 0, 0, 0, 0, 'Paid form credit', 1656148838),
(438, 995, NULL, NULL, NULL, NULL, NULL, NULL, NULL, NULL, 1, NULL, NULL, NULL, 0, 1, 2.25, 'addiction', 'asset', 'automatic', NULL, 0, 0, 0, 0, 'Tax form buyer', 1656148838),
(439, 1015, NULL, NULL, NULL, NULL, NULL, NULL, NULL, NULL, 1, NULL, NULL, NULL, 0, 0, 45.50, 'addiction', 'income', 'automatic', NULL, 0, 0, 0, 0, 'Sales income', 1656148838),
(440, 1015, NULL, NULL, NULL, NULL, NULL, NULL, NULL, NULL, 1, NULL, NULL, NULL, 1, 0, 4.50, 'addiction', 'income', 'automatic', NULL, 0, 0, 0, 0, 'Seller commission', 1656148838),
(441, 995, NULL, NULL, NULL, NULL, NULL, NULL, NULL, NULL, 6, NULL, NULL, NULL, 0, 0, 17.00, 'deduction', 'asset', 'automatic', NULL, 0, 0, 0, 0, 'Paid form credit', 1656322658),
(442, 995, NULL, NULL, NULL, NULL, NULL, NULL, NULL, NULL, 6, NULL, NULL, NULL, 0, 1, 1.00, 'addiction', 'asset', 'automatic', NULL, 0, 0, 0, 0, 'Tax form buyer', 1656322658),
(443, 1, NULL, NULL, NULL, NULL, NULL, NULL, NULL, NULL, 6, NULL, NULL, NULL, 0, 0, 12.00, 'addiction', 'income', 'automatic', NULL, 0, 0, 0, 0, 'Sales income', 1656322658),
(444, 1, NULL, NULL, NULL, NULL, NULL, NULL, NULL, NULL, 6, NULL, NULL, NULL, 1, 0, 4.00, 'addiction', 'income', 'automatic', NULL, 0, 0, 0, 0, 'Seller commission', 1656322658),
(739, 870, NULL, NULL, 2022, NULL, NULL, NULL, NULL, NULL, NULL, NULL, 1, NULL, 0, 0, 80.00, 'addiction', 'income', 'automatic', NULL, 0, 0, 0, 0, 'Sales income', 1678915553),
(740, 870, NULL, NULL, 2022, NULL, NULL, NULL, NULL, NULL, NULL, NULL, NULL, NULL, 1, 0, 20.00, 'addiction', 'income', 'automatic', NULL, 0, 0, 0, 0, 'Seller commission', 1678915553),
(744, 979, NULL, 694, 2004, NULL, NULL, NULL, NULL, NULL, NULL, NULL, NULL, 6, 0, 0, 39.60, 'deduction', 'asset', 'automatic', NULL, 0, 0, 0, 0, 'Paid form credit', 1678919437),
(745, 979, NULL, 694, 2004, NULL, NULL, NULL, NULL, NULL, NULL, NULL, NULL, 6, 0, 1, 3.60, 'addiction', 'asset', 'automatic', NULL, 0, 0, 0, 0, 'Tax form buyer', 1678919437),
(746, 929, NULL, 694, 2004, NULL, NULL, NULL, NULL, NULL, NULL, NULL, NULL, NULL, 0, 0, 32.40, 'addiction', 'income', 'automatic', NULL, 0, 0, 0, 0, 'Sales income', 1678919437),
(747, 929, NULL, 694, 2004, NULL, NULL, NULL, NULL, NULL, NULL, NULL, NULL, NULL, 1, 0, 3.60, 'addiction', 'income', 'automatic', NULL, 0, 0, 0, 0, 'Seller commission', 1678919437),
(788, 995, NULL, NULL, NULL, NULL, NULL, NULL, NULL, NULL, NULL, NULL, NULL, NULL, 0, 0, 20.00, 'addiction', 'income', 'automatic', 1045, 1, 0, 0, 0, 'Affiliate income', 1678958778),
(789, 995, NULL, NULL, NULL, NULL, NULL, NULL, NULL, NULL, NULL, NULL, NULL, NULL, 1, 0, 20.00, 'deduction', 'income', 'automatic', 1045, 1, 0, 0, 0, 'Affiliate income', 1678958778),
(790, 1045, NULL, NULL, NULL, NULL, NULL, NULL, NULL, NULL, NULL, NULL, NULL, NULL, 0, 0, 10.00, 'addiction', 'income', 'automatic', NULL, 1, 0, 0, 0, 'Affiliate income', 1678958778),
(791, 1045, NULL, NULL, NULL, NULL, NULL, NULL, NULL, NULL, NULL, NULL, NULL, NULL, 1, 0, 10.00, 'deduction', 'income', 'automatic', NULL, 1, 0, 0, 0, 'Affiliate income', 1678958778),
(792, 1045, 1, NULL, NULL, NULL, NULL, NULL, NULL, NULL, NULL, NULL, NULL, NULL, 0, 0, 150.00, 'addiction', 'asset', 'manual', NULL, 0, 0, 0, 0, 'test', 1678959187),
(793, 1045, NULL, 701, 2022, NULL, NULL, NULL, NULL, NULL, NULL, NULL, NULL, NULL, 0, 0, 110.00, 'deduction', 'asset', 'automatic', NULL, 0, 0, 0, 0, 'Paid form credit', 1678959222),
(794, 1045, NULL, 701, 2022, NULL, NULL, NULL, NULL, NULL, NULL, NULL, NULL, NULL, 0, 1, 10.00, 'addiction', 'asset', 'automatic', NULL, 0, 0, 0, 0, 'Tax form buyer', 1678959222),
(795, 870, NULL, 701, 2022, NULL, NULL, NULL, NULL, NULL, NULL, NULL, NULL, NULL, 0, 0, 80.00, 'addiction', 'income', 'automatic', NULL, 0, 0, 0, 0, 'Sales income', 1678959222),
(796, 870, NULL, 701, 2022, NULL, NULL, NULL, NULL, NULL, NULL, NULL, NULL, NULL, 1, 0, 15.00, 'addiction', 'income', 'automatic', NULL, 0, 0, 0, 0, 'Seller commission', 1678959222),
(797, 995, NULL, 701, 2022, NULL, NULL, NULL, NULL, NULL, NULL, NULL, NULL, NULL, 0, 0, 5.00, 'addiction', 'income', 'automatic', 1045, 0, 1, 0, 0, 'Affiliate income', 1678959222),
(798, 995, NULL, NULL, NULL, NULL, NULL, NULL, NULL, NULL, NULL, NULL, NULL, NULL, 0, 0, 20.00, 'addiction', 'income', 'automatic', 1046, 1, 0, 0, 0, 'Affiliate income', 1678959533),
(799, 995, NULL, NULL, NULL, NULL, NULL, NULL, NULL, NULL, NULL, NULL, NULL, NULL, 1, 0, 20.00, 'deduction', 'income', 'automatic', 1046, 1, 0, 0, 0, 'Affiliate income', 1678959533),
(800, 1046, NULL, NULL, NULL, NULL, NULL, NULL, NULL, NULL, NULL, NULL, NULL, NULL, 0, 0, 10.00, 'addiction', 'income', 'automatic', NULL, 1, 0, 0, 0, 'Affiliate income', 1678959533),
(801, 1046, NULL, NULL, NULL, NULL, NULL, NULL, NULL, NULL, NULL, NULL, NULL, NULL, 1, 0, 10.00, 'deduction', 'income', 'automatic', NULL, 1, 0, 0, 0, 'Affiliate income', 1678959533),
(805, 930, NULL, 703, 2004, NULL, NULL, NULL, NULL, NULL, NULL, NULL, NULL, NULL, 0, 0, 39.60, 'deduction', 'asset', 'automatic', NULL, 0, 0, 0, 0, 'Paid form credit', 1678961218),
(806, 930, NULL, 703, 2004, NULL, NULL, NULL, NULL, NULL, NULL, NULL, NULL, NULL, 0, 1, 3.60, 'addiction', 'asset', 'automatic', NULL, 0, 0, 0, 0, 'Tax form buyer', 1678961218),
(807, 929, NULL, 703, 2004, NULL, NULL, NULL, NULL, NULL, NULL, NULL, NULL, NULL, 0, 0, 32.40, 'addiction', 'income', 'automatic', NULL, 0, 0, 0, 0, 'Sales income', 1678961218),
(808, 929, NULL, 703, 2004, NULL, NULL, NULL, NULL, NULL, NULL, NULL, NULL, NULL, 1, 0, 3.60, 'addiction', 'income', 'automatic', NULL, 0, 0, 0, 0, 'Seller commission', 1678961218),
(809, 930, NULL, 703, 2004, NULL, NULL, NULL, NULL, NULL, NULL, NULL, NULL, NULL, 0, 0, 3.60, 'addiction', 'asset', 'automatic', NULL, 0, 0, 0, 1, 'Cashback For Course', 1678961218),
(810, 930, NULL, 703, 2004, NULL, NULL, NULL, NULL, NULL, NULL, NULL, NULL, NULL, 1, 0, 3.60, 'deduction', 'asset', 'automatic', NULL, 0, 0, 0, 1, 'Cashback For Course', 1678961218),
(812, 870, NULL, NULL, 2022, NULL, NULL, NULL, NULL, NULL, NULL, NULL, NULL, NULL, 1, 0, 20.00, 'addiction', 'income', 'automatic', NULL, 0, 0, 0, 0, 'Seller commission', 1678961558),
(816, 979, NULL, 704, NULL, NULL, NULL, NULL, NULL, NULL, NULL, NULL, NULL, NULL, 0, 0, 3.00, 'addiction', 'asset', 'automatic', NULL, 0, 0, 0, 1, NULL, 1678961652),
(817, 979, NULL, 704, NULL, NULL, NULL, NULL, NULL, NULL, NULL, NULL, NULL, NULL, 1, 0, 3.00, 'deduction', 'asset', 'automatic', NULL, 0, 0, 0, 1, NULL, 1678961652),
(818, 1045, NULL, 705, 2000, NULL, NULL, NULL, NULL, NULL, NULL, NULL, NULL, NULL, 0, 0, 33.00, 'deduction', 'asset', 'automatic', NULL, 0, 0, 0, 0, 'Paid form credit', 1679088431),
(819, 1045, NULL, 705, 2000, NULL, NULL, NULL, NULL, NULL, NULL, NULL, NULL, NULL, 0, 1, 3.00, 'addiction', 'asset', 'automatic', NULL, 0, 0, 0, 0, 'Tax form buyer', 1679088431),
(820, 867, NULL, 705, 2000, NULL, NULL, NULL, NULL, NULL, NULL, NULL, NULL, NULL, 0, 0, 24.00, 'addiction', 'income', 'automatic', NULL, 0, 0, 0, 0, 'Sales income', 1679088431),
(821, 867, NULL, 705, 2000, NULL, NULL, NULL, NULL, NULL, NULL, NULL, NULL, NULL, 1, 0, 4.50, 'addiction', 'income', 'automatic', NULL, 0, 0, 0, 0, 'Seller commission', 1679088431),
(822, 995, NULL, 705, 2000, NULL, NULL, NULL, NULL, NULL, NULL, NULL, NULL, NULL, 0, 0, 1.50, 'addiction', 'income', 'automatic', 1045, 0, 1, 0, 0, 'Affiliate income', 1679088431),
(823, 1045, NULL, 705, 2000, NULL, NULL, NULL, NULL, NULL, NULL, NULL, NULL, NULL, 0, 0, 3.00, 'addiction', 'asset', 'automatic', NULL, 0, 0, 0, 1, 'Cashback For Course', 1679088431),
(824, 1045, NULL, 705, 2000, NULL, NULL, NULL, NULL, NULL, NULL, NULL, NULL, NULL, 1, 0, 3.00, 'deduction', 'asset', 'automatic', NULL, 0, 0, 0, 1, 'Cashback For Course', 1679088431),
(828, 995, NULL, 706, NULL, NULL, NULL, NULL, NULL, NULL, NULL, NULL, NULL, NULL, 0, 0, 3.00, 'addiction', 'asset', 'automatic', NULL, 0, 0, 0, 1, NULL, 1685783051),
(829, 995, NULL, 706, NULL, NULL, NULL, NULL, NULL, NULL, NULL, NULL, NULL, NULL, 1, 0, 3.00, 'deduction', 'asset', 'automatic', NULL, 0, 0, 0, 1, NULL, 1685783051),
(830, 870, NULL, NULL, 2022, NULL, NULL, NULL, NULL, NULL, NULL, NULL, 1, NULL, 0, 0, 80.00, 'addiction', 'income', 'automatic', NULL, 0, 0, 0, 0, 'Sales income', 1685783075),
(831, 870, NULL, NULL, 2022, NULL, NULL, NULL, NULL, NULL, NULL, NULL, NULL, NULL, 1, 0, 20.00, 'addiction', 'income', 'automatic', NULL, 0, 0, 0, 0, 'Seller commission', 1685783075),
(835, 930, NULL, 707, NULL, NULL, NULL, NULL, NULL, NULL, NULL, NULL, NULL, NULL, 0, 0, 3.00, 'addiction', 'asset', 'automatic', NULL, 0, 0, 0, 1, NULL, 1685783153),
(836, 930, NULL, 707, NULL, NULL, NULL, NULL, NULL, NULL, NULL, NULL, NULL, NULL, 1, 0, 3.00, 'deduction', 'asset', 'automatic', NULL, 0, 0, 0, 1, NULL, 1685783153);

-- --------------------------------------------------------

--
-- Table structure for table `advertising_banners`
--

CREATE TABLE `advertising_banners` (
  `id` int UNSIGNED NOT NULL,
  `position` enum('home1','home2','course','course_sidebar','product_show','bundle','bundle_sidebar') CHARACTER SET utf8mb4 COLLATE utf8mb4_unicode_ci NOT NULL,
  `size` int UNSIGNED NOT NULL DEFAULT '12',
  `link` varchar(255) CHARACTER SET utf8mb4 COLLATE utf8mb4_unicode_ci NOT NULL,
  `published` tinyint(1) NOT NULL DEFAULT '0',
  `created_at` int UNSIGNED NOT NULL
) ENGINE=InnoDB DEFAULT CHARSET=utf8mb4 COLLATE=utf8mb4_unicode_ci ROW_FORMAT=DYNAMIC;

--
-- Dumping data for table `advertising_banners`
--

INSERT INTO `advertising_banners` (`id`, `position`, `size`, `link`, `published`, `created_at`) VALUES
(2, 'home1', 12, '/login', 1, 1607885353),
(3, 'home2', 6, '/certificate_validation', 1, 1607885656),
(4, 'home2', 6, '/register', 1, 1607885681),
(6, 'course_sidebar', 12, '/instructors', 1, 1607886391),
(7, 'course_sidebar', 12, '/certificate_validation', 1, 1607886440),
(8, 'product_show', 12, '/products', 1, 1656569687),
(9, 'bundle_sidebar', 12, '/classes?type[]=bundle', 1, 1656571896);

-- --------------------------------------------------------

--
-- Table structure for table `advertising_banners_translations`
--

CREATE TABLE `advertising_banners_translations` (
  `id` int UNSIGNED NOT NULL,
  `advertising_banner_id` int UNSIGNED NOT NULL,
  `locale` varchar(255) CHARACTER SET utf8mb4 COLLATE utf8mb4_unicode_ci NOT NULL,
  `title` varchar(255) CHARACTER SET utf8mb4 COLLATE utf8mb4_unicode_ci NOT NULL,
  `image` varchar(255) CHARACTER SET utf8mb4 COLLATE utf8mb4_unicode_ci NOT NULL
) ENGINE=InnoDB DEFAULT CHARSET=utf8mb4 COLLATE=utf8mb4_unicode_ci;

--
-- Dumping data for table `advertising_banners_translations`
--

INSERT INTO `advertising_banners_translations` (`id`, `advertising_banner_id`, `locale`, `title`, `image`) VALUES
(1, 2, 'en', 'Home - Join as instructor', '/store/1/default_images/banners/become_instructor_banner.png'),
(2, 3, 'en', 'Certificate validation - Home', '/store/1/default_images/banners/validate_certificates_banner.png'),
(3, 4, 'en', 'Reserve a meeting - Home', '/store/1/default_images/banners/reserve_a_meeting.png'),
(4, 6, 'en', 'Reserve a meeting - Course page', '/store/1/default_images/banners/reserve_a_meeting.png'),
(5, 7, 'en', 'Certificate validation - Course page', '/store/1/default_images/banners/validate_certificates_banner.png'),
(7, 2, 'ar', 'الصفحة الرئيسية - انضم كمدرس', '/store/1/default_images/banners/become_instructor_banner_ar.png'),
(8, 2, 'es', 'Inicio - Únete como instructora', '/store/1/default_images/banners/become_instructor_banner_es.png'),
(9, 3, 'ar', 'التحقق من صحة الشهادة - الصفحة الرئيسية', '/store/1/default_images/banners/validate_certificates_banner_ar.png'),
(10, 3, 'es', 'Validación de certificados - Inicio', '/store/1/default_images/banners/validate_certificates_banner_es.png'),
(11, 4, 'ar', 'حجز اجتماع - الصفحة الرئيسية', '/store/1/default_images/banners/reserve_a_meeting_ar.png'),
(12, 4, 'es', 'Reservar una reunión - Inicio', '/store/1/default_images/banners/reserve_a_meeting_es.png'),
(13, 6, 'ar', 'حجز اجتماع - صفحة الدورة', '/store/1/default_images/banners/reserve_a_meeting_ar.png'),
(14, 6, 'es', 'Reservar una reunión - página del curso', '/store/1/default_images/banners/reserve_a_meeting_es.png'),
(15, 7, 'ar', 'التحقق من صحة الشهادة - صفحة الدورة', '/store/1/default_images/banners/validate_certificates_banner_ar.png'),
(16, 7, 'es', 'Validación del certificado - página del curso', '/store/1/default_images/banners/validate_certificates_banner_es.png'),
(17, 8, 'en', 'Store - Product page', '/store/1/default_images/banners/store_en.png'),
(18, 8, 'ar', 'المتجر - صفحة المنتج', '/store/1/default_images/banners/store_ar.png'),
(19, 8, 'es', 'Tienda - Página del producto', '/store/1/default_images/banners/store_es.png'),
(20, 9, 'en', 'Course Bundle - Sidebar', '/store/1/default_images/banners/bundle_en.png'),
(21, 9, 'ar', 'حزمة الدورة - الشريط الجانبي', '/store/1/default_images/banners/bundle_ar.png'),
(22, 9, 'es', 'Paquete de cursos - Barra lateral', '/store/1/default_images/banners/bundle_es.png');

-- --------------------------------------------------------

--
-- Table structure for table `affiliates`
--

CREATE TABLE `affiliates` (
  `id` int UNSIGNED NOT NULL,
  `affiliate_user_id` int UNSIGNED NOT NULL,
  `referred_user_id` int UNSIGNED NOT NULL,
  `created_at` int UNSIGNED NOT NULL
) ENGINE=InnoDB DEFAULT CHARSET=utf8mb4 COLLATE=utf8mb4_unicode_ci;

--
-- Dumping data for table `affiliates`
--

INSERT INTO `affiliates` (`id`, `affiliate_user_id`, `referred_user_id`, `created_at`) VALUES
(1, 1015, 1017, 1639378855),
(14, 995, 1045, 1678958778),
(15, 995, 1046, 1678959533);

-- --------------------------------------------------------

--
-- Table structure for table `affiliates_codes`
--

CREATE TABLE `affiliates_codes` (
  `id` int UNSIGNED NOT NULL,
  `user_id` int UNSIGNED NOT NULL,
  `code` varchar(32) CHARACTER SET utf8mb4 COLLATE utf8mb4_unicode_ci NOT NULL,
  `created_at` int UNSIGNED NOT NULL
) ENGINE=InnoDB DEFAULT CHARSET=utf8mb4 COLLATE=utf8mb4_unicode_ci;

--
-- Dumping data for table `affiliates_codes`
--

INSERT INTO `affiliates_codes` (`id`, `user_id`, `code`, `created_at`) VALUES
(2, 995, '422536', 1635366391),
(3, 996, '442769', 1635420731),
(4, 1015, '822047', 1639378662);

-- --------------------------------------------------------

--
-- Table structure for table `ai_contents`
--

CREATE TABLE `ai_contents` (
  `id` int UNSIGNED NOT NULL,
  `user_id` int UNSIGNED NOT NULL,
  `service_type` enum('text','image') CHARACTER SET utf8mb4 COLLATE utf8mb4_unicode_ci NOT NULL,
  `service_id` int UNSIGNED DEFAULT NULL,
  `keyword` varchar(255) CHARACTER SET utf8mb4 COLLATE utf8mb4_unicode_ci DEFAULT NULL,
  `language` varchar(255) CHARACTER SET utf8mb4 COLLATE utf8mb4_unicode_ci DEFAULT NULL,
  `prompt` text CHARACTER SET utf8mb4 COLLATE utf8mb4_unicode_ci,
  `result` text CHARACTER SET utf8mb4 COLLATE utf8mb4_unicode_ci,
  `created_at` bigint UNSIGNED NOT NULL
) ENGINE=InnoDB DEFAULT CHARSET=utf8mb4 COLLATE=utf8mb4_unicode_ci;

--
-- Dumping data for table `ai_contents`
--

INSERT INTO `ai_contents` (`id`, `user_id`, `service_type`, `service_id`, `keyword`, `language`, `prompt`, `result`, `created_at`) VALUES
(1, 1, 'text', 5, 'Laravel', 'English', 'Generate a text with the Laravel subject in English language with less than 100 word for a blog short description.', '{\"text\":\"Discover the power of Laravel \\u2013 an elegant and intuitive PHP framework designed for web artisans. With its extensive set of tools and libraries, Laravel empowers developers to create robust and scalable web applications with ease. Whether you\\u2019re a beginner or a seasoned professional, delve into the world of Laravel and unlock unparalleled efficiency and productivity in your coding journey. Join us as we explore the wonders of Laravel and its seamless integration capabilities, making web development a breeze.\",\"images\":[]}', 1694943786),
(2, 1015, 'text', 2, 'Photoshop', 'English', 'Generate a text with the Photoshop subject in English language with less than 40 word.', '{\"text\":\"\\\"Learn Photoshop to create stunning graphics, edit images, and design captivating visuals like a pro. Enhance your skills with tools like layers, filters, and blending modes, and unleash your creativity with endless possibilities in the world of digital art.\\\"\",\"images\":[]}', 1694943916),
(4, 1015, 'image', 7, 'Solar Energy', 'English', 'Generate an image with the Solar Energy subject.', '{\"text\":null,\"images\":[\"https:\\/\\/oaidalleapiprodscus.blob.core.windows.net\\/private\\/org-GBuDNNbkAYzVp9PHiPsBuZQ0\\/user-pJ94XsEfNjj0eLFo1wAdIwaZ\\/img-ZJvNYiEHIhmNhSpwLOM3ACQ7.png?st=2023-09-17T08%3A54%3A47Z&se=2023-09-17T10%3A54%3A47Z&sp=r&sv=2021-08-06&sr=b&rscd=inline&rsct=image\\/png&skoid=6aaadede-4fb3-4698-a8f6-684d7786b067&sktid=a48cca56-e6da-484e-a814-9c849652bcb3&skt=2023-09-16T23%3A11%3A34Z&ske=2023-09-17T23%3A11%3A34Z&sks=b&skv=2021-08-06&sig=mpGi\\/cRB0RQGPdGeubJnAE4K92tkBam16iV4VLKrd%2BU%3D\"]}', 1694944488),
(5, 870, 'image', 7, 'Health And Fitness', 'English', 'Generate an image with the Health And Fitness subject.', '{\"text\":null,\"images\":[\"https:\\/\\/oaidalleapiprodscus.blob.core.windows.net\\/private\\/org-GBuDNNbkAYzVp9PHiPsBuZQ0\\/user-pJ94XsEfNjj0eLFo1wAdIwaZ\\/img-DwaSM7I2pREUcycrl5CqeBFj.png?st=2023-09-17T08%3A59%3A21Z&se=2023-09-17T10%3A59%3A21Z&sp=r&sv=2021-08-06&sr=b&rscd=inline&rsct=image\\/png&skoid=6aaadede-4fb3-4698-a8f6-684d7786b067&sktid=a48cca56-e6da-484e-a814-9c849652bcb3&skt=2023-09-16T23%3A09%3A38Z&ske=2023-09-17T23%3A09%3A38Z&sks=b&skv=2021-08-06&sig=ajGTGay2jhn\\/%2BwFUkllhoWCTCDBhifM2Ux3K5yghpeA%3D\"]}', 1694944761),
(6, 870, 'text', 2, 'Fitness', 'English', 'Generate a text with the Fitness subject in English language with less than 40 word.', '{\"text\":\"\\\"Regular exercise is crucial for maintaining a healthy lifestyle. It improves cardiovascular health, boosts mental wellbeing, and enhances overall strength and endurance. Don\'t underestimate the power of staying fit!\\\"\",\"images\":[]}', 1694944995),
(7, 870, 'image', 7, 'Gym', 'English', 'Generate an image with the Gym subject.', '{\"text\":null,\"images\":[\"https:\\/\\/oaidalleapiprodscus.blob.core.windows.net\\/private\\/org-GBuDNNbkAYzVp9PHiPsBuZQ0\\/user-pJ94XsEfNjj0eLFo1wAdIwaZ\\/img-fXlKAqDK3czIYoRwrWMbyBTY.png?st=2023-09-17T09%3A03%3A51Z&se=2023-09-17T11%3A03%3A51Z&sp=r&sv=2021-08-06&sr=b&rscd=inline&rsct=image\\/png&skoid=6aaadede-4fb3-4698-a8f6-684d7786b067&sktid=a48cca56-e6da-484e-a814-9c849652bcb3&skt=2023-09-16T23%3A16%3A02Z&ske=2023-09-17T23%3A16%3A02Z&sks=b&skv=2021-08-06&sig=0f%2BXJgBKuXWbutQOE\\/ZThK6a27Hg2rofDll2VW2CRDM%3D\"]}', 1694945031);

-- --------------------------------------------------------

--
-- Table structure for table `ai_content_templates`
--

CREATE TABLE `ai_content_templates` (
  `id` int UNSIGNED NOT NULL,
  `type` enum('text','image') CHARACTER SET utf8mb4 COLLATE utf8mb4_unicode_ci NOT NULL,
  `enable_length` tinyint(1) NOT NULL DEFAULT '0',
  `length` int UNSIGNED DEFAULT NULL,
  `image_size` enum('256','512','1024') CHARACTER SET utf8mb4 COLLATE utf8mb4_unicode_ci DEFAULT NULL,
  `enable` tinyint(1) NOT NULL DEFAULT '0',
  `created_at` bigint UNSIGNED NOT NULL
) ENGINE=InnoDB DEFAULT CHARSET=utf8mb4 COLLATE=utf8mb4_unicode_ci;

--
-- Dumping data for table `ai_content_templates`
--

INSERT INTO `ai_content_templates` (`id`, `type`, `enable_length`, `length`, `image_size`, `enable`, `created_at`) VALUES
(1, 'text', 1, 5, NULL, 1, 1694939030),
(2, 'text', 1, 40, NULL, 1, 1694940999),
(3, 'text', 1, 300, NULL, 1, 1694941070),
(4, 'text', 1, 5, NULL, 1, 1694941199),
(5, 'text', 1, 100, NULL, 1, 1694941500),
(6, 'text', 1, 300, NULL, 1, 1694941560),
(7, 'image', 0, NULL, '512', 1, 1694942113),
(8, 'text', 1, 160, NULL, 1, 1694942972),
(9, 'text', 1, 160, NULL, 1, 1694970677),
(10, 'text', 1, 300, NULL, 1, 1694970808),
(11, 'text', 1, 150, NULL, 1, 1694971282),
(12, 'text', 0, NULL, NULL, 1, 1694994114),
(13, 'text', 0, NULL, NULL, 1, 1694994456),
(14, 'text', 1, 200, NULL, 1, 1694994762),
(15, 'text', 1, 200, NULL, 1, 1694995011),
(16, 'text', 1, 300, NULL, 1, 1694995299),
(17, 'text', 1, 100, NULL, 1, 1694995502),
(18, 'text', 1, 5, NULL, 1, 1695024064),
(19, 'text', 1, 300, NULL, 1, 1695024166),
(20, 'text', 1, 160, NULL, 1, 1695024265);

-- --------------------------------------------------------

--
-- Table structure for table `ai_content_template_translations`
--

CREATE TABLE `ai_content_template_translations` (
  `id` int UNSIGNED NOT NULL,
  `ai_content_template_id` int UNSIGNED NOT NULL,
  `locale` varchar(191) CHARACTER SET utf8mb4 COLLATE utf8mb4_unicode_ci NOT NULL,
  `title` varchar(255) CHARACTER SET utf8mb4 COLLATE utf8mb4_unicode_ci NOT NULL,
  `prompt` text CHARACTER SET utf8mb4 COLLATE utf8mb4_unicode_ci
) ENGINE=InnoDB DEFAULT CHARSET=utf8mb4 COLLATE=utf8mb4_unicode_ci;

--
-- Dumping data for table `ai_content_template_translations`
--

INSERT INTO `ai_content_template_translations` (`id`, `ai_content_template_id`, `locale`, `title`, `prompt`) VALUES
(1, 1, 'en', 'Course Title', 'Generate a text with the [keyword] subject in [language] language with less than [length] word for a course title.'),
(2, 2, 'en', 'Course Short Description', 'Generate a text with the [keyword] subject in the [language] language with less than [length] words.'),
(3, 3, 'en', 'Course Long Description', 'Generate a text with the [keyword] subject in the [language] language with less than [length] words.'),
(4, 4, 'en', 'Blog Title', 'Generate a text with the [keyword] subject in the [language] language with less than [length] words for a blog title.'),
(5, 5, 'en', 'Blog Short Description', 'Generate a text with the [keyword] subject in the [language] language with less than [length] words for a blog short description.'),
(6, 6, 'en', 'Blog Long Description', 'Generate a text with the [keyword] subject in the [language] language with less than [length] words for a blog description.'),
(7, 7, 'en', 'Genrate Image', 'Generate an image with the [keyword] subject.'),
(8, 8, 'en', 'Course SEO Description', 'Generate a text with the [keyword] subject in the [language] language with less than [length] words for a course SEO description.'),
(9, 9, 'en', 'Blog SEO Description', 'Generate a text with the [keyword] subject in the [language] language with less than [length] words for a blog SEO description.'),
(10, 10, 'en', 'Upcoming Course Description', 'Generate a text with the [keyword] subject in the [language] language with less than [length] words for an upcoming course.'),
(11, 11, 'en', 'Quiz Question', 'Generate a question with the [keyword] subject in the [language] language with less than [length] words.'),
(12, 12, 'en', 'Generate FAQ', 'Generate a faq with the [keyword] subject in the [keyword] language.'),
(13, 13, 'en', 'Course Requirements', 'Generate requirements for a course with [keyword] subject in [language].'),
(14, 14, 'en', 'Form Description', 'Generate a text with the [keyword] subject in the [language] language with less than [length] words for a form description.'),
(15, 15, 'en', 'Course Advertising Description', 'Generate a text with the [keyword] subject in [language] with less than [length] words for a course advertising description.'),
(16, 16, 'en', '\"About Us\" Page Description', 'Generate a text with the [keyword] subject in [language] with less than [length] words for the \"About Us\" page description.'),
(17, 17, 'en', 'Generate Notice', 'Generate a text with the [keyword] subject in [language] with less than [length] words for notice.'),
(18, 18, 'en', 'Store Product Title', 'Generate a text with the [keyword] subject in [language] language with less than [length] word for a product title.'),
(19, 19, 'en', 'Store Product Description', 'Generate a text with the [keyword] subject in the [language] language with less than [length] words for a store product description.'),
(20, 20, 'en', 'Store Product SEO Description', 'Generate a text with the [keyword] subject in the [language] language with less than [length] words for a store product  SEO description.');

-- --------------------------------------------------------

--
-- Table structure for table `badges`
--

CREATE TABLE `badges` (
  `id` int UNSIGNED NOT NULL,
  `image` varchar(255) CHARACTER SET utf8mb4 COLLATE utf8mb4_unicode_ci NOT NULL,
  `type` enum('register_date','course_count','course_rate','sale_count','support_rate','product_sale_count','make_topic','send_post_in_topic','instructor_blog') CHARACTER SET utf8mb4 COLLATE utf8mb4_unicode_ci NOT NULL,
  `condition` varchar(128) CHARACTER SET utf8mb4 COLLATE utf8mb4_unicode_ci NOT NULL,
  `score` int DEFAULT NULL,
  `created_at` int UNSIGNED NOT NULL
) ENGINE=InnoDB DEFAULT CHARSET=utf8mb4 COLLATE=utf8mb4_unicode_ci ROW_FORMAT=DYNAMIC;

--
-- Dumping data for table `badges`
--

INSERT INTO `badges` (`id`, `image`, `type`, `condition`, `score`, `created_at`) VALUES
(21, '/store/1/default_images/badges/new_user.png', 'register_date', '{\"from\":\"1\",\"to\":\"30\"}', 5, 1625553769),
(22, '/store/1/default_images/badges/loyal_user.png', 'register_date', '{\"from\":\"31\",\"to\":\"365\"}', 10, 1625554171),
(23, '/store/1/default_images/badges/faithful_user.png', 'register_date', '{\"from\":\"365\",\"to\":\"1000\"}', 15, 1625554495),
(24, '/store/1/default_images/badges/junior_vendor.png', 'course_count', '{\"from\":\"1\",\"to\":\"1\"}', 10, 1625554772),
(25, '/store/1/default_images/badges/senior_vendor.png', 'course_count', '{\"from\":\"2\",\"to\":\"2\"}', 20, 1625554960),
(26, '/store/1/default_images/badges/expert_vendor.png', 'course_count', '{\"from\":\"3\",\"to\":\"6\"}', 30, 1625555421),
(27, '/store/1/default_images/badges/bronze_classes.png', 'course_rate', '{\"from\":\"2\",\"to\":\"3\"}', NULL, 1625556048),
(28, '/store/1/default_images/badges/silver_classes.png', 'course_rate', '{\"from\":\"3\",\"to\":\"4\"}', 10, 1625556159),
(29, '/store/1/default_images/badges/golden_classes.png', 'course_rate', '{\"from\":\"4\",\"to\":\"5\"}', 50, 1625556284),
(30, '/store/1/default_images/badges/best_seller.png', 'sale_count', '{\"from\":\"1\",\"to\":\"2\"}', NULL, 1625557021),
(31, '/store/1/default_images/badges/top_seller.png', 'sale_count', '{\"from\":\"3\",\"to\":\"9\"}', 20, 1625557247),
(32, '/store/1/default_images/badges/king_seller.png', 'sale_count', '{\"from\":\"10\",\"to\":\"20\"}', 50, 1625558061),
(33, '/store/1/default_images/badges/good_support.png', 'support_rate', '{\"from\":\"2\",\"to\":\"3\"}', NULL, 1625558473),
(34, '/store/1/default_images/badges/amazing_support.png', 'support_rate', '{\"from\":\"3\",\"to\":\"4\"}', NULL, 1625558682),
(35, '/store/1/default_images/badges/fantastic_support.png', 'support_rate', '{\"from\":\"4\",\"to\":\"5\"}', 20, 1625558892),
(36, '/store/1/default_images/badges/Best Store Seller.svg', 'product_sale_count', '{\"from\":\"5\",\"to\":\"9\"}', 5, 1656145531),
(37, '/store/1/default_images/badges/King Store Seller.svg', 'product_sale_count', '{\"from\":\"10\",\"to\":\"15\"}', 10, 1656145677),
(38, '/store/1/default_images/badges/Forums Top User.svg', 'make_topic', '{\"from\":\"1\",\"to\":\"5\"}', 10, 1656145989),
(39, '/store/1/default_images/badges/Forums Best User.svg', 'make_topic', '{\"from\":\"6\",\"to\":\"10\"}', 15, 1656146136),
(40, '/store/1/default_images/badges/Loyal Writer.svg', 'instructor_blog', '{\"from\":\"5\",\"to\":\"10\"}', 20, 1656146397),
(41, '/store/1/default_images/badges/Forums Loyal User.svg', 'send_post_in_topic', '{\"from\":\"20\",\"to\":\"30\"}', 10, 1656146689);

-- --------------------------------------------------------

--
-- Table structure for table `badge_translations`
--

CREATE TABLE `badge_translations` (
  `id` bigint UNSIGNED NOT NULL,
  `badge_id` int UNSIGNED NOT NULL,
  `locale` varchar(255) CHARACTER SET utf8mb4 COLLATE utf8mb4_unicode_ci NOT NULL,
  `title` varchar(255) CHARACTER SET utf8mb4 COLLATE utf8mb4_unicode_ci NOT NULL,
  `description` text CHARACTER SET utf8mb4 COLLATE utf8mb4_unicode_ci NOT NULL
) ENGINE=InnoDB DEFAULT CHARSET=utf8mb4 COLLATE=utf8mb4_unicode_ci;

--
-- Dumping data for table `badge_translations`
--

INSERT INTO `badge_translations` (`id`, `badge_id`, `locale`, `title`, `description`) VALUES
(1, 21, 'en', 'New User', '1 Month of Membership'),
(2, 22, 'en', 'Loyal User', '1 year of Membership'),
(3, 23, 'en', 'Faithful User', 'Old Membership'),
(4, 24, 'en', 'Junior Vendor', 'Has 1 Class'),
(5, 25, 'en', 'Senior Vendor', 'Has 2 Classes'),
(6, 26, 'en', 'Expert Vendor', 'Has 3 to 6 Classes'),
(7, 27, 'en', 'Bronze Classes', 'Classes Rating from 2 to 3'),
(8, 28, 'en', 'Silver Classes', 'Classes Rating from 3 to 4'),
(9, 29, 'en', 'Golden Classes', 'Classes Rating from 4 to 5'),
(10, 30, 'en', 'Best Seller', 'Classes Sales from 1 to 2'),
(11, 31, 'en', 'Top Seller', 'Classes Sales from 3 to 9'),
(12, 32, 'en', 'King Seller', 'Classes Sales from 10 to 20'),
(13, 33, 'en', 'Good Support', 'Support Rating from 2 to 3'),
(14, 34, 'en', 'Amazing Support', 'Support Rating from 3 to 4'),
(15, 35, 'en', 'Fantastic Support', 'Support Rating from 4 to 5'),
(16, 36, 'en', 'Store Best Seller', 'Store Products Sales from 1 to 5'),
(17, 37, 'en', 'Store King Seller', 'Store Products Sales from 6 to 15'),
(18, 38, 'en', 'Forums Top User', 'Has 2 to 5 Topics'),
(19, 39, 'en', 'Forums Best User', 'Has 6 to 10 Topics'),
(20, 40, 'en', 'Loyal Writer', 'Has 5 to 10 Articles'),
(21, 41, 'en', 'Forum Loyal User', 'Has 20 to 30 Posts in Forums');

-- --------------------------------------------------------

--
-- Table structure for table `become_instructors`
--

CREATE TABLE `become_instructors` (
  `id` int UNSIGNED NOT NULL,
  `user_id` int UNSIGNED NOT NULL,
  `role` enum('teacher','organization') CHARACTER SET utf8mb4 COLLATE utf8mb4_unicode_ci NOT NULL,
  `package_id` int UNSIGNED DEFAULT NULL,
  `certificate` varchar(255) CHARACTER SET utf8mb4 COLLATE utf8mb4_unicode_ci DEFAULT NULL,
  `description` text CHARACTER SET utf8mb4 COLLATE utf8mb4_unicode_ci,
  `status` enum('pending','accept','reject') CHARACTER SET utf8mb4 COLLATE utf8mb4_unicode_ci NOT NULL DEFAULT 'pending',
  `created_at` int UNSIGNED NOT NULL
) ENGINE=InnoDB DEFAULT CHARSET=utf8mb4 COLLATE=utf8mb4_unicode_ci ROW_FORMAT=DYNAMIC;

--
-- Dumping data for table `become_instructors`
--

INSERT INTO `become_instructors` (`id`, `user_id`, `role`, `package_id`, `certificate`, `description`, `status`, `created_at`) VALUES
(5, 930, 'teacher', 2, '/store/930/certificate.jpg', 'I taught design in London for two years.', 'pending', 1626242477),
(6, 859, 'organization', 4, '/store/859/certificate.jpg', 'We have 3 years of experience in advanced sewing training.', 'pending', 1646387556);

-- --------------------------------------------------------

--
-- Table structure for table `blog`
--

CREATE TABLE `blog` (
  `id` int UNSIGNED NOT NULL,
  `category_id` int UNSIGNED DEFAULT NULL,
  `author_id` int UNSIGNED NOT NULL,
  `slug` varchar(255) CHARACTER SET utf8mb4 COLLATE utf8mb4_unicode_ci NOT NULL,
  `image` varchar(255) CHARACTER SET utf8mb4 COLLATE utf8mb4_unicode_ci NOT NULL,
  `visit_count` int UNSIGNED DEFAULT '0',
  `enable_comment` tinyint(1) NOT NULL DEFAULT '1',
  `status` enum('pending','publish') CHARACTER SET utf8mb4 COLLATE utf8mb4_unicode_ci NOT NULL DEFAULT 'pending',
  `created_at` int UNSIGNED NOT NULL,
  `updated_at` int UNSIGNED DEFAULT NULL
) ENGINE=InnoDB DEFAULT CHARSET=utf8mb4 COLLATE=utf8mb4_unicode_ci ROW_FORMAT=DYNAMIC;

--
-- Dumping data for table `blog`
--

INSERT INTO `blog` (`id`, `category_id`, `author_id`, `slug`, `image`, `visit_count`, `enable_comment`, `status`, `created_at`, `updated_at`) VALUES
(22, 34, 1, 'Better-Relationship-Between-You-and-Your-Student-s-Parent', '/store/1/default_images/blogs/blog2.jpg', 362, 1, 'publish', 1625093279, 1750158838),
(23, 34, 1, '3-Laws-to-Become-a-Straight-A-Student', '/store/1014/blog3.jpg', 326, 1, 'publish', 1625094412, 1750158304),
(28, 34, 1, 'What-Is-a-Good-IELTS-Score', '/store/1/default_images/blogs/Good-IELTS-Score-Header-1.jpg', 321, 1, 'publish', 1745753740, 1750157885);

-- --------------------------------------------------------

--
-- Table structure for table `blog_categories`
--

CREATE TABLE `blog_categories` (
  `id` int UNSIGNED NOT NULL,
  `slug` varchar(255) CHARACTER SET utf8mb4 COLLATE utf8mb4_unicode_ci NOT NULL
) ENGINE=InnoDB DEFAULT CHARSET=utf8mb4 COLLATE=utf8mb4_unicode_ci ROW_FORMAT=DYNAMIC;

--
-- Dumping data for table `blog_categories`
--

INSERT INTO `blog_categories` (`id`, `slug`) VALUES
(33, 'Vel-consequatur'),
(34, 'Facilis-ea'),
(36, 'Fugit-dignissimos-possimus'),
(37, 'new');

-- --------------------------------------------------------

--
-- Table structure for table `blog_category_translations`
--

CREATE TABLE `blog_category_translations` (
  `id` int UNSIGNED NOT NULL,
  `blog_category_id` int UNSIGNED NOT NULL,
  `locale` varchar(191) CHARACTER SET utf8mb4 COLLATE utf8mb4_general_ci NOT NULL,
  `title` varchar(255) CHARACTER SET utf8mb4 COLLATE utf8mb4_general_ci NOT NULL
) ENGINE=InnoDB DEFAULT CHARSET=utf8mb4 COLLATE=utf8mb4_general_ci;

--
-- Dumping data for table `blog_category_translations`
--

INSERT INTO `blog_category_translations` (`id`, `blog_category_id`, `locale`, `title`) VALUES
(1, 33, 'en', 'Announcements'),
(2, 34, 'en', 'Articles'),
(3, 36, 'en', 'Events'),
(4, 37, 'en', 'News');

-- --------------------------------------------------------

--
-- Table structure for table `blog_translations`
--

CREATE TABLE `blog_translations` (
  `id` bigint UNSIGNED NOT NULL,
  `blog_id` int UNSIGNED NOT NULL,
  `locale` varchar(255) CHARACTER SET utf8mb4 COLLATE utf8mb4_unicode_ci NOT NULL,
  `title` varchar(255) CHARACTER SET utf8mb4 COLLATE utf8mb4_unicode_ci NOT NULL,
  `description` text CHARACTER SET utf8mb4 COLLATE utf8mb4_unicode_ci NOT NULL,
  `content` longtext CHARACTER SET utf8mb4 COLLATE utf8mb4_unicode_ci NOT NULL,
  `meta_description` text CHARACTER SET utf8mb4 COLLATE utf8mb4_unicode_ci
) ENGINE=InnoDB DEFAULT CHARSET=utf8mb4 COLLATE=utf8mb4_unicode_ci;

--
-- Dumping data for table `blog_translations`
--

INSERT INTO `blog_translations` (`id`, `blog_id`, `locale`, `title`, `description`, `content`, `meta_description`) VALUES
(3, 22, 'en', 'Occupational Health and Safety: Your Path to a Safe and Sustainable Work Environment', '<p>Did you know that most workplace accidents can be prevented if occupational health and safety procedures are adhered to? These procedures are no longer just theoretical regulations or instructions posted on walls; they have become an integral part of the success of organizations and the well-being of employees.</p>', '<p>Did you know that most workplace accidents can be prevented if occupational health and safety procedures are adhered to? These procedures are no longer just theoretical regulations or instructions posted on walls; they have become an integral part of the success of organizations and the well-being of employees.</p><p>What is occupational health and safety?</p><p>It is a set of standards and preventive measures aimed at protecting the health and safety of workers and reducing risks in workplaces, whether industrial, commercial, or even educational.</p><p>The Importance of Health and Safety in Organizations</p><p>• Reducing the rate of accidents and injuries.</p><p>• Boosting morale and increasing productivity.</p><p>• Improving the organization\'s image with customers and the community.</p><p>• Compliance with local and international laws and regulations.</p><p>How do we qualify you at Dar Al-Nokhba International?</p><p>We provide comprehensive training programs based on international standards, including:</p><p>• Risk assessment and analysis.</p><p>• Emergency management.</p><p>• First aid.</p><p>• Safety policy development.</p><p>Training is supervised by a select group of specialists who combine theoretical knowledge with field experience. The future begins with a safe environment.</p><p>By qualifying in this field, you not only protect yourself and your team, but also contribute to building a corporate culture based on prevention, awareness, and responsibility.</p>', 'Did you know that most workplace accidents can be prevented if occupational health and safety procedures are adhered to?'),
(4, 23, 'en', 'International Criminal Law: Justice Without Borders… Global Responsibility', '<p>In a world where borders overlap and interests intertwine, international justice has become a necessity, not an option.</p>', '<p>In a world where borders overlap and interests intertwine, international justice has become a necessity, not an option. International criminal law is concerned with holding individuals accountable for the most serious crimes that threaten international peace and security, such as war crimes, crimes against humanity, and genocide.</p><p>The Importance of International Criminal Law in the Modern Era</p><p>With the rise of armed conflicts and increasing human rights violations, the need for a more equitable and comprehensive international justice system has become urgent. This law plays a fundamental role in curbing impunity, promoting a culture of accountability, and achieving general deterrence.</p><p>Is Traditional Legal Specialization Enough?</p><p>Despite the importance of studying local law, international criminal law opens up broader professional and humanitarian horizons and gives you the opportunity to influence issues that affect all of humanity.</p><p>The Role of Dar Al-Nokhba International</p><p>Through advanced training programs in international criminal law, Dar Al-Nokhba offers you the opportunity to learn about the basic principles, international courts, and legal procedures, with a focus on practical aspects and analysis of real-life cases.</p><p>Why Start With Us?</p><p>Because we believe that justice knows no boundaries, we prepare you to be a responsible legal voice, capable of bringing about real change within and beyond your community.</p>', 'In a world where borders overlap and interests intertwine, international justice has become a necessity, not an option.'),
(7, 23, 'es', '3 leyes para convertirse en una estudiante heterosexual', '<p>En este artículo, explicaré las dos reglas que seguí para convertirme en un estudiante sobresaliente. Si sigue mi consejo, obtendrá mejores calificaciones y también llevará una vida más equilibrada.</p>', '<p>Un historial académico sólido puede abrirle puertas en el futuro. Más importante aún, a través del proceso de convertirse en un estudiante sobresaliente, aprenderá valores como el trabajo duro, la disciplina y la determinación.</p><p>Regla 1: siempre tenga un plan.</p><p>(a) A medida que avanza el semestre, realice un seguimiento de las fechas clave: pruebas y exámenes, fechas límite para la presentación de proyectos, interrupciones del período, etc.</p><p>Ingrese estas fechas en un calendario físico o digital.</p><p>Si elige utilizar un calendario digital, le recomiendo Google Calendar.</p><p><br></p><p>(b) Programe un horario fijo cada semana en el que revise sus próximos eventos durante los próximos dos meses. Marque cuándo comenzará a prepararse para ese examen de matemáticas, a trabajar en ese proyecto de historia o a escribir ese ensayo en inglés.</p><p>(d) A continuación, anote sus compromisos para la próxima semana, p. ej. actividades extracurriculares, reuniones familiares, clases extra. En su calendario, resalte los bloques de tiempo que tendrá para el trabajo escolar.</p><p>Este proceso de planificación puede parecer lento, pero por lo general solo tomará 15 minutos cada semana.</p><p>Esta es una sabia inversión de tiempo como estudiante, porque el resto de la semana será mucho más productiva.</p><p>De esta manera, estudiarás inteligentemente, ¡no solo duro!</p><p><br></p><p>Regla # 2: Sea organizado.</p><p>Alguna vez ha tenido problemas para encontrar sus notas o tareas cuando las necesitaba? Probablemente terminó perdiendo un tiempo precioso buscándolos, antes de que finalmente se los pidiera prestados a su amigo.</p><p>Muchos estudiantes me dicen que guardan todas sus notas y tareas en una gran pila, ¡y solo las clasifican antes de sus exámenes!</p><p>Ser organizado, es más fácil decirlo que hacerlo, lo sé.</p>', 'En este artículo, explicaré las dos reglas que seguí para convertirme en un estudiante sobresaliente.'),
(8, 23, 'ar', 'القانون الجنائي الدولي: عدالة بلا حدود… مسؤولية عالمية', '<div style=\"text-align: right;\"><div>في عالم تتداخل فيه الحدود وتتشابك فيه المصالح، أصبحت العدالة الدولية ضرورة وليست خيارًا. القانون الجنائي الدولي يُعنى بمحاسبة الأفراد الذين يرتكبون أخطر الجرائم التي تهدد السلم والأمن الدوليين، مثل جرائم الحرب، والجرائم ضد الإنسانية، والإبادة الجماعية.</div><div><br></div></div>', '<div style=\"text-align: right; \"><div><div>في عالم تتداخل فيه الحدود وتتشابك فيه المصالح، أصبحت العدالة الدولية ضرورة وليست خيارًا. القانون الجنائي الدولي يُعنى بمحاسبة الأفراد الذين يرتكبون أخطر الجرائم التي تهدد السلم والأمن الدوليين، مثل جرائم الحرب، والجرائم ضد الإنسانية، والإبادة الجماعية.</div><div>أهمية القانون الجنائي الدولي في عصرنا الحديث</div><div>مع تنامي النزاعات المسلحة وتزايد الانتهاكات لحقوق الإنسان، باتت الحاجة إلى منظومة عدالة دولية أكثر إنصافًا وشمولًا أمرًا ملحًا. يلعب هذا القانون دورًا أساسيًا في كبح جماح الإفلات من العقاب، وتعزيز ثقافة المساءلة، وتحقيق الردع العام.</div><div>هل يكفي التخصص القانوني التقليدي؟</div><div>بالرغم من أهمية دراسة القانون المحلي، إلا أن القانون الجنائي الدولي يفتح أمامك آفاقًا مهنية وإنسانية أوسع، ويمنحك فرصة التأثير على قضايا تمس الإنسانية جمعاء.</div><div>دور دار النخبة الدولية</div><div>من خلال برامج تدريبية متقدمة في القانون الجنائي الدولي، تتيح لك دار النخبة فرصة التعرّف على المبادئ الأساسية، والمحاكم الدولية، والإجراءات القانونية المتبعة، مع التركيز على الجوانب العملية وتحليل الحالات الواقعية.</div><div>لماذا تبدأ معنا؟</div><div>لأننا نؤمن أن العدالة لا تعرف حدودًا، ونؤهّلك لتكون صوتًا قانونيًا مسؤولًا، قادرًا على إحداث تغيير حقيقي داخل مجتمعه وخارجه.</div></div><div><br></div></div>', 'عالم تتداخل فيه الحدود وتتشابك فيه المصالح، أصبحت العدالة الدولية ضرورة وليست خيارًا. القانون الجنائي الدولي يُعنى بمحاسبة الأفراد'),
(9, 22, 'ar', 'الصحة والسلامة المهنية: طريقك إلى بيئة عمل آمنة ومستدامة', '<p style=\"text-align: right;\">هل تعلم أن معظم حوادث العمل يمكن الوقاية منها إذا تم الالتزام بإجراءات الصحة والسلامة المهنية؟ هذه الإجراءات لم تعد مجرد لوائح نظرية أو تعليمات تُعلّق على الجدران، بل أصبحت جزءًا لا يتجزأ من نجاح المؤسسات ورفاهية العاملين.</p><div><br></div>', '<p style=\"text-align: right; \">هل تعلم أن معظم حوادث العمل يمكن الوقاية منها إذا تم الالتزام بإجراءات الصحة والسلامة المهنية؟ هذه الإجراءات لم تعد مجرد لوائح نظرية أو تعليمات تُعلّق على الجدران، بل أصبحت جزءًا لا يتجزأ من نجاح المؤسسات ورفاهية العاملين.</p><p style=\"text-align: right; \">ما المقصود بالصحة والسلامة المهنية؟</p><p style=\"text-align: right; \">هي مجموعة من المعايير والتدابير الوقائية التي تهدف إلى حماية صحة وسلامة العاملين، وتقليل المخاطر في أماكن العمل، سواء كانت صناعية، تجارية، أو حتى تعليمية.</p><p style=\"text-align: right; \">أهمية الصحة والسلامة في المؤسسات</p><p style=\"text-align: right; \">•<span style=\"white-space:pre\">	</span>تقليل نسبة الحوادث والإصابات.</p><p style=\"text-align: right; \">•<span style=\"white-space:pre\">	</span>رفع الروح المعنوية وزيادة الإنتاجية.</p><p style=\"text-align: right; \">•<span style=\"white-space:pre\">	</span>تحسين صورة المؤسسة أمام العملاء والمجتمع.</p><p style=\"text-align: right; \">•<span style=\"white-space:pre\">	</span>الالتزام بالقوانين والتشريعات المحلية والدولية.</p><p style=\"text-align: right; \">كيف نؤهلك في دار النخبة الدولية؟</p><p style=\"text-align: right; \">نوفر برامج تدريبية شاملة ومبنية على المعايير الدولية، تشمل:</p><p style=\"text-align: right; \">•<span style=\"white-space:pre\">	</span>تقييم وتحليل المخاطر.</p><p style=\"text-align: right; \">•<span style=\"white-space:pre\">	</span>إدارة الطوارئ.</p><p style=\"text-align: right; \">•<span style=\"white-space:pre\">	</span>الإسعافات الأولية.</p><p style=\"text-align: right; \">•<span style=\"white-space:pre\">	</span>تطوير سياسات السلامة.</p><p style=\"text-align: right; \">ويُشرف على التدريب نخبة من المتخصصين الذين يجمعون بين الجانب النظري والخبرة الميدانية.</p><p style=\"text-align: right; \">المستقبل يبدأ من بيئة آمنة</p><p style=\"text-align: right; \">بتأهيلك في هذا المجال، لا تحمي فقط نفسك أو فريقك… بل تُسهم في بناء ثقافة مؤسسية قائمة على الوقاية والوعي والمسؤولية.</p><div style=\"text-align: right;\"><br></div>', 'هل تعلم أن معظم حوادث العمل يمكن الوقاية منها إذا تم الالتزام بإجراءات الصحة والسلامة المهنية؟ هذه الإجراءات لم تعد مجرد لوائح نظرية أو تعليمات تُعلّق على الجدران'),
(10, 22, 'es', 'Mejor relación entre usted y los padres de su estudiante', '<p>La relación padre / tutor es una relación importante y, lamentablemente, se pasa por alto en gran medida. ¿Por qué es importante? Bueno, una buena relación entre usted y el padre o tutor del estudiante sirve para ayudar a los estudiantes a desempeñarse mejor a nivel personal y académico. Fomentar una relación con ellos como tutor puede ser un desafío debido a una serie de factores; sin embargo, hay varias formas de construir esta relación y optimizar el sistema de apoyo al aprendizaje de los estudiantes a lo largo del tiempo.</p>', '<p>La compasión y la positividad lo son todo</p><p>Puede ser estresante para los padres o tutores interactuar con usted. Puede haber temor de que a su hijo no le esté yendo tan bien como debería, falta de tiempo para conectarse o incluso barreras del idioma. Como tutor, ser compasivo y brindar información en un tono educado hace maravillas en situaciones como esta. Es mejor sonreír, hacer contacto visual, ser acogedor y ofrecer cualquier consejo si es necesario. Un buen truco para ayudar a los padres o tutores a hablar con ellos es reconocer primero algo positivo acerca de su hijo que haya notado, sin importar lo pequeño que sea. Por ejemplo, es posible que haya notado que están más involucrados en sus lecciones y hacen más preguntas.</p><p><br></p><p>Sea proactivo y comuníquese con frecuencia</p><p><br></p><p>Es posible que algunos tutores solo hablen con los padres o tutores cuando hay un problema, lo que crea un entorno negativo para ambos. Por eso es clave hacer el esfuerzo de hablar con ellos a menudo, ya sea cara a cara, por teléfono o incluso por correo electrónico. Es mejor mantenerlos actualizados sobre el aprendizaje de sus hijos. Comunicarse a menudo evita que se sientan en alerta máxima cuando se acerca e incluso puede fomentar una hermosa amistad. ¡Por supuesto que es importante saber que los padres y tutores están ocupados! Por eso, cuando te comuniques con ellos, asegúrate de planificar con anticipación para encontrar el momento que mejor funcione para ellos.</p><p><br></p><p>Haga que el padre o tutor se sienta valorado y solicite su consejo</p><p><br></p><p>Una excelente manera de entablar una relación con los padres o tutores es involucrarlos en la educación de sus hijos. Esto no significa solo que los ayuden con la tarea, sino que también podría significar pedirles que participen en actividades o eventos escolares. Preguntarles si les gustaría ayudar a organizar un evento es una excelente manera de conocerlos y darles la oportunidad de conocer a otros padres o tutores. También podría ser algo tan simple como crear un plan de lección que solicite su opinión. Por supuesto, todo esto depende de su horario y si tienen tiempo para participar. Al final, cuanto más intente involucrarlos en las actividades, mejor.</p><p><br></p><p>Otra excelente manera de hacerlos sentir valorados es pedirles su consejo. Si su estudiante muestra comportamientos negativos durante una lección, es aconsejable buscar el consejo del padre o tutor. Al pedirles su consejo, pueden ocurrir dos cosas. Uno, para empezar, es posible que no sepan que existe un comportamiento negativo, ya que es posible que el estudiante no lo esté mostrando en casa. Dos, está construyendo una mejor relación con el padre o tutor al obtener su opinión en esta situación, lo que generará confianza. Las preguntas no tienen que ser solo sobre la educación del estudiante al hablar con él, también puede hacer preguntas sobre el interés del estudiante y los planes que tiene durante las vacaciones. Siempre es importante que te comportes de manera profesional cuando trates con un padre o tutor, pero la conversación no tiene que ser estrictamente sobre educación.</p><p><br></p><p>Evite tomárselo personalmente y hacer suposiciones</p><p><br></p><p>Los padres y tutores son humanos y tienen que lidiar con su propio estrés, ya sea en el trabajo o en su vida familiar. Es mejor para usted mantener siempre la calma y nunca tomar en serio nada de lo que le digan. Siempre debe responder con preguntas que ayuden a calmar la situación. Por ejemplo, un padre o tutor puede decir \"Dices esto porque quieres atrapar a mi hijo\" y la mejor manera de responder a una pregunta como esta es \"Lamento que te sientas así, por favor avísame Por qué piensas esto?</p><p>Además, no debe hacer suposiciones sobre la vida hogareña de un estudiante. A menos que se haya indicado así, una suposición puede causar muchos problemas y puede ser insensible a la situación de una familia. No debe asumir que el estudiante vive con ambos padres o con cualquier padre. Ahora, en nuestro mundo globalmente diverso, no debe asumir que el primer idioma del padre o tutor es el inglés y siempre debe confirmar si pueden hablar inglés en primer lugar. Cada estudiante tendrá una situación diferente a la del próximo. Las suposiciones conducen a malentendidos que pueden crear circunstancias más desafiantes para el aprendizaje.</p><p><br></p><p>Establecer una relación con un padre o tutor a veces puede ser un desafío. Tener estas ideas en mente puede ayudarlo a conectarse mejor con ellas. Es bueno recordar que, al final del día, cuanto mejor sea la conexión que tenga con ellos, mejor podrán ayudar a enseñar al estudiante, lo que en última instancia les permitirá alcanzar el éxito académico y fomentar el amor por el aprendizaje.</p>', 'La relación padre / tutor es una relación importante y, lamentablemente, se pasa por alto en gran medida.'),
(30, 28, 'en', 'Artificial Intelligence and the Future of Jobs: Are You Ready for the Next Stage?', '<div><font color=\"#000000\" face=\"tondo, sans-serif\">As the world witnesses an unprecedented digital transformation, artificial intelligence (AI) has emerged as one of the most prominent tools reshaping the job market and the skills required within it. AI is no longer just a new technology or a luxury for large organizations; it has become a vital tool for anyone seeking to succeed in a rapidly changing professional environment.</font></div><div><font color=\"#000000\" face=\"tondo, sans-serif\"><br></font></div>', '<div><font color=\"#000000\" face=\"tondo, sans-serif\">As the world witnesses an unprecedented digital transformation, artificial intelligence (AI) has emerged as one of the most prominent tools reshaping the job market and the skills required within it. AI is no longer just a new technology or a luxury for large organizations; it has become a vital tool for anyone seeking to succeed in a rapidly changing professional environment.</font></div><div><font color=\"#000000\" face=\"tondo, sans-serif\">What is AI and why does it matter to you?</font></div><div><font color=\"#000000\" face=\"tondo, sans-serif\">AI is the ability of systems and software to simulate human intelligence in analyzing data, making decisions, and learning from experience. From smartphone applications to self-driving cars, AI has become part of our daily lives.</font></div><div><font color=\"#000000\" face=\"tondo, sans-serif\">How does it affect the job market?</font></div><div><font color=\"#000000\" face=\"tondo, sans-serif\">Global reports indicate that AI will lead to the disappearance of some traditional jobs, but it will also create millions of new opportunities that require advanced skills in analysis, programming, and data management. This is where the importance of qualification and training comes in.</font></div><div><font color=\"#000000\" face=\"tondo, sans-serif\">The Role of Dar Al-Nokhba International Academy</font></div><div><font color=\"#000000\" face=\"tondo, sans-serif\">At Dar Al-Nokhba International Academy, we recognize this transformation and offer specialized training programs in artificial intelligence that help you acquire the required skills in a practical and interactive manner. Whether you are a student, employee, or entrepreneur, you will receive a comprehensive educational experience that prepares you to compete in a global market. Start now, don\'t wait for tomorrow.</font></div><div><font color=\"#000000\" face=\"tondo, sans-serif\">Artificial intelligence isn\'t a technology of the future...it\'s a skill of the present. Invest in yourself today and be part of the generation that leads change, not is influenced by it.</font></div>', 'As the world witnesses an unprecedented digital transformation, artificial intelligence (AI) has emerged as one of the most prominent tools'),
(31, 28, 'ar', 'الذكاء الاصطناعي ومستقبل الوظائف: هل أنت مستعد للمرحلة القادمة؟', '<p>في الوقت الذي يشهد فيه العالم تحوّلًا رقميًا غير مسبوق، برز الذكاء الاصطناعي كأحد أبرز الأدوات التي تُعيد تشكيل سوق العمل والمهارات المطلوبة فيه. لم يعد الذكاء الاصطناعي مجرد تقنية حديثة أو رفاهية للمؤسسات الكبرى، بل أصبح أداة حيوية لكل من يسعى للنجاح في بيئة مهنية تتغير بسرعة مذهلة.</p>', '<p>في الوقت الذي يشهد فيه العالم تحوّلًا رقميًا غير مسبوق، برز الذكاء الاصطناعي كأحد أبرز الأدوات التي تُعيد تشكيل سوق العمل والمهارات المطلوبة فيه. لم يعد الذكاء الاصطناعي مجرد تقنية حديثة أو رفاهية للمؤسسات الكبرى، بل أصبح أداة حيوية لكل من يسعى للنجاح في بيئة مهنية تتغير بسرعة مذهلة.</p><p>ما هو الذكاء الاصطناعي ولماذا يهمك؟</p><p>الذكاء الاصطناعي هو قدرة الأنظمة والبرمجيات على محاكاة الذكاء البشري في تحليل البيانات، واتخاذ القرارات، والتعلّم من التجارب. من تطبيقات الهاتف الذكي إلى السيارات ذاتية القيادة، أصبح الذكاء الاصطناعي جزءًا من حياتنا اليومية.</p><p>كيف يؤثر على سوق العمل؟</p><p>تُشير التقارير العالمية إلى أن الذكاء الاصطناعي سيؤدي إلى اختفاء بعض الوظائف التقليدية، لكنه في المقابل سيخلق ملايين الفرص الجديدة التي تتطلب مهارات متقدمة في التحليل، والبرمجة، وإدارة البيانات. ومن هنا تأتي أهمية التأهيل والتدريب.</p><p>دور دار النخبة الدولية</p><p>في أكاديمية دار النخبة الدولية، ندرك هذا التحوّل، ونقدم برامج تدريبية تخصصية في الذكاء الاصطناعي تساعدك على اكتساب المهارات المطلوبة بطريقة عملية وتفاعلية. سواء كنت طالبًا، أو موظفًا، أو رائد أعمال، ستحصل على تجربة تعليمية متكاملة تؤهلك للمنافسة في سوق عالمي.</p><p>ابدأ الآن، لا تنتظر الغد</p><p>الذكاء الاصطناعي ليس تقنية للمستقبل… بل مهارة الحاضر. استثمر في نفسك اليوم، وكن جزءًا من الجيل الذي يقود التغيير لا يتأثر به.</p><div><br></div>', 'في الوقت الذي يشهد فيه العالم تحوّلًا رقميًا غير مسبوق، برز الذكاء الاصطناعي كأحد أبرز الأدوات التي تُعيد تشكيل سوق العمل والمهارات المطلوبة فيه.');

-- --------------------------------------------------------

--
-- Table structure for table `bundles`
--

CREATE TABLE `bundles` (
  `id` int UNSIGNED NOT NULL,
  `creator_id` int UNSIGNED NOT NULL,
  `teacher_id` int UNSIGNED NOT NULL,
  `category_id` int UNSIGNED DEFAULT NULL,
  `slug` varchar(255) CHARACTER SET utf8mb4 COLLATE utf8mb4_unicode_ci NOT NULL,
  `thumbnail` varchar(255) CHARACTER SET utf8mb4 COLLATE utf8mb4_unicode_ci NOT NULL,
  `image_cover` varchar(255) CHARACTER SET utf8mb4 COLLATE utf8mb4_unicode_ci NOT NULL,
  `video_demo` varchar(255) CHARACTER SET utf8mb4 COLLATE utf8mb4_unicode_ci DEFAULT NULL,
  `video_demo_source` enum('upload','youtube','vimeo','external_link','google_drive','iframe','s3','secure_host') CHARACTER SET utf8mb4 COLLATE utf8mb4_unicode_ci DEFAULT NULL,
  `price` int DEFAULT NULL,
  `points` int DEFAULT NULL,
  `subscribe` tinyint(1) NOT NULL DEFAULT '0',
  `certificate` tinyint(1) NOT NULL DEFAULT '0',
  `access_days` int UNSIGNED DEFAULT NULL COMMENT 'Number of days to access the bundle',
  `message_for_reviewer` text CHARACTER SET utf8mb4 COLLATE utf8mb4_unicode_ci,
  `status` enum('active','pending','is_draft','inactive') CHARACTER SET utf8mb4 COLLATE utf8mb4_unicode_ci NOT NULL,
  `created_at` bigint UNSIGNED NOT NULL,
  `updated_at` bigint UNSIGNED DEFAULT NULL
) ENGINE=InnoDB DEFAULT CHARSET=utf8mb4 COLLATE=utf8mb4_unicode_ci;

-- --------------------------------------------------------

--
-- Table structure for table `bundle_filter_option`
--

CREATE TABLE `bundle_filter_option` (
  `id` int UNSIGNED NOT NULL,
  `bundle_id` int UNSIGNED NOT NULL,
  `filter_option_id` int UNSIGNED NOT NULL
) ENGINE=InnoDB DEFAULT CHARSET=utf8mb4 COLLATE=utf8mb4_unicode_ci;

-- --------------------------------------------------------

--
-- Table structure for table `bundle_translations`
--

CREATE TABLE `bundle_translations` (
  `id` bigint UNSIGNED NOT NULL,
  `bundle_id` int UNSIGNED NOT NULL,
  `locale` varchar(255) CHARACTER SET utf8mb4 COLLATE utf8mb4_unicode_ci NOT NULL,
  `title` varchar(255) CHARACTER SET utf8mb4 COLLATE utf8mb4_unicode_ci NOT NULL,
  `seo_description` text CHARACTER SET utf8mb4 COLLATE utf8mb4_unicode_ci,
  `description` longtext CHARACTER SET utf8mb4 COLLATE utf8mb4_unicode_ci
) ENGINE=InnoDB DEFAULT CHARSET=utf8mb4 COLLATE=utf8mb4_unicode_ci;

-- --------------------------------------------------------

--
-- Table structure for table `bundle_webinars`
--

CREATE TABLE `bundle_webinars` (
  `id` int UNSIGNED NOT NULL,
  `creator_id` int UNSIGNED NOT NULL,
  `bundle_id` int UNSIGNED NOT NULL,
  `webinar_id` int UNSIGNED NOT NULL,
  `order` int UNSIGNED DEFAULT NULL
) ENGINE=InnoDB DEFAULT CHARSET=utf8mb4 COLLATE=utf8mb4_unicode_ci;

-- --------------------------------------------------------

--
-- Table structure for table `cart`
--

CREATE TABLE `cart` (
  `id` int UNSIGNED NOT NULL,
  `creator_id` int UNSIGNED NOT NULL,
  `webinar_id` int UNSIGNED DEFAULT NULL,
  `bundle_id` int UNSIGNED DEFAULT NULL,
  `product_order_id` int UNSIGNED DEFAULT NULL,
  `reserve_meeting_id` int UNSIGNED DEFAULT NULL,
  `subscribe_id` int UNSIGNED DEFAULT NULL,
  `promotion_id` int UNSIGNED DEFAULT NULL,
  `gift_id` int UNSIGNED DEFAULT NULL,
  `ticket_id` int UNSIGNED DEFAULT NULL,
  `special_offer_id` int UNSIGNED DEFAULT NULL,
  `product_discount_id` int UNSIGNED DEFAULT NULL,
  `installment_payment_id` int UNSIGNED DEFAULT NULL,
  `created_at` int NOT NULL
) ENGINE=InnoDB DEFAULT CHARSET=utf8mb4 COLLATE=utf8mb4_unicode_ci ROW_FORMAT=DYNAMIC;

--
-- Dumping data for table `cart`
--

INSERT INTO `cart` (`id`, `creator_id`, `webinar_id`, `bundle_id`, `product_order_id`, `reserve_meeting_id`, `subscribe_id`, `promotion_id`, `gift_id`, `ticket_id`, `special_offer_id`, `product_discount_id`, `installment_payment_id`, `created_at`) VALUES
(212, 1, NULL, NULL, NULL, 74, NULL, NULL, NULL, NULL, NULL, NULL, NULL, 1745416306);

-- --------------------------------------------------------

--
-- Table structure for table `cart_discounts`
--

CREATE TABLE `cart_discounts` (
  `id` int UNSIGNED NOT NULL,
  `discount_id` int UNSIGNED NOT NULL,
  `show_only_on_empty_cart` tinyint(1) NOT NULL DEFAULT '0',
  `enable` tinyint(1) NOT NULL DEFAULT '0',
  `created_at` bigint UNSIGNED NOT NULL
) ENGINE=InnoDB DEFAULT CHARSET=utf8mb4 COLLATE=utf8mb4_general_ci;

--
-- Dumping data for table `cart_discounts`
--

INSERT INTO `cart_discounts` (`id`, `discount_id`, `show_only_on_empty_cart`, `enable`, `created_at`) VALUES
(1, 25, 1, 1, 1709794527);

-- --------------------------------------------------------

--
-- Table structure for table `cart_discount_translations`
--

CREATE TABLE `cart_discount_translations` (
  `id` int UNSIGNED NOT NULL,
  `cart_discount_id` int UNSIGNED NOT NULL,
  `locale` varchar(191) CHARACTER SET utf8mb4 COLLATE utf8mb4_general_ci NOT NULL,
  `title` varchar(255) CHARACTER SET utf8mb4 COLLATE utf8mb4_general_ci NOT NULL,
  `subtitle` text CHARACTER SET utf8mb4 COLLATE utf8mb4_general_ci NOT NULL
) ENGINE=InnoDB DEFAULT CHARSET=utf8mb4 COLLATE=utf8mb4_general_ci;

--
-- Dumping data for table `cart_discount_translations`
--

INSERT INTO `cart_discount_translations` (`id`, `cart_discount_id`, `locale`, `title`, `subtitle`) VALUES
(1, 1, 'en', 'Finalize your purchase with a discount', 'Please take advantage of this limited special offer by using the coupon and completing your purchase.');

-- --------------------------------------------------------

--
-- Table structure for table `cashback_rules`
--

CREATE TABLE `cashback_rules` (
  `id` int UNSIGNED NOT NULL,
  `target_type` enum('all','courses','store_products','bundles','meetings','registration_packages','subscription_packages','recharge_wallet') CHARACTER SET utf8mb4 COLLATE utf8mb4_unicode_ci NOT NULL,
  `target` varchar(255) CHARACTER SET utf8mb4 COLLATE utf8mb4_unicode_ci DEFAULT NULL,
  `start_date` bigint UNSIGNED DEFAULT NULL,
  `end_date` bigint UNSIGNED DEFAULT NULL,
  `amount` double(15,2) DEFAULT NULL,
  `amount_type` enum('fixed_amount','percent') CHARACTER SET utf8mb4 COLLATE utf8mb4_unicode_ci DEFAULT NULL,
  `apply_cashback_per_item` tinyint(1) NOT NULL DEFAULT '0',
  `max_amount` double(15,2) DEFAULT NULL,
  `min_amount` double(15,2) DEFAULT NULL,
  `enable` tinyint(1) NOT NULL DEFAULT '0',
  `created_at` bigint UNSIGNED NOT NULL
) ENGINE=InnoDB DEFAULT CHARSET=utf8mb4 COLLATE=utf8mb4_unicode_ci;

--
-- Dumping data for table `cashback_rules`
--

INSERT INTO `cashback_rules` (`id`, `target_type`, `target`, `start_date`, `end_date`, `amount`, `amount_type`, `apply_cashback_per_item`, `max_amount`, `min_amount`, `enable`, `created_at`) VALUES
(5, 'all', NULL, 1672610400, NULL, 10.00, 'percent', 0, NULL, NULL, 1, 1678921892);

-- --------------------------------------------------------

--
-- Table structure for table `cashback_rule_specification_items`
--

CREATE TABLE `cashback_rule_specification_items` (
  `id` int UNSIGNED NOT NULL,
  `cashback_rule_id` int UNSIGNED NOT NULL,
  `category_id` int UNSIGNED DEFAULT NULL,
  `instructor_id` int UNSIGNED DEFAULT NULL,
  `seller_id` int UNSIGNED DEFAULT NULL,
  `webinar_id` int UNSIGNED DEFAULT NULL,
  `product_id` int UNSIGNED DEFAULT NULL,
  `bundle_id` int UNSIGNED DEFAULT NULL,
  `subscribe_id` int UNSIGNED DEFAULT NULL,
  `registration_package_id` int UNSIGNED DEFAULT NULL
) ENGINE=InnoDB DEFAULT CHARSET=utf8mb4 COLLATE=utf8mb4_unicode_ci;

-- --------------------------------------------------------

--
-- Table structure for table `cashback_rule_translations`
--

CREATE TABLE `cashback_rule_translations` (
  `id` int UNSIGNED NOT NULL,
  `cashback_rule_id` int UNSIGNED NOT NULL,
  `locale` varchar(255) CHARACTER SET utf8mb4 COLLATE utf8mb4_unicode_ci NOT NULL,
  `title` varchar(255) CHARACTER SET utf8mb4 COLLATE utf8mb4_unicode_ci NOT NULL
) ENGINE=InnoDB DEFAULT CHARSET=utf8mb4 COLLATE=utf8mb4_unicode_ci;

--
-- Dumping data for table `cashback_rule_translations`
--

INSERT INTO `cashback_rule_translations` (`id`, `cashback_rule_id`, `locale`, `title`) VALUES
(5, 5, 'en', 'Christmas Cashback');

-- --------------------------------------------------------

--
-- Table structure for table `cashback_rule_users_groups`
--

CREATE TABLE `cashback_rule_users_groups` (
  `id` int UNSIGNED NOT NULL,
  `cashback_rule_id` int UNSIGNED NOT NULL,
  `group_id` int UNSIGNED DEFAULT NULL,
  `user_id` int UNSIGNED DEFAULT NULL
) ENGINE=InnoDB DEFAULT CHARSET=utf8mb4 COLLATE=utf8mb4_unicode_ci;

-- --------------------------------------------------------

--
-- Table structure for table `categories`
--

CREATE TABLE `categories` (
  `id` int UNSIGNED NOT NULL,
  `slug` varchar(255) CHARACTER SET utf8mb4 COLLATE utf8mb4_unicode_ci NOT NULL,
  `parent_id` int DEFAULT NULL,
  `icon` varchar(255) CHARACTER SET utf8mb4 COLLATE utf8mb4_unicode_ci DEFAULT NULL,
  `order` int UNSIGNED DEFAULT NULL
) ENGINE=InnoDB DEFAULT CHARSET=utf8mb4 COLLATE=utf8mb4_unicode_ci;

--
-- Dumping data for table `categories`
--

INSERT INTO `categories` (`id`, `slug`, `parent_id`, `icon`, `order`) VALUES
(525, 'Technology and innovation sector', NULL, '/store/1/default_images/categories_icons/pie-chart.png', 3),
(526, 'Occupational safety and health sector', NULL, '/store/1/default_images/categories_icons/anchor.png', 2),
(528, 'Management and Entrepreneurship Sector', NULL, '/store/1/default_images/categories_icons/code.png', 1),
(612, 'Legal and diplomatic sector', NULL, '/store/1/default_images/categories_icons/briefcase.png', 1);

-- --------------------------------------------------------

--
-- Table structure for table `category_translations`
--

CREATE TABLE `category_translations` (
  `id` bigint UNSIGNED NOT NULL,
  `category_id` int UNSIGNED NOT NULL,
  `locale` varchar(255) CHARACTER SET utf8mb4 COLLATE utf8mb4_unicode_ci NOT NULL,
  `title` varchar(255) CHARACTER SET utf8mb4 COLLATE utf8mb4_unicode_ci NOT NULL
) ENGINE=InnoDB DEFAULT CHARSET=utf8mb4 COLLATE=utf8mb4_unicode_ci;

--
-- Dumping data for table `category_translations`
--

INSERT INTO `category_translations` (`id`, `category_id`, `locale`, `title`) VALUES
(5, 525, 'en', 'Technology and innovation sector'),
(6, 526, 'en', 'Occupational safety and health sector'),
(7, 528, 'en', 'Management and Entrepreneurship Sector'),
(19, 528, 'ar', 'قطاع الإدارة وريادة الأعمال'),
(23, 526, 'ar', 'قطاع السلامة والصحة المهنية'),
(27, 525, 'ar', 'قطاع التكنولوجيا والابتكار'),
(37, 528, 'es', 'Desarrollo'),
(41, 526, 'es', 'Negocio'),
(45, 525, 'es', 'Márketing'),
(55, 612, 'en', 'Legal and diplomatic sector'),
(56, 612, 'ar', 'القطاع القانوني والدبلوماسي');

-- --------------------------------------------------------

--
-- Table structure for table `certificates`
--

CREATE TABLE `certificates` (
  `id` int UNSIGNED NOT NULL,
  `quiz_id` int UNSIGNED DEFAULT NULL,
  `quiz_result_id` int UNSIGNED DEFAULT NULL,
  `student_id` int UNSIGNED NOT NULL,
  `webinar_id` int UNSIGNED DEFAULT NULL,
  `bundle_id` int UNSIGNED DEFAULT NULL,
  `user_grade` int UNSIGNED DEFAULT NULL,
  `type` enum('quiz','course','bundle') CHARACTER SET utf8mb4 COLLATE utf8mb4_unicode_ci NOT NULL,
  `created_at` int NOT NULL
) ENGINE=InnoDB DEFAULT CHARSET=utf8mb4 COLLATE=utf8mb4_unicode_ci ROW_FORMAT=DYNAMIC;

-- --------------------------------------------------------

--
-- Table structure for table `certificates_templates`
--

CREATE TABLE `certificates_templates` (
  `id` int UNSIGNED NOT NULL,
  `image` varchar(255) CHARACTER SET utf8mb4 COLLATE utf8mb4_general_ci NOT NULL,
  `type` enum('quiz','course','bundle') CHARACTER SET utf8mb4 COLLATE utf8mb4_unicode_ci NOT NULL,
  `position_x` varchar(255) CHARACTER SET utf8mb4 COLLATE utf8mb4_general_ci DEFAULT NULL,
  `position_y` varchar(255) CHARACTER SET utf8mb4 COLLATE utf8mb4_general_ci DEFAULT NULL,
  `font_size` varchar(255) CHARACTER SET utf8mb4 COLLATE utf8mb4_general_ci DEFAULT NULL,
  `text_color` varchar(255) CHARACTER SET utf8mb4 COLLATE utf8mb4_general_ci DEFAULT NULL,
  `status` enum('draft','publish') CHARACTER SET utf8mb4 COLLATE utf8mb4_unicode_ci NOT NULL,
  `created_at` int NOT NULL,
  `updated_at` int DEFAULT NULL
) ENGINE=InnoDB DEFAULT CHARSET=utf8mb4 COLLATE=utf8mb4_unicode_ci ROW_FORMAT=DYNAMIC;

--
-- Dumping data for table `certificates_templates`
--

INSERT INTO `certificates_templates` (`id`, `image`, `type`, `position_x`, `position_y`, `font_size`, `text_color`, `status`, `created_at`, `updated_at`) VALUES
(7, '/store/1/default_images/certificate_background.jpg', 'quiz', NULL, NULL, NULL, NULL, 'publish', 1709112544, NULL),
(8, '/store/1/default_images/certificate_background.jpg', 'course', NULL, NULL, NULL, NULL, 'publish', 1709713472, NULL);

-- --------------------------------------------------------

--
-- Table structure for table `certificate_template_translations`
--

CREATE TABLE `certificate_template_translations` (
  `id` bigint UNSIGNED NOT NULL,
  `certificate_template_id` int UNSIGNED NOT NULL,
  `locale` varchar(255) CHARACTER SET utf8mb4 COLLATE utf8mb4_unicode_ci NOT NULL,
  `title` varchar(255) CHARACTER SET utf8mb4 COLLATE utf8mb4_unicode_ci DEFAULT NULL,
  `body` longtext CHARACTER SET utf8mb4 COLLATE utf8mb4_unicode_ci,
  `rtl` tinyint DEFAULT NULL,
  `elements` longtext CHARACTER SET utf8mb4 COLLATE utf8mb4_unicode_ci
) ENGINE=InnoDB DEFAULT CHARSET=utf8mb4 COLLATE=utf8mb4_unicode_ci;

--
-- Dumping data for table `certificate_template_translations`
--

INSERT INTO `certificate_template_translations` (`id`, `certificate_template_id`, `locale`, `title`, `body`, `rtl`, `elements`) VALUES
(9, 7, 'en', 'Quiz-depended Certificate Template', '<div class=\"certificate-template-container\" style=\"background-image: url(&quot;https://lms.rocket-soft.org/store/1/default_images/certificate_background.jpg&quot;);\"><div class=\"draggable-element ui-draggable ui-draggable-handle\" data-name=\"title\" style=\"top: 225.134px; left: 247.125px; font-size: 22px; color: rgb(0, 0, 0); text-align: inherit; font-weight: bold;\">This certificate awarded to [student_name]</div><div class=\"draggable-element ui-draggable ui-draggable-handle ui-draggable-dragging\" data-name=\"subtitle\" style=\"top: 271.982px; left: 320.964px; font-size: 18px; color: rgb(0, 0, 0); text-align: inherit; font-weight: inherit;\">regarding passing [course_name]</div><div class=\"draggable-element ui-draggable ui-draggable-handle\" data-name=\"body\" style=\"top: 318.571px; left: 337.563px; font-size: 16px; color: rgb(0, 0, 0); text-align: inherit; font-weight: inherit;\">with the [grade] grade with success</div><div class=\"draggable-element ui-draggable ui-draggable-handle ui-draggable-dragging\" data-name=\"date\" style=\"top: 80.4286px; left: 57.4286px; font-size: 14px; color: rgb(0, 0, 0); text-align: inherit; font-weight: bold;\">[date]</div><div class=\"draggable-element ui-draggable ui-draggable-handle\" data-name=\"qr_code\" style=\"top: 392.42px; left: 728.42px; text-align: inherit; font-weight: inherit; width: 128px; height: 128px;\">[qr_code]</div><div class=\"draggable-element ui-draggable ui-draggable-handle\" data-name=\"hint\" style=\"top: 49.4286px; left: 760.429px; font-size: 14px; color: rgb(0, 0, 0); text-align: inherit; font-weight: bold;\">ID : [certificate_id]</div><div class=\"draggable-element ui-draggable ui-draggable-handle\" data-name=\"platform_name\" style=\"top: 47.7143px; left: 55.7143px; font-size: 16px; color: rgb(0, 0, 0); text-align: inherit; font-weight: bold;\">[platform_name]</div><div class=\"draggable-element ui-draggable ui-draggable-handle\" data-name=\"stamp\" style=\"display: flex; align-items: center; justify-content: center; top: 399.714px; left: 100.714px; text-align: inherit; font-weight: inherit; width: 128px; height: 128px;\"><img src=\"https://lms.rocket-soft.org/store/1/default_images/stamp.png\" style=\"max-height: 100%; max-width: 100%;\"></div><div class=\"draggable-element ui-draggable ui-draggable-handle\" data-name=\"platform_signature\" style=\"display: flex; align-items: center; justify-content: center; top: 399.429px; left: 241.429px; text-align: inherit; font-weight: inherit; width: 128px; height: 128px;\"><img src=\"https://lms.rocket-soft.org/store/1/default_images/signature.png\" style=\"max-height: 100%; max-width: 100%;\"></div></div>', NULL, '{\"title\":{\"content\":\"This certificate awarded to [student_name]\",\"font_size\":\"22\",\"font_color\":\"#000000\",\"styles\":null,\"font_weight_bold\":\"on\",\"enable\":\"on\"},\"subtitle\":{\"content\":\"regarding passing [course_name]\",\"font_size\":\"18\",\"font_color\":\"#000000\",\"styles\":null,\"enable\":\"on\"},\"body\":{\"content\":\"with the [grade] grade with success\",\"font_size\":\"16\",\"font_color\":\"#000000\",\"styles\":null,\"enable\":\"on\"},\"date\":{\"display_date\":\"textual\",\"font_size\":\"14\",\"font_color\":\"#000000\",\"styles\":null,\"font_weight_bold\":\"on\",\"enable\":\"on\",\"content\":\"[date]\"},\"qr_code\":{\"image_size\":\"128\",\"enable\":\"on\",\"content\":\"[qr_code]\"},\"hint\":{\"content\":\"ID : [certificate_id]\",\"font_size\":\"14\",\"font_color\":\"#000000\",\"styles\":null,\"font_weight_bold\":\"on\",\"enable\":\"on\"},\"student_name\":{\"font_size\":\"22\",\"font_color\":\"#000000\",\"styles\":null,\"font_weight_bold\":\"on\",\"content\":\"[student_name]\"},\"instructor_name\":{\"font_size\":null,\"font_color\":\"#000000\",\"styles\":null,\"content\":\"[instructor_name]\"},\"platform_name\":{\"font_size\":\"16\",\"font_color\":\"#000000\",\"styles\":null,\"font_weight_bold\":\"on\",\"enable\":\"on\",\"content\":\"[platform_name]\"},\"course_name\":{\"font_size\":\"22\",\"font_color\":\"#000000\",\"styles\":null,\"content\":\"[course_name]\"},\"instructor_signature\":{\"content\":\"[instructor_signature]\"},\"platform_signature\":{\"image\":\"\\/store\\/1\\/default_images\\/signature.png\",\"image_size\":\"128\",\"enable\":\"on\"},\"stamp\":{\"image\":\"\\/store\\/1\\/default_images\\/stamp.png\",\"image_size\":\"128\",\"enable\":\"on\"}}'),
(10, 8, 'en', 'Completion Certificate Template', '<div class=\"certificate-template-container\" style=\"background-image: url(&quot;https://lms.rocket-soft.org/store/1/default_images/certificate_background.jpg&quot;);\"><div class=\"draggable-element ui-draggable ui-draggable-handle\" data-name=\"title\" style=\"top: 244.134px; left: 272.125px; font-size: 22px; color: rgb(0, 0, 0); text-align: inherit; font-weight: bold;\">This certificate awarded to [student]</div><div class=\"draggable-element ui-draggable ui-draggable-handle\" data-name=\"subtitle\" style=\"top: 301.134px; left: 338.125px; font-size: 18px; color: rgb(0, 0, 0); text-align: inherit; font-weight: inherit;\">regarding completing [course]</div><div class=\"draggable-element ui-draggable ui-draggable-handle\" data-name=\"platform_signature\" style=\"display: flex; align-items: center; justify-content: center; top: 408.42px; left: 702.42px; text-align: inherit; font-weight: inherit; width: 128px; height: 128px;\"><img src=\"https://lms.rocket-soft.org/store/1/default_images/signature.png\" style=\"max-height: 100%; max-width: 100%;\"></div><div class=\"draggable-element ui-draggable ui-draggable-handle\" data-name=\"stamp\" style=\"display: flex; align-items: center; justify-content: center; top: 408.42px; left: 96.4286px; text-align: inherit; font-weight: inherit; width: 128px; height: 128px;\"><img src=\"https://lms.rocket-soft.org/store/1/default_images/stamp.png\" style=\"max-height: 100%; max-width: 100%;\"></div><div class=\"draggable-element ui-draggable ui-draggable-handle ui-draggable-dragging\" data-name=\"qr_code\" style=\"top: 58.4286px; left: 736.42px; text-align: inherit; font-weight: inherit; width: 128px; height: 128px;\">[qr_code]</div></div>', NULL, '{\"title\":{\"content\":\"This certificate awarded to [student]\",\"font_size\":\"22\",\"font_color\":\"#000000\",\"styles\":null,\"font_weight_bold\":\"on\",\"enable\":\"on\"},\"subtitle\":{\"content\":\"regarding completing [course]\",\"font_size\":\"18\",\"font_color\":\"#000000\",\"styles\":null,\"enable\":\"on\"},\"body\":{\"content\":null,\"font_size\":null,\"font_color\":\"#000000\",\"styles\":null},\"date\":{\"display_date\":\"textual\",\"font_size\":null,\"font_color\":\"#000000\",\"styles\":null,\"content\":\"[date]\"},\"qr_code\":{\"image_size\":\"128\",\"enable\":\"on\",\"content\":\"[qr_code]\"},\"hint\":{\"content\":null,\"font_size\":null,\"font_color\":\"#000000\",\"styles\":null},\"student_name\":{\"font_size\":\"22\",\"font_color\":\"#000000\",\"styles\":null,\"font_weight_bold\":\"on\",\"content\":\"[student_name]\"},\"instructor_name\":{\"font_size\":null,\"font_color\":\"#000000\",\"styles\":null,\"content\":\"[instructor_name]\"},\"platform_name\":{\"font_size\":null,\"font_color\":\"#000000\",\"styles\":null,\"content\":\"[platform_name]\"},\"course_name\":{\"font_size\":\"18\",\"font_color\":\"#000000\",\"styles\":null,\"content\":\"[course_name]\"},\"instructor_signature\":{\"content\":\"[instructor_signature]\"},\"platform_signature\":{\"image\":\"\\/store\\/1\\/default_images\\/signature.png\",\"image_size\":\"128\",\"enable\":\"on\"},\"stamp\":{\"image\":\"\\/store\\/1\\/default_images\\/stamp.png\",\"image_size\":\"128\",\"enable\":\"on\"}}');

-- --------------------------------------------------------

--
-- Table structure for table `comments`
--

CREATE TABLE `comments` (
  `id` int UNSIGNED NOT NULL,
  `user_id` int UNSIGNED NOT NULL,
  `review_id` int UNSIGNED DEFAULT NULL,
  `webinar_id` int UNSIGNED DEFAULT NULL,
  `bundle_id` int UNSIGNED DEFAULT NULL,
  `upcoming_course_id` int UNSIGNED DEFAULT NULL,
  `blog_id` int UNSIGNED DEFAULT NULL,
  `product_id` int UNSIGNED DEFAULT NULL,
  `product_review_id` int UNSIGNED DEFAULT NULL,
  `reply_id` int UNSIGNED DEFAULT NULL,
  `comment` text CHARACTER SET utf8mb4 COLLATE utf8mb4_unicode_ci,
  `status` enum('pending','active') CHARACTER SET utf8mb4 COLLATE utf8mb4_unicode_ci NOT NULL,
  `report` tinyint(1) NOT NULL DEFAULT '0',
  `disabled` tinyint(1) NOT NULL DEFAULT '0',
  `created_at` int NOT NULL,
  `viewed_at` int UNSIGNED DEFAULT NULL
) ENGINE=InnoDB DEFAULT CHARSET=utf8mb4 COLLATE=utf8mb4_unicode_ci ROW_FORMAT=DYNAMIC;

--
-- Dumping data for table `comments`
--

INSERT INTO `comments` (`id`, `user_id`, `review_id`, `webinar_id`, `bundle_id`, `upcoming_course_id`, `blog_id`, `product_id`, `product_review_id`, `reply_id`, `comment`, `status`, `report`, `disabled`, `created_at`, `viewed_at`) VALUES
(68, 1049, NULL, NULL, NULL, NULL, 28, NULL, NULL, NULL, 'IELTS General Reading is significantly different from IELTS Academic; the types of Reading passages are different, and it’s scored differently. To see how questions are weighed for the IELTS General Reading score vs. the IELTS Academic Reading score, go to Magoosh’s IELTS Score calculator and scroll down to the tables for “Raw to band score conversion” for both General Reading and Academic', 'active', 0, 0, 1745753853, NULL);

-- --------------------------------------------------------

--
-- Table structure for table `comments_reports`
--

CREATE TABLE `comments_reports` (
  `id` int UNSIGNED NOT NULL,
  `user_id` int UNSIGNED NOT NULL,
  `blog_id` int UNSIGNED DEFAULT NULL,
  `product_id` int UNSIGNED DEFAULT NULL,
  `webinar_id` int UNSIGNED DEFAULT NULL,
  `bundle_id` int UNSIGNED DEFAULT NULL,
  `comment_id` int UNSIGNED NOT NULL,
  `message` text CHARACTER SET utf8mb4 COLLATE utf8mb4_unicode_ci NOT NULL,
  `created_at` int UNSIGNED NOT NULL
) ENGINE=InnoDB DEFAULT CHARSET=utf8mb4 COLLATE=utf8mb4_unicode_ci ROW_FORMAT=DYNAMIC;

-- --------------------------------------------------------

--
-- Table structure for table `contacts`
--

CREATE TABLE `contacts` (
  `id` int UNSIGNED NOT NULL,
  `name` varchar(255) CHARACTER SET utf8mb4 COLLATE utf8mb4_unicode_ci NOT NULL,
  `email` varchar(255) CHARACTER SET utf8mb4 COLLATE utf8mb4_unicode_ci NOT NULL,
  `phone` varchar(255) CHARACTER SET utf8mb4 COLLATE utf8mb4_unicode_ci NOT NULL,
  `subject` varchar(255) CHARACTER SET utf8mb4 COLLATE utf8mb4_unicode_ci NOT NULL,
  `message` text CHARACTER SET utf8mb4 COLLATE utf8mb4_unicode_ci NOT NULL,
  `reply` text CHARACTER SET utf8mb4 COLLATE utf8mb4_unicode_ci,
  `status` enum('pending','replied') CHARACTER SET utf8mb4 COLLATE utf8mb4_unicode_ci NOT NULL DEFAULT 'pending',
  `created_at` int UNSIGNED NOT NULL
) ENGINE=InnoDB DEFAULT CHARSET=utf8mb4 COLLATE=utf8mb4_unicode_ci ROW_FORMAT=DYNAMIC;

-- --------------------------------------------------------

--
-- Table structure for table `content_delete_requests`
--

CREATE TABLE `content_delete_requests` (
  `id` int UNSIGNED NOT NULL,
  `user_id` int UNSIGNED NOT NULL,
  `targetable_id` int UNSIGNED NOT NULL,
  `targetable_type` varchar(255) CHARACTER SET utf8mb4 COLLATE utf8mb4_unicode_ci NOT NULL,
  `description` text CHARACTER SET utf8mb4 COLLATE utf8mb4_unicode_ci,
  `content_title` varchar(255) CHARACTER SET utf8mb4 COLLATE utf8mb4_unicode_ci DEFAULT NULL,
  `content_published_date` bigint UNSIGNED DEFAULT NULL,
  `customers_count` int UNSIGNED DEFAULT NULL,
  `sales` decimal(15,2) DEFAULT NULL,
  `status` enum('pending','approved','rejected') CHARACTER SET utf8mb4 COLLATE utf8mb4_general_ci NOT NULL DEFAULT 'pending',
  `created_at` bigint UNSIGNED NOT NULL
) ENGINE=InnoDB DEFAULT CHARSET=utf8mb4 COLLATE=utf8mb4_general_ci;

--
-- Dumping data for table `content_delete_requests`
--

INSERT INTO `content_delete_requests` (`id`, `user_id`, `targetable_id`, `targetable_type`, `description`, `content_title`, `content_published_date`, `customers_count`, `sales`, `status`, `created_at`) VALUES
(1, 1015, 1996, 'App\\Models\\Webinar', 'I would like to release an update for this course. Could you please delete it?', 'Learn Linux in 5 Days', 1624943782, 5, 0.00, 'pending', 1709711134);

-- --------------------------------------------------------

--
-- Table structure for table `course_learning_last_views`
--

CREATE TABLE `course_learning_last_views` (
  `id` int UNSIGNED NOT NULL,
  `user_id` int UNSIGNED NOT NULL,
  `webinar_id` int UNSIGNED NOT NULL,
  `item_id` int UNSIGNED NOT NULL,
  `item_type` enum('file','session','text_lesson','assignment','quiz') CHARACTER SET utf8mb4 COLLATE utf8mb4_general_ci NOT NULL,
  `visited_at` bigint UNSIGNED NOT NULL
) ENGINE=InnoDB DEFAULT CHARSET=utf8mb4 COLLATE=utf8mb4_general_ci;

-- --------------------------------------------------------

--
-- Table structure for table `course_noticeboards`
--

CREATE TABLE `course_noticeboards` (
  `id` int UNSIGNED NOT NULL,
  `creator_id` int UNSIGNED NOT NULL,
  `webinar_id` int UNSIGNED NOT NULL,
  `color` enum('warning','danger','neutral','info','success') CHARACTER SET utf8mb4 COLLATE utf8mb4_unicode_ci NOT NULL,
  `title` varchar(255) CHARACTER SET utf8mb4 COLLATE utf8mb4_unicode_ci NOT NULL,
  `message` text CHARACTER SET utf8mb4 COLLATE utf8mb4_unicode_ci NOT NULL,
  `created_at` bigint UNSIGNED NOT NULL
) ENGINE=InnoDB DEFAULT CHARSET=utf8mb4 COLLATE=utf8mb4_unicode_ci;

-- --------------------------------------------------------

--
-- Table structure for table `course_noticeboard_status`
--

CREATE TABLE `course_noticeboard_status` (
  `id` int UNSIGNED NOT NULL,
  `user_id` int UNSIGNED NOT NULL,
  `noticeboard_id` int UNSIGNED NOT NULL,
  `seen_at` int UNSIGNED NOT NULL
) ENGINE=InnoDB DEFAULT CHARSET=utf8mb4 COLLATE=utf8mb4_unicode_ci;

-- --------------------------------------------------------

--
-- Table structure for table `course_personal_notes`
--

CREATE TABLE `course_personal_notes` (
  `id` int UNSIGNED NOT NULL,
  `user_id` int UNSIGNED NOT NULL,
  `course_id` int UNSIGNED NOT NULL,
  `targetable_id` int UNSIGNED NOT NULL,
  `targetable_type` varchar(255) CHARACTER SET utf8mb4 COLLATE utf8mb4_general_ci NOT NULL,
  `note` text CHARACTER SET utf8mb4 COLLATE utf8mb4_general_ci,
  `attachment` varchar(255) CHARACTER SET utf8mb4 COLLATE utf8mb4_general_ci DEFAULT NULL,
  `created_at` bigint UNSIGNED NOT NULL
) ENGINE=InnoDB DEFAULT CHARSET=utf8mb4 COLLATE=utf8mb4_general_ci;

-- --------------------------------------------------------

--
-- Table structure for table `currencies`
--

CREATE TABLE `currencies` (
  `id` int UNSIGNED NOT NULL,
  `currency` varchar(255) CHARACTER SET utf8mb4 COLLATE utf8mb4_unicode_ci NOT NULL,
  `currency_position` enum('left','right','left_with_space','right_with_space') CHARACTER SET utf8mb4 COLLATE utf8mb4_unicode_ci NOT NULL,
  `currency_separator` enum('dot','comma') CHARACTER SET utf8mb4 COLLATE utf8mb4_unicode_ci NOT NULL,
  `currency_decimal` int UNSIGNED DEFAULT NULL,
  `exchange_rate` double(15,2) DEFAULT NULL,
  `order` int UNSIGNED DEFAULT NULL,
  `created_at` bigint NOT NULL
) ENGINE=InnoDB DEFAULT CHARSET=utf8mb4 COLLATE=utf8mb4_unicode_ci;

--
-- Dumping data for table `currencies`
--

INSERT INTO `currencies` (`id`, `currency`, `currency_position`, `currency_separator`, `currency_decimal`, `exchange_rate`, `order`, `created_at`) VALUES
(4, 'EUR', 'left', 'dot', 2, 0.93, 1, 1678868603),
(6, 'INR', 'left', 'dot', 2, 82.52, 2, 1678869222);

-- --------------------------------------------------------

--
-- Table structure for table `delete_account_requests`
--

CREATE TABLE `delete_account_requests` (
  `id` int UNSIGNED NOT NULL,
  `user_id` int UNSIGNED NOT NULL,
  `created_at` bigint UNSIGNED NOT NULL
) ENGINE=InnoDB DEFAULT CHARSET=utf8mb4 COLLATE=utf8mb4_unicode_ci;

--
-- Dumping data for table `delete_account_requests`
--

INSERT INTO `delete_account_requests` (`id`, `user_id`, `created_at`) VALUES
(1, 864, 1656194622);

-- --------------------------------------------------------

--
-- Table structure for table `discounts`
--

CREATE TABLE `discounts` (
  `id` int UNSIGNED NOT NULL,
  `creator_id` int UNSIGNED NOT NULL,
  `title` varchar(255) CHARACTER SET utf8mb4 COLLATE utf8mb4_unicode_ci NOT NULL,
  `subtitle` varchar(255) CHARACTER SET utf8mb4 COLLATE utf8mb4_general_ci DEFAULT NULL,
  `discount_type` enum('percentage','fixed_amount') CHARACTER SET utf8mb4 COLLATE utf8mb4_unicode_ci NOT NULL,
  `source` enum('all','course','category','meeting','product','bundle') CHARACTER SET utf8mb4 COLLATE utf8mb4_unicode_ci NOT NULL,
  `code` varchar(64) CHARACTER SET utf8mb4 COLLATE utf8mb4_unicode_ci NOT NULL,
  `percent` int UNSIGNED DEFAULT NULL,
  `amount` int UNSIGNED DEFAULT NULL,
  `max_amount` int UNSIGNED DEFAULT NULL,
  `minimum_order` int UNSIGNED DEFAULT NULL,
  `count` int NOT NULL DEFAULT '1',
  `user_type` enum('all_users','special_users') CHARACTER SET utf8mb4 COLLATE utf8mb4_unicode_ci NOT NULL,
  `product_type` enum('all','physical','virtual') CHARACTER SET utf8mb4 COLLATE utf8mb4_unicode_ci DEFAULT NULL,
  `for_first_purchase` tinyint(1) NOT NULL DEFAULT '0',
  `status` enum('active','disable') CHARACTER SET utf8mb4 COLLATE utf8mb4_unicode_ci NOT NULL DEFAULT 'active',
  `expired_at` int UNSIGNED NOT NULL,
  `created_at` int UNSIGNED NOT NULL
) ENGINE=InnoDB DEFAULT CHARSET=utf8mb4 COLLATE=utf8mb4_unicode_ci ROW_FORMAT=DYNAMIC;

--
-- Dumping data for table `discounts`
--

INSERT INTO `discounts` (`id`, `creator_id`, `title`, `subtitle`, `discount_type`, `source`, `code`, `percent`, `amount`, `max_amount`, `minimum_order`, `count`, `user_type`, `product_type`, `for_first_purchase`, `status`, `expired_at`, `created_at`) VALUES
(7, 1, 'Black Friday', NULL, 'percentage', 'course', 'BLK2021', 20, 10, NULL, NULL, 20, 'all_users', 'all', 0, 'active', 1797193740, 1626132792),
(8, 1, 'Store Physical Products Coupon', NULL, 'percentage', 'product', 'SPGH22', 10, NULL, NULL, NULL, 5, 'all_users', 'physical', 0, 'active', 1773185400, 1656320198),
(9, 1, 'Store Virtual Products Coupon', NULL, 'percentage', 'product', 'VKRYT22', 20, NULL, NULL, NULL, 10, 'all_users', 'virtual', 0, 'active', 1775052000, 1656320568),
(10, 1, 'Categories Coupon', NULL, 'percentage', 'category', 'GJKTPW', 10, NULL, 10, NULL, 1, 'all_users', 'all', 0, 'active', 1828915200, 1656320749),
(24, 1015, 'Black Firday Offer', 'Buy now with a special offer', 'percentage', 'all', 'BLK10', 10, NULL, 50, NULL, 100, 'all_users', 'all', 0, 'active', 1806379200, 1709540145),
(25, 1, '2024 Offer for All Users', NULL, 'percentage', 'all', 'All10', 10, NULL, NULL, NULL, 50, 'all_users', 'all', 0, 'active', 1805515200, 1709728742);

-- --------------------------------------------------------

--
-- Table structure for table `discount_bundles`
--

CREATE TABLE `discount_bundles` (
  `id` int UNSIGNED NOT NULL,
  `discount_id` int UNSIGNED NOT NULL,
  `bundle_id` int UNSIGNED NOT NULL,
  `created_at` int UNSIGNED NOT NULL
) ENGINE=InnoDB DEFAULT CHARSET=utf8mb4 COLLATE=utf8mb4_unicode_ci;

-- --------------------------------------------------------

--
-- Table structure for table `discount_categories`
--

CREATE TABLE `discount_categories` (
  `id` int UNSIGNED NOT NULL,
  `discount_id` int UNSIGNED NOT NULL,
  `category_id` int UNSIGNED NOT NULL,
  `created_at` int UNSIGNED NOT NULL
) ENGINE=InnoDB DEFAULT CHARSET=utf8mb4 COLLATE=utf8mb4_unicode_ci;

-- --------------------------------------------------------

--
-- Table structure for table `discount_courses`
--

CREATE TABLE `discount_courses` (
  `id` int UNSIGNED NOT NULL,
  `discount_id` int UNSIGNED NOT NULL,
  `course_id` int UNSIGNED NOT NULL,
  `created_at` int UNSIGNED NOT NULL
) ENGINE=InnoDB DEFAULT CHARSET=utf8mb4 COLLATE=utf8mb4_unicode_ci;

-- --------------------------------------------------------

--
-- Table structure for table `discount_groups`
--

CREATE TABLE `discount_groups` (
  `id` int UNSIGNED NOT NULL,
  `discount_id` int UNSIGNED NOT NULL,
  `group_id` int UNSIGNED NOT NULL,
  `created_at` int UNSIGNED NOT NULL
) ENGINE=InnoDB DEFAULT CHARSET=utf8mb4 COLLATE=utf8mb4_unicode_ci;

-- --------------------------------------------------------

--
-- Table structure for table `discount_users`
--

CREATE TABLE `discount_users` (
  `id` int UNSIGNED NOT NULL,
  `discount_id` int UNSIGNED NOT NULL,
  `user_id` int UNSIGNED NOT NULL,
  `created_at` int UNSIGNED NOT NULL
) ENGINE=InnoDB DEFAULT CHARSET=utf8mb4 COLLATE=utf8mb4_unicode_ci ROW_FORMAT=DYNAMIC;

-- --------------------------------------------------------

--
-- Table structure for table `failed_jobs`
--

CREATE TABLE `failed_jobs` (
  `id` bigint UNSIGNED NOT NULL,
  `uuid` varchar(255) CHARACTER SET utf8mb4 COLLATE utf8mb4_unicode_ci NOT NULL,
  `connection` text CHARACTER SET utf8mb4 COLLATE utf8mb4_unicode_ci NOT NULL,
  `queue` text CHARACTER SET utf8mb4 COLLATE utf8mb4_unicode_ci NOT NULL,
  `payload` longtext CHARACTER SET utf8mb4 COLLATE utf8mb4_unicode_ci NOT NULL,
  `exception` longtext CHARACTER SET utf8mb4 COLLATE utf8mb4_unicode_ci NOT NULL,
  `failed_at` timestamp NOT NULL DEFAULT CURRENT_TIMESTAMP
) ENGINE=MyISAM DEFAULT CHARSET=utf8mb4 COLLATE=utf8mb4_unicode_ci;

-- --------------------------------------------------------

--
-- Table structure for table `faqs`
--

CREATE TABLE `faqs` (
  `id` int UNSIGNED NOT NULL,
  `creator_id` int UNSIGNED NOT NULL,
  `webinar_id` int UNSIGNED DEFAULT NULL,
  `bundle_id` int UNSIGNED DEFAULT NULL,
  `upcoming_course_id` int UNSIGNED DEFAULT NULL,
  `order` int UNSIGNED DEFAULT NULL,
  `created_at` int UNSIGNED DEFAULT NULL,
  `updated_at` int UNSIGNED DEFAULT NULL
) ENGINE=InnoDB DEFAULT CHARSET=utf8mb4 COLLATE=utf8mb4_unicode_ci ROW_FORMAT=DYNAMIC;

-- --------------------------------------------------------

--
-- Table structure for table `faq_translations`
--

CREATE TABLE `faq_translations` (
  `id` bigint UNSIGNED NOT NULL,
  `faq_id` int UNSIGNED NOT NULL,
  `locale` varchar(255) CHARACTER SET utf8mb4 COLLATE utf8mb4_unicode_ci NOT NULL,
  `title` varchar(255) CHARACTER SET utf8mb4 COLLATE utf8mb4_unicode_ci NOT NULL,
  `answer` text CHARACTER SET utf8mb4 COLLATE utf8mb4_unicode_ci NOT NULL
) ENGINE=InnoDB DEFAULT CHARSET=utf8mb4 COLLATE=utf8mb4_unicode_ci;

-- --------------------------------------------------------

--
-- Table structure for table `favorites`
--

CREATE TABLE `favorites` (
  `id` int UNSIGNED NOT NULL,
  `user_id` int UNSIGNED NOT NULL,
  `webinar_id` int UNSIGNED DEFAULT NULL,
  `bundle_id` int UNSIGNED DEFAULT NULL,
  `upcoming_course_id` int UNSIGNED DEFAULT NULL,
  `created_at` int NOT NULL
) ENGINE=InnoDB DEFAULT CHARSET=utf8mb4 COLLATE=utf8mb4_unicode_ci ROW_FORMAT=DYNAMIC;

-- --------------------------------------------------------

--
-- Table structure for table `feature_webinars`
--

CREATE TABLE `feature_webinars` (
  `id` int UNSIGNED NOT NULL,
  `webinar_id` int UNSIGNED NOT NULL,
  `page` enum('categories','home','home_categories') CHARACTER SET utf8mb4 COLLATE utf8mb4_unicode_ci NOT NULL,
  `status` enum('publish','pending') CHARACTER SET utf8mb4 COLLATE utf8mb4_unicode_ci NOT NULL,
  `updated_at` int UNSIGNED NOT NULL
) ENGINE=InnoDB DEFAULT CHARSET=utf8mb4 COLLATE=utf8mb4_unicode_ci ROW_FORMAT=DYNAMIC;

-- --------------------------------------------------------

--
-- Table structure for table `feature_webinar_translations`
--

CREATE TABLE `feature_webinar_translations` (
  `id` bigint UNSIGNED NOT NULL,
  `feature_webinar_id` int UNSIGNED NOT NULL,
  `locale` varchar(255) CHARACTER SET utf8mb4 COLLATE utf8mb4_unicode_ci NOT NULL,
  `description` text CHARACTER SET utf8mb4 COLLATE utf8mb4_unicode_ci
) ENGINE=InnoDB DEFAULT CHARSET=utf8mb4 COLLATE=utf8mb4_unicode_ci;

-- --------------------------------------------------------

--
-- Table structure for table `files`
--

CREATE TABLE `files` (
  `id` int UNSIGNED NOT NULL,
  `creator_id` int UNSIGNED NOT NULL,
  `webinar_id` int UNSIGNED NOT NULL,
  `chapter_id` int UNSIGNED DEFAULT NULL,
  `accessibility` enum('free','paid') CHARACTER SET utf8mb4 COLLATE utf8mb4_unicode_ci NOT NULL,
  `downloadable` tinyint(1) DEFAULT '0',
  `storage` enum('upload','youtube','vimeo','external_link','google_drive','dropbox','iframe','s3','upload_archive','secure_host') CHARACTER SET utf8mb4 COLLATE utf8mb4_unicode_ci NOT NULL,
  `file` text CHARACTER SET utf8mb4 COLLATE utf8mb4_unicode_ci NOT NULL,
  `volume` varchar(64) CHARACTER SET utf8mb4 COLLATE utf8mb4_unicode_ci NOT NULL,
  `file_type` varchar(64) CHARACTER SET utf8mb4 COLLATE utf8mb4_unicode_ci NOT NULL,
  `secure_host_upload_type` enum('direct','manual') CHARACTER SET utf8mb4 COLLATE utf8mb4_unicode_ci DEFAULT NULL,
  `interactive_type` enum('adobe_captivate','i_spring','custom') CHARACTER SET utf8mb4 COLLATE utf8mb4_unicode_ci DEFAULT NULL,
  `interactive_file_name` varchar(255) CHARACTER SET utf8mb4 COLLATE utf8mb4_unicode_ci DEFAULT NULL,
  `interactive_file_path` varchar(255) CHARACTER SET utf8mb4 COLLATE utf8mb4_unicode_ci DEFAULT NULL,
  `check_previous_parts` tinyint(1) NOT NULL DEFAULT '0',
  `access_after_day` int UNSIGNED DEFAULT NULL,
  `online_viewer` tinyint(1) NOT NULL DEFAULT '0',
  `order` int UNSIGNED DEFAULT NULL,
  `status` enum('active','inactive') CHARACTER SET utf8mb4 COLLATE utf8mb4_unicode_ci NOT NULL DEFAULT 'active',
  `created_at` int NOT NULL,
  `updated_at` int DEFAULT NULL,
  `deleted_at` int DEFAULT NULL
) ENGINE=InnoDB DEFAULT CHARSET=utf8mb4 COLLATE=utf8mb4_unicode_ci ROW_FORMAT=DYNAMIC;

-- --------------------------------------------------------

--
-- Table structure for table `file_translations`
--

CREATE TABLE `file_translations` (
  `id` bigint UNSIGNED NOT NULL,
  `file_id` int UNSIGNED NOT NULL,
  `locale` varchar(255) CHARACTER SET utf8mb4 COLLATE utf8mb4_unicode_ci NOT NULL,
  `title` varchar(255) CHARACTER SET utf8mb4 COLLATE utf8mb4_unicode_ci NOT NULL,
  `description` text CHARACTER SET utf8mb4 COLLATE utf8mb4_unicode_ci
) ENGINE=InnoDB DEFAULT CHARSET=utf8mb4 COLLATE=utf8mb4_unicode_ci;

-- --------------------------------------------------------

--
-- Table structure for table `filters`
--

CREATE TABLE `filters` (
  `id` int UNSIGNED NOT NULL,
  `category_id` int UNSIGNED NOT NULL
) ENGINE=InnoDB DEFAULT CHARSET=utf8mb4 COLLATE=utf8mb4_unicode_ci ROW_FORMAT=DYNAMIC;

--
-- Dumping data for table `filters`
--

INSERT INTO `filters` (`id`, `category_id`) VALUES
(1812, 525),
(1826, 525),
(1841, 525);

-- --------------------------------------------------------

--
-- Table structure for table `filter_options`
--

CREATE TABLE `filter_options` (
  `id` int UNSIGNED NOT NULL,
  `filter_id` int UNSIGNED NOT NULL,
  `order` int UNSIGNED DEFAULT NULL
) ENGINE=InnoDB DEFAULT CHARSET=utf8mb4 COLLATE=utf8mb4_unicode_ci ROW_FORMAT=DYNAMIC;

--
-- Dumping data for table `filter_options`
--

INSERT INTO `filter_options` (`id`, `filter_id`, `order`) VALUES
(9135, 1812, 1),
(9136, 1812, 2),
(9137, 1812, 3),
(9191, 1826, 1),
(9192, 1826, 3),
(9193, 1826, 2),
(9194, 1826, 4),
(9195, 1826, 5),
(9262, 1841, 1),
(9263, 1841, 2),
(9264, 1841, 3),
(9265, 1841, 4);

-- --------------------------------------------------------

--
-- Table structure for table `filter_option_translations`
--

CREATE TABLE `filter_option_translations` (
  `id` bigint UNSIGNED NOT NULL,
  `filter_option_id` int UNSIGNED NOT NULL,
  `locale` varchar(255) CHARACTER SET utf8mb4 COLLATE utf8mb4_unicode_ci NOT NULL,
  `title` varchar(255) CHARACTER SET utf8mb4 COLLATE utf8mb4_unicode_ci NOT NULL
) ENGINE=InnoDB DEFAULT CHARSET=utf8mb4 COLLATE=utf8mb4_unicode_ci;

--
-- Dumping data for table `filter_option_translations`
--

INSERT INTO `filter_option_translations` (`id`, `filter_option_id`, `locale`, `title`) VALUES
(22, 9135, 'en', 'Beginner'),
(23, 9136, 'en', 'Intermediate'),
(24, 9137, 'en', 'Expert'),
(78, 9191, 'en', 'English'),
(79, 9192, 'en', 'Português'),
(80, 9193, 'en', 'Español'),
(81, 9194, 'en', 'हिन्'),
(82, 9195, 'en', 'العربية'),
(144, 9262, 'en', 'Digital Marketing'),
(145, 9263, 'en', 'SEO'),
(146, 9264, 'en', 'Marketing Strategy'),
(147, 9265, 'en', 'Social Media Marketing');

-- --------------------------------------------------------

--
-- Table structure for table `filter_translations`
--

CREATE TABLE `filter_translations` (
  `id` bigint UNSIGNED NOT NULL,
  `filter_id` int UNSIGNED NOT NULL,
  `locale` varchar(255) CHARACTER SET utf8mb4 COLLATE utf8mb4_unicode_ci NOT NULL,
  `title` varchar(255) CHARACTER SET utf8mb4 COLLATE utf8mb4_unicode_ci NOT NULL
) ENGINE=InnoDB DEFAULT CHARSET=utf8mb4 COLLATE=utf8mb4_unicode_ci;

--
-- Dumping data for table `filter_translations`
--

INSERT INTO `filter_translations` (`id`, `filter_id`, `locale`, `title`) VALUES
(8, 1812, 'en', 'Level'),
(22, 1826, 'en', 'Language'),
(36, 1841, 'en', 'Topic');

-- --------------------------------------------------------

--
-- Table structure for table `floating_bars`
--

CREATE TABLE `floating_bars` (
  `id` int UNSIGNED NOT NULL,
  `start_at` bigint DEFAULT NULL,
  `end_at` bigint DEFAULT NULL,
  `title_color` varchar(255) CHARACTER SET utf8mb4 COLLATE utf8mb4_unicode_ci DEFAULT NULL,
  `description_color` varchar(255) CHARACTER SET utf8mb4 COLLATE utf8mb4_unicode_ci DEFAULT NULL,
  `icon` varchar(255) CHARACTER SET utf8mb4 COLLATE utf8mb4_unicode_ci DEFAULT NULL,
  `background_color` varchar(255) CHARACTER SET utf8mb4 COLLATE utf8mb4_unicode_ci DEFAULT NULL,
  `background_image` varchar(255) CHARACTER SET utf8mb4 COLLATE utf8mb4_unicode_ci DEFAULT NULL,
  `btn_url` varchar(255) CHARACTER SET utf8mb4 COLLATE utf8mb4_unicode_ci DEFAULT NULL,
  `btn_color` varchar(255) CHARACTER SET utf8mb4 COLLATE utf8mb4_unicode_ci DEFAULT NULL,
  `btn_text_color` varchar(255) CHARACTER SET utf8mb4 COLLATE utf8mb4_unicode_ci DEFAULT NULL,
  `bar_height` int DEFAULT NULL,
  `position` enum('top','bottom') CHARACTER SET utf8mb4 COLLATE utf8mb4_unicode_ci NOT NULL,
  `fixed` tinyint(1) NOT NULL DEFAULT '0',
  `enable` tinyint(1) NOT NULL DEFAULT '0'
) ENGINE=InnoDB DEFAULT CHARSET=utf8mb4 COLLATE=utf8mb4_unicode_ci;

--
-- Dumping data for table `floating_bars`
--

INSERT INTO `floating_bars` (`id`, `start_at`, `end_at`, `title_color`, `description_color`, `icon`, `background_color`, `background_image`, `btn_url`, `btn_color`, `btn_text_color`, `bar_height`, `position`, `fixed`, `enable`) VALUES
(2, 1678456800, 1755727200, '#2d2d2d', '#b3b3b3', '/store/1/topnav_icon.svg', '#1f3b64', '/store/1/topnav_background.jpg', '/classes?discount=on', '#feb702', '#ffffff', 70, 'top', 1, 0);

-- --------------------------------------------------------

--
-- Table structure for table `floating_bar_translations`
--

CREATE TABLE `floating_bar_translations` (
  `id` int UNSIGNED NOT NULL,
  `floating_bar_id` int UNSIGNED NOT NULL,
  `locale` varchar(255) CHARACTER SET utf8mb4 COLLATE utf8mb4_unicode_ci NOT NULL,
  `title` varchar(255) CHARACTER SET utf8mb4 COLLATE utf8mb4_unicode_ci DEFAULT NULL,
  `description` text CHARACTER SET utf8mb4 COLLATE utf8mb4_unicode_ci,
  `btn_text` varchar(255) CHARACTER SET utf8mb4 COLLATE utf8mb4_unicode_ci DEFAULT NULL
) ENGINE=InnoDB DEFAULT CHARSET=utf8mb4 COLLATE=utf8mb4_unicode_ci;

--
-- Dumping data for table `floating_bar_translations`
--

INSERT INTO `floating_bar_translations` (`id`, `floating_bar_id`, `locale`, `title`, `description`, `btn_text`) VALUES
(3, 2, 'en', 'New Years Day Celebration', 'Get all courses with 50 to 70% off without any limitation', 'View Courses');

-- --------------------------------------------------------

--
-- Table structure for table `follows`
--

CREATE TABLE `follows` (
  `id` int UNSIGNED NOT NULL,
  `follower` int UNSIGNED NOT NULL,
  `user_id` int UNSIGNED NOT NULL,
  `status` enum('requested','accepted','rejected') CHARACTER SET utf8mb4 COLLATE utf8mb4_unicode_ci NOT NULL
) ENGINE=InnoDB DEFAULT CHARSET=utf8mb4 COLLATE=utf8mb4_unicode_ci ROW_FORMAT=DYNAMIC;

--
-- Dumping data for table `follows`
--

INSERT INTO `follows` (`id`, `follower`, `user_id`, `status`) VALUES
(20, 1, 1015, 'accepted');

-- --------------------------------------------------------

--
-- Table structure for table `forms`
--

CREATE TABLE `forms` (
  `id` int UNSIGNED NOT NULL,
  `url` varchar(255) CHARACTER SET utf8mb4 COLLATE utf8mb4_unicode_ci NOT NULL,
  `cover` varchar(255) CHARACTER SET utf8mb4 COLLATE utf8mb4_unicode_ci DEFAULT NULL,
  `image` varchar(255) CHARACTER SET utf8mb4 COLLATE utf8mb4_unicode_ci DEFAULT NULL,
  `enable_login` tinyint(1) NOT NULL DEFAULT '0',
  `enable_resubmission` tinyint(1) NOT NULL DEFAULT '0',
  `enable_welcome_message` tinyint(1) NOT NULL DEFAULT '0',
  `enable_tank_you_message` tinyint(1) NOT NULL DEFAULT '0',
  `welcome_message_image` varchar(255) CHARACTER SET utf8mb4 COLLATE utf8mb4_unicode_ci DEFAULT NULL,
  `tank_you_message_image` varchar(255) CHARACTER SET utf8mb4 COLLATE utf8mb4_unicode_ci DEFAULT NULL,
  `start_date` bigint UNSIGNED DEFAULT NULL,
  `end_date` bigint UNSIGNED DEFAULT NULL,
  `enable` tinyint(1) NOT NULL DEFAULT '0',
  `created_at` bigint UNSIGNED NOT NULL
) ENGINE=InnoDB DEFAULT CHARSET=utf8mb4 COLLATE=utf8mb4_unicode_ci;

--
-- Dumping data for table `forms`
--

INSERT INTO `forms` (`id`, `url`, `cover`, `image`, `enable_login`, `enable_resubmission`, `enable_welcome_message`, `enable_tank_you_message`, `welcome_message_image`, `tank_you_message_image`, `start_date`, `end_date`, `enable`, `created_at`) VALUES
(2, 'teacher_form', '/store/1/default_images/16.jpg', '/store/1/default_images/about.png', 1, 1, 1, 1, '/store/1/default_images/welcome.jpg', '/store/1/default_images/thank_you.jpg', 1694894400, 1789592400, 1, 1694945521);

-- --------------------------------------------------------

--
-- Table structure for table `form_fields`
--

CREATE TABLE `form_fields` (
  `id` int UNSIGNED NOT NULL,
  `form_id` int UNSIGNED NOT NULL,
  `type` enum('input','number','upload','date_picker','toggle','textarea','dropdown','checkbox','radio') CHARACTER SET utf8mb4 COLLATE utf8mb4_unicode_ci NOT NULL,
  `order` int DEFAULT NULL,
  `required` tinyint(1) NOT NULL DEFAULT '0'
) ENGINE=InnoDB DEFAULT CHARSET=utf8mb4 COLLATE=utf8mb4_unicode_ci;

--
-- Dumping data for table `form_fields`
--

INSERT INTO `form_fields` (`id`, `form_id`, `type`, `order`, `required`) VALUES
(1, 2, 'input', 1, 1),
(2, 2, 'input', 2, 1),
(3, 2, 'number', 4, 1),
(4, 2, 'date_picker', 5, 1),
(5, 2, 'input', 6, 1),
(6, 2, 'number', 7, 0),
(7, 2, 'radio', 3, 1),
(8, 2, 'textarea', 8, 0),
(9, 2, 'dropdown', 9, 1),
(10, 2, 'checkbox', 10, 0),
(11, 2, 'toggle', 12, 1),
(12, 2, 'upload', 11, 1);

-- --------------------------------------------------------

--
-- Table structure for table `form_field_options`
--

CREATE TABLE `form_field_options` (
  `id` int UNSIGNED NOT NULL,
  `form_field_id` int UNSIGNED NOT NULL,
  `order` int DEFAULT NULL
) ENGINE=InnoDB DEFAULT CHARSET=utf8mb4 COLLATE=utf8mb4_unicode_ci;

--
-- Dumping data for table `form_field_options`
--

INSERT INTO `form_field_options` (`id`, `form_field_id`, `order`) VALUES
(1, 7, NULL),
(2, 7, NULL),
(3, 9, NULL),
(4, 9, NULL),
(5, 10, NULL),
(6, 10, NULL),
(7, 10, NULL),
(8, 10, NULL),
(9, 10, NULL),
(10, 10, NULL);

-- --------------------------------------------------------

--
-- Table structure for table `form_field_option_translations`
--

CREATE TABLE `form_field_option_translations` (
  `id` int UNSIGNED NOT NULL,
  `form_field_option_id` int UNSIGNED NOT NULL,
  `locale` varchar(255) CHARACTER SET utf8mb4 COLLATE utf8mb4_unicode_ci NOT NULL,
  `title` varchar(255) CHARACTER SET utf8mb4 COLLATE utf8mb4_unicode_ci NOT NULL
) ENGINE=InnoDB DEFAULT CHARSET=utf8mb4 COLLATE=utf8mb4_unicode_ci;

--
-- Dumping data for table `form_field_option_translations`
--

INSERT INTO `form_field_option_translations` (`id`, `form_field_option_id`, `locale`, `title`) VALUES
(1, 1, 'en', 'Male'),
(2, 2, 'en', 'Female'),
(3, 3, 'en', 'YES'),
(4, 4, 'en', 'NO'),
(5, 5, 'en', 'Benefits'),
(6, 6, 'en', 'Company reputation'),
(7, 7, 'en', 'Location'),
(8, 8, 'en', 'Salary'),
(9, 9, 'en', 'To gain experience'),
(10, 10, 'en', 'Other');

-- --------------------------------------------------------

--
-- Table structure for table `form_field_translations`
--

CREATE TABLE `form_field_translations` (
  `id` int UNSIGNED NOT NULL,
  `form_field_id` int UNSIGNED NOT NULL,
  `locale` varchar(255) CHARACTER SET utf8mb4 COLLATE utf8mb4_unicode_ci NOT NULL,
  `title` varchar(255) CHARACTER SET utf8mb4 COLLATE utf8mb4_unicode_ci NOT NULL
) ENGINE=InnoDB DEFAULT CHARSET=utf8mb4 COLLATE=utf8mb4_unicode_ci;

--
-- Dumping data for table `form_field_translations`
--

INSERT INTO `form_field_translations` (`id`, `form_field_id`, `locale`, `title`) VALUES
(1, 1, 'en', 'First Name'),
(2, 2, 'en', 'Last Name'),
(3, 3, 'en', 'Age'),
(4, 4, 'en', 'Date of Birth'),
(5, 5, 'en', 'Address'),
(6, 6, 'en', 'Mobile Number'),
(7, 7, 'en', 'Gender'),
(8, 8, 'en', 'Educational Background'),
(9, 9, 'en', 'Have you had any previous experience with teaching?'),
(10, 10, 'en', 'What determined you to apply for this position?'),
(11, 11, 'en', 'I accept the terms and rules'),
(12, 12, 'en', 'ID Card Image');

-- --------------------------------------------------------

--
-- Table structure for table `form_roles_users_groups`
--

CREATE TABLE `form_roles_users_groups` (
  `id` int UNSIGNED NOT NULL,
  `form_id` int UNSIGNED NOT NULL,
  `role_id` int UNSIGNED DEFAULT NULL,
  `user_id` int UNSIGNED DEFAULT NULL,
  `group_id` int UNSIGNED DEFAULT NULL
) ENGINE=InnoDB DEFAULT CHARSET=utf8mb4 COLLATE=utf8mb4_unicode_ci;

--
-- Dumping data for table `form_roles_users_groups`
--

INSERT INTO `form_roles_users_groups` (`id`, `form_id`, `role_id`, `user_id`, `group_id`) VALUES
(14, 2, 2, NULL, NULL),
(15, 2, 3, NULL, NULL),
(16, 2, 4, NULL, NULL);

-- --------------------------------------------------------

--
-- Table structure for table `form_submissions`
--

CREATE TABLE `form_submissions` (
  `id` int UNSIGNED NOT NULL,
  `user_id` int UNSIGNED DEFAULT NULL,
  `form_id` int UNSIGNED NOT NULL,
  `created_at` bigint UNSIGNED NOT NULL
) ENGINE=InnoDB DEFAULT CHARSET=utf8mb4 COLLATE=utf8mb4_unicode_ci;

--
-- Dumping data for table `form_submissions`
--

INSERT INTO `form_submissions` (`id`, `user_id`, `form_id`, `created_at`) VALUES
(1, 923, 2, 1694963232),
(2, 870, 2, 1694965076),
(3, 3, 2, 1694970500);

-- --------------------------------------------------------

--
-- Table structure for table `form_submission_items`
--

CREATE TABLE `form_submission_items` (
  `id` int UNSIGNED NOT NULL,
  `submission_id` int UNSIGNED NOT NULL,
  `form_field_id` int UNSIGNED NOT NULL,
  `value` text CHARACTER SET utf8mb4 COLLATE utf8mb4_unicode_ci
) ENGINE=InnoDB DEFAULT CHARSET=utf8mb4 COLLATE=utf8mb4_unicode_ci;

--
-- Dumping data for table `form_submission_items`
--

INSERT INTO `form_submission_items` (`id`, `submission_id`, `form_field_id`, `value`) VALUES
(1, 1, 1, 'John'),
(2, 1, 2, 'Powe'),
(3, 1, 7, '1'),
(4, 1, 3, '34'),
(5, 1, 4, '1990-09-15 00:00'),
(6, 1, 5, '645-2366 Aliquam Street'),
(7, 1, 6, '4467867995'),
(8, 1, 8, 'Associate of Business Administration from Imperial College London\r\nBachelor of International Business Economics from the University of Cambridge\r\nMaster of Business Administration from King\'s College London'),
(9, 1, 9, '3'),
(10, 1, 10, '[\"9\"]'),
(11, 1, 11, 'on'),
(12, 2, 1, 'Jessica'),
(13, 2, 2, 'Wray'),
(14, 2, 7, '2'),
(15, 2, 3, '29'),
(16, 2, 4, '1994-07-20 00:00'),
(17, 2, 5, '100 Cove Harbor S'),
(18, 2, 6, '1365758544'),
(19, 2, 8, 'I’m a certified coach and author. Over the years I\'ve worked with and coached 100,000 students from all over the world.\r\nMy expertise includes science-based personal development, health & fitness advice in the following areas:\r\n- Self Improvement\r\n- Life Coaching\r\n- Stress Management\r\n- Muscle Growth & Fat Loss\r\n- Healthy Living & Meal Planning\r\n- Gym Workouts & Bodybuilding'),
(20, 2, 9, '3'),
(21, 2, 10, '[\"9\",\"8\"]'),
(22, 2, 11, 'on'),
(23, 2, 12, '/store/1015/passport.jpg'),
(24, 1, 12, '/store/1015/passport.jpg'),
(25, 3, 1, 'James'),
(26, 3, 2, 'Kong'),
(27, 3, 7, '1'),
(28, 3, 3, '20'),
(29, 3, 4, '2003-08-13'),
(30, 3, 5, '522 Broadway WIGAN WN75 9RV'),
(31, 3, 6, '12085141324'),
(32, 3, 8, 'Associate of Applied Business from Stanford University\r\nBachelor of Science in Business from Harvard University\r\nMaster of Computational Finance from University of Chicago'),
(33, 3, 9, '4'),
(34, 3, 10, '[\"9\"]'),
(35, 3, 12, '/store/3/passport.jpg'),
(36, 3, 11, 'on');

-- --------------------------------------------------------

--
-- Table structure for table `form_translations`
--

CREATE TABLE `form_translations` (
  `id` int UNSIGNED NOT NULL,
  `form_id` int UNSIGNED NOT NULL,
  `locale` varchar(255) CHARACTER SET utf8mb4 COLLATE utf8mb4_unicode_ci NOT NULL,
  `title` varchar(255) CHARACTER SET utf8mb4 COLLATE utf8mb4_unicode_ci NOT NULL,
  `heading_title` varchar(255) CHARACTER SET utf8mb4 COLLATE utf8mb4_unicode_ci DEFAULT NULL,
  `description` text CHARACTER SET utf8mb4 COLLATE utf8mb4_unicode_ci,
  `welcome_message_title` varchar(255) CHARACTER SET utf8mb4 COLLATE utf8mb4_unicode_ci DEFAULT NULL,
  `welcome_message_description` text CHARACTER SET utf8mb4 COLLATE utf8mb4_unicode_ci,
  `tank_you_message_title` varchar(255) CHARACTER SET utf8mb4 COLLATE utf8mb4_unicode_ci DEFAULT NULL,
  `tank_you_message_description` text CHARACTER SET utf8mb4 COLLATE utf8mb4_unicode_ci
) ENGINE=InnoDB DEFAULT CHARSET=utf8mb4 COLLATE=utf8mb4_unicode_ci;

--
-- Dumping data for table `form_translations`
--

INSERT INTO `form_translations` (`id`, `form_id`, `locale`, `title`, `heading_title`, `description`, `welcome_message_title`, `welcome_message_description`, `tank_you_message_title`, `tank_you_message_description`) VALUES
(2, 2, 'en', 'Teacher Registration Form', 'Teacher Registration Form', '<div>We appreciate your interest in becoming a part of our dedicated team of educators. As a teacher, you play a crucial role in shaping the future and empowering the next generation with knowledge and skills.</div><div><br></div><div>This registration form is designed to collect essential information about your qualifications and background. Your input will help us assess your suitability for a teaching position within our institution. Please take your time to complete the form accurately, as it will serve as the foundation of our evaluation process.</div><div><br></div><div>If you encounter any questions or need assistance while filling out this form, our support team is readily available to provide guidance and address your queries.</div><div><br></div><div>Thank you for considering us as the platform for your teaching journey. We believe in the power of education to transform lives, and we look forward to the possibility of having you on board to make a positive impact on our students.</div><div><br></div><div>Let\'s begin the registration process, and we wish you the best of luck in your pursuit of a fulfilling teaching career with us!</div>', 'Welcome To Rocket LMS', 'We are delighted that you have chosen to join our esteemed educational institution. Your commitment to education is greatly appreciated, and we look forward to having you as part of our team.\r\n\r\nThis registration form is the first step in the process of becoming a valued member of our teaching staff. Your expertise and passion for teaching are integral to our mission of providing a high-quality education to our students.\r\n\r\nPlease complete this form with accuracy and detail, as it will help us better understand your qualifications and preferences. If you have any questions or require assistance during the registration process, our dedicated support team is here to help.\r\n\r\nThank you for choosing to embark on this journey with us. Together, we can make a positive impact on the lives of our students and inspire them to achieve their full potential.\r\n\r\nLet\'s get started with your registration, and once again, welcome aboard!', 'Thank you for your submission', 'Your interest in joining our educational institution as a teacher is greatly appreciated. We value your dedication to the field of education and your willingness to be a part of our team.\r\n\r\nYour registration is an important step in our selection process, and we will carefully review the information you\'ve provided. Should we require any further details or have additional questions, our team will reach out to you promptly.\r\n\r\nWe understand that becoming a teacher is a significant commitment, and we are excited about the potential you bring to our institution. Your passion and expertise will undoubtedly contribute to the growth and success of our students.\r\n\r\nOnce again, thank you for taking the time to register with us. We will be in touch soon with updates on your application status. We look forward to the possibility of working together to create a positive and inspiring educational experience for all.');

-- --------------------------------------------------------

--
-- Table structure for table `forums`
--

CREATE TABLE `forums` (
  `id` int UNSIGNED NOT NULL,
  `slug` varchar(255) CHARACTER SET utf8mb4 COLLATE utf8mb4_unicode_ci NOT NULL,
  `role_id` int UNSIGNED DEFAULT NULL,
  `group_id` int UNSIGNED DEFAULT NULL,
  `parent_id` int UNSIGNED DEFAULT NULL,
  `icon` varchar(255) CHARACTER SET utf8mb4 COLLATE utf8mb4_unicode_ci DEFAULT NULL,
  `status` enum('disabled','active') CHARACTER SET utf8mb4 COLLATE utf8mb4_unicode_ci DEFAULT NULL,
  `close` tinyint(1) NOT NULL DEFAULT '0',
  `order` int DEFAULT NULL
) ENGINE=InnoDB DEFAULT CHARSET=utf8mb4 COLLATE=utf8mb4_unicode_ci;

--
-- Dumping data for table `forums`
--

INSERT INTO `forums` (`id`, `slug`, `role_id`, `group_id`, `parent_id`, `icon`, `status`, `close`, `order`) VALUES
(1, 'Lifestyle', NULL, NULL, NULL, '/store/1/default_images/forums/icons/makeup.png', 'active', 0, NULL),
(2, 'Beauty-Makeup', NULL, NULL, 1, '/store/1/default_images/forums/icons/makeup.png', 'active', 0, 1),
(3, 'Food-Beverage', NULL, NULL, 1, '/store/1/default_images/forums/icons/donut.png', 'active', 0, 2),
(4, 'Travel', NULL, NULL, 1, '/store/1/default_images/forums/icons/airplane.png', 'active', 0, 3),
(5, 'Music', NULL, NULL, NULL, '/store/1/default_images/forums/icons/love-song.png', 'active', 0, NULL),
(6, 'Marketing', NULL, NULL, NULL, '/store/1/default_images/forums/icons/advertising.png', 'active', 0, NULL),
(7, 'Digital-Marketing', NULL, NULL, 6, '/store/1/default_images/forums/icons/digital-marketing.png', 'active', 0, 1),
(8, 'Public-Relations', NULL, NULL, 6, '/store/1/default_images/forums/icons/security.png', 'active', 0, 2),
(9, 'Advertising', NULL, NULL, 6, '/store/1/default_images/forums/icons/ads.png', 'active', 0, 3),
(10, 'Social-Media', NULL, NULL, 6, '/store/1/default_images/forums/icons/twitter.png', 'active', 0, 4);

-- --------------------------------------------------------

--
-- Table structure for table `forum_featured_topics`
--

CREATE TABLE `forum_featured_topics` (
  `id` int UNSIGNED NOT NULL,
  `topic_id` int UNSIGNED NOT NULL,
  `icon` varchar(255) CHARACTER SET utf8mb4 COLLATE utf8mb4_unicode_ci NOT NULL,
  `created_at` bigint UNSIGNED NOT NULL
) ENGINE=InnoDB DEFAULT CHARSET=utf8mb4 COLLATE=utf8mb4_unicode_ci;

--
-- Dumping data for table `forum_featured_topics`
--

INSERT INTO `forum_featured_topics` (`id`, `topic_id`, `icon`, `created_at`) VALUES
(1, 9, '/store/1/default_images/forums/icons/food_forum.svg', 1655791906),
(2, 8, '/store/1/default_images/forums/icons/forum_makeup.svg', 1655793090),
(3, 5, '/store/1/default_images/forums/icons/forum_music.svg', 1655793433),
(4, 10, '/store/1/default_images/forums/icons/marketing.svg', 1656100506);

-- --------------------------------------------------------

--
-- Table structure for table `forum_recommended_topics`
--

CREATE TABLE `forum_recommended_topics` (
  `id` int UNSIGNED NOT NULL,
  `title` varchar(255) CHARACTER SET utf8mb4 COLLATE utf8mb4_unicode_ci NOT NULL,
  `icon` varchar(255) CHARACTER SET utf8mb4 COLLATE utf8mb4_unicode_ci NOT NULL,
  `created_at` bigint UNSIGNED NOT NULL
) ENGINE=InnoDB DEFAULT CHARSET=utf8mb4 COLLATE=utf8mb4_unicode_ci;

--
-- Dumping data for table `forum_recommended_topics`
--

INSERT INTO `forum_recommended_topics` (`id`, `title`, `icon`, `created_at`) VALUES
(1, 'Food & Health', '/store/1/default_images/forums/icons/dish.png', 1655794486),
(2, 'Math', '/store/1/default_images/forums/icons/drawing-compass.png', 1655796024),
(3, 'Marketing', '/store/1/default_images/forums/icons/target.png', 1655796482),
(4, 'Language', '/store/1/default_images/forums/icons/translate.png', 1655796824);

-- --------------------------------------------------------

--
-- Table structure for table `forum_recommended_topic_items`
--

CREATE TABLE `forum_recommended_topic_items` (
  `id` int UNSIGNED NOT NULL,
  `recommended_topic_id` int UNSIGNED NOT NULL,
  `topic_id` int UNSIGNED NOT NULL,
  `created_at` bigint UNSIGNED NOT NULL
) ENGINE=InnoDB DEFAULT CHARSET=utf8mb4 COLLATE=utf8mb4_unicode_ci;

--
-- Dumping data for table `forum_recommended_topic_items`
--

INSERT INTO `forum_recommended_topic_items` (`id`, `recommended_topic_id`, `topic_id`, `created_at`) VALUES
(35, 4, 2, 1656142901),
(36, 4, 3, 1656142901),
(37, 4, 7, 1656142901),
(38, 4, 9, 1656142901),
(39, 4, 10, 1656142901),
(40, 3, 7, 1656142907),
(41, 3, 9, 1656142907),
(42, 3, 4, 1656142907),
(43, 3, 2, 1656142907),
(44, 3, 10, 1656142907),
(45, 2, 4, 1656142913),
(46, 2, 7, 1656142913),
(47, 2, 8, 1656142913),
(48, 2, 9, 1656142913),
(49, 2, 10, 1656142913),
(50, 1, 9, 1656142919),
(51, 1, 8, 1656142919),
(52, 1, 7, 1656142919),
(53, 1, 3, 1656142919),
(54, 1, 10, 1656142919);

-- --------------------------------------------------------

--
-- Table structure for table `forum_topic_attachments`
--

CREATE TABLE `forum_topic_attachments` (
  `id` int UNSIGNED NOT NULL,
  `creator_id` int UNSIGNED NOT NULL,
  `topic_id` int UNSIGNED NOT NULL,
  `path` varchar(255) CHARACTER SET utf8mb4 COLLATE utf8mb4_unicode_ci NOT NULL
) ENGINE=InnoDB DEFAULT CHARSET=utf8mb4 COLLATE=utf8mb4_unicode_ci;

--
-- Dumping data for table `forum_topic_attachments`
--

INSERT INTO `forum_topic_attachments` (`id`, `creator_id`, `topic_id`, `path`) VALUES
(1, 1017, 3, '/store/1017/background-sea-water.jpg');

-- --------------------------------------------------------

--
-- Table structure for table `forum_topic_bookmarks`
--

CREATE TABLE `forum_topic_bookmarks` (
  `id` int UNSIGNED NOT NULL,
  `user_id` int UNSIGNED NOT NULL,
  `topic_id` int UNSIGNED NOT NULL,
  `created_at` bigint UNSIGNED NOT NULL
) ENGINE=InnoDB DEFAULT CHARSET=utf8mb4 COLLATE=utf8mb4_unicode_ci;

-- --------------------------------------------------------

--
-- Table structure for table `forum_topic_likes`
--

CREATE TABLE `forum_topic_likes` (
  `id` int UNSIGNED NOT NULL,
  `user_id` int UNSIGNED NOT NULL,
  `topic_id` int UNSIGNED DEFAULT NULL,
  `topic_post_id` int UNSIGNED DEFAULT NULL
) ENGINE=InnoDB DEFAULT CHARSET=utf8mb4 COLLATE=utf8mb4_unicode_ci;

-- --------------------------------------------------------

--
-- Table structure for table `forum_topic_reports`
--

CREATE TABLE `forum_topic_reports` (
  `id` int UNSIGNED NOT NULL,
  `user_id` int UNSIGNED NOT NULL,
  `topic_id` int UNSIGNED DEFAULT NULL,
  `topic_post_id` int UNSIGNED DEFAULT NULL,
  `message` text CHARACTER SET utf8mb4 COLLATE utf8mb4_unicode_ci NOT NULL,
  `created_at` bigint UNSIGNED NOT NULL
) ENGINE=InnoDB DEFAULT CHARSET=utf8mb4 COLLATE=utf8mb4_unicode_ci;

--
-- Dumping data for table `forum_topic_reports`
--

INSERT INTO `forum_topic_reports` (`id`, `user_id`, `topic_id`, `topic_post_id`, `message`, `created_at`) VALUES
(1, 996, NULL, 18, 'This is a spam comment.', 1656323052);

-- --------------------------------------------------------

--
-- Table structure for table `forum_translations`
--

CREATE TABLE `forum_translations` (
  `id` bigint UNSIGNED NOT NULL,
  `forum_id` int UNSIGNED NOT NULL,
  `locale` varchar(255) CHARACTER SET utf8mb4 COLLATE utf8mb4_unicode_ci NOT NULL,
  `title` varchar(255) CHARACTER SET utf8mb4 COLLATE utf8mb4_unicode_ci NOT NULL,
  `description` text CHARACTER SET utf8mb4 COLLATE utf8mb4_unicode_ci
) ENGINE=InnoDB DEFAULT CHARSET=utf8mb4 COLLATE=utf8mb4_unicode_ci;

--
-- Dumping data for table `forum_translations`
--

INSERT INTO `forum_translations` (`id`, `forum_id`, `locale`, `title`, `description`) VALUES
(1, 1, 'en', 'Lifestyle', 'Lifestyle is the interests, opinions, behaviours, and behavioural orientations of an individual, group, or culture. The term was introduced by Austrian psychologist Alfred Adler in his 1929 book, The Case of Miss R., with the meaning of \"a person\'s basic character as established early in childhood\".'),
(2, 2, 'en', 'Beauty & Makeup', 'How to create your natural skincare perfect'),
(3, 3, 'en', 'Food & Beverage', 'A practical forum to take your cooking skills from dull to delicious'),
(4, 4, 'en', 'Travel', 'How You Can Afford a Life of Travel and Adventure!'),
(5, 5, 'en', 'Music', 'Discuss music with The World\'s Top instructors'),
(6, 6, 'en', 'Marketing', 'Marketing is the process of exploring.'),
(7, 7, 'en', 'Digital Marketing', 'Master Digital Marketing Strategy'),
(8, 8, 'en', 'Public Relations', 'Everything you need to know to be successful at PR'),
(9, 9, 'en', 'Advertising', 'Learn the inner workings of a massive digital industry'),
(10, 10, 'en', 'Social Media', 'MASTER online marketing on Twitter, Pinterest, Instagram');

-- --------------------------------------------------------

--
-- Table structure for table `gifts`
--

CREATE TABLE `gifts` (
  `id` int UNSIGNED NOT NULL,
  `user_id` int UNSIGNED NOT NULL,
  `webinar_id` int UNSIGNED DEFAULT NULL,
  `bundle_id` int UNSIGNED DEFAULT NULL,
  `product_id` int UNSIGNED DEFAULT NULL,
  `name` varchar(255) CHARACTER SET utf8mb4 COLLATE utf8mb4_unicode_ci NOT NULL,
  `email` varchar(255) CHARACTER SET utf8mb4 COLLATE utf8mb4_unicode_ci NOT NULL,
  `date` bigint UNSIGNED DEFAULT NULL,
  `description` text CHARACTER SET utf8mb4 COLLATE utf8mb4_unicode_ci,
  `viewed` tinyint(1) NOT NULL DEFAULT '0' COMMENT 'for show modal in recipient user panel',
  `status` enum('active','pending','cancel') CHARACTER SET utf8mb4 COLLATE utf8mb4_unicode_ci DEFAULT 'pending',
  `created_at` bigint UNSIGNED NOT NULL
) ENGINE=InnoDB DEFAULT CHARSET=utf8mb4 COLLATE=utf8mb4_unicode_ci;

-- --------------------------------------------------------

--
-- Table structure for table `groups`
--

CREATE TABLE `groups` (
  `id` int UNSIGNED NOT NULL,
  `creator_id` int UNSIGNED NOT NULL,
  `name` varchar(64) CHARACTER SET utf8mb4 COLLATE utf8mb4_unicode_ci DEFAULT NULL,
  `discount` int DEFAULT NULL,
  `status` enum('active','inactive') CHARACTER SET utf8mb4 COLLATE utf8mb4_unicode_ci NOT NULL DEFAULT 'inactive',
  `created_at` int UNSIGNED NOT NULL
) ENGINE=InnoDB DEFAULT CHARSET=utf8mb4 COLLATE=utf8mb4_unicode_ci ROW_FORMAT=DYNAMIC;

--
-- Dumping data for table `groups`
--

INSERT INTO `groups` (`id`, `creator_id`, `name`, `discount`, `status`, `created_at`) VALUES
(2, 1, 'Vip Instructors', 20, 'active', 1613379096),
(3, 1, 'Special Students', 10, 'active', 1614530208);

-- --------------------------------------------------------

--
-- Table structure for table `groups_registration_packages`
--

CREATE TABLE `groups_registration_packages` (
  `id` bigint UNSIGNED NOT NULL,
  `group_id` int UNSIGNED NOT NULL,
  `instructors_count` int DEFAULT NULL,
  `students_count` int DEFAULT NULL,
  `courses_capacity` int DEFAULT NULL,
  `courses_count` int DEFAULT NULL,
  `meeting_count` int DEFAULT NULL,
  `status` enum('disabled','active') CHARACTER SET utf8mb4 COLLATE utf8mb4_unicode_ci NOT NULL,
  `created_at` int UNSIGNED NOT NULL
) ENGINE=InnoDB DEFAULT CHARSET=utf8mb4 COLLATE=utf8mb4_unicode_ci;

-- --------------------------------------------------------

--
-- Table structure for table `group_users`
--

CREATE TABLE `group_users` (
  `id` int UNSIGNED NOT NULL,
  `group_id` int UNSIGNED NOT NULL,
  `user_id` int UNSIGNED NOT NULL,
  `created_at` int UNSIGNED NOT NULL
) ENGINE=InnoDB DEFAULT CHARSET=utf8mb4 COLLATE=utf8mb4_unicode_ci ROW_FORMAT=DYNAMIC;

--
-- Dumping data for table `group_users`
--

INSERT INTO `group_users` (`id`, `group_id`, `user_id`, `created_at`) VALUES
(64, 3, 996, 1625974235),
(65, 2, 3, 1625974258),
(66, 2, 1016, 1625974260);

-- --------------------------------------------------------

--
-- Table structure for table `home_page_statistics`
--

CREATE TABLE `home_page_statistics` (
  `id` int UNSIGNED NOT NULL,
  `icon` varchar(255) CHARACTER SET utf8mb4 COLLATE utf8mb4_unicode_ci NOT NULL,
  `color` varchar(255) CHARACTER SET utf8mb4 COLLATE utf8mb4_unicode_ci NOT NULL,
  `count` int UNSIGNED NOT NULL,
  `order` int UNSIGNED DEFAULT NULL,
  `created_at` bigint UNSIGNED NOT NULL
) ENGINE=InnoDB DEFAULT CHARSET=utf8mb4 COLLATE=utf8mb4_unicode_ci;

--
-- Dumping data for table `home_page_statistics`
--

INSERT INTO `home_page_statistics` (`id`, `icon`, `color`, `count`, `order`, `created_at`) VALUES
(2, '/store/1/default_images/trend_categories_icons/chess.png', '#c95d63', 20, 1, 1675870234),
(3, '/store/1/default_images/trend_categories_icons/palette.png', '#496ddb', 12, 4, 1675870276),
(4, '/store/1/default_images/trend_categories_icons/connection.png', '#717ec3', 16, 3, 1675870320),
(5, '/store/1/default_images/trend_categories_icons/family.png', '#ae8799', 78, 2, 1675870418);

-- --------------------------------------------------------

--
-- Table structure for table `home_page_statistic_translations`
--

CREATE TABLE `home_page_statistic_translations` (
  `id` int UNSIGNED NOT NULL,
  `home_page_statistic_id` int UNSIGNED NOT NULL,
  `locale` varchar(255) CHARACTER SET utf8mb4 COLLATE utf8mb4_unicode_ci NOT NULL,
  `title` varchar(255) CHARACTER SET utf8mb4 COLLATE utf8mb4_unicode_ci NOT NULL,
  `description` text CHARACTER SET utf8mb4 COLLATE utf8mb4_unicode_ci NOT NULL
) ENGINE=InnoDB DEFAULT CHARSET=utf8mb4 COLLATE=utf8mb4_unicode_ci;

--
-- Dumping data for table `home_page_statistic_translations`
--

INSERT INTO `home_page_statistic_translations` (`id`, `home_page_statistic_id`, `locale`, `title`, `description`) VALUES
(2, 2, 'en', 'Skillful Instructors', 'Start learning from experienced instructors.'),
(3, 3, 'en', 'Video Courses', 'Learn without any geographical & time limitations.'),
(4, 4, 'en', 'Live Classes', 'Improve your skills using live knowledge flow.'),
(5, 5, 'en', 'Happy Students', 'are available to help you by their knowledge');

-- --------------------------------------------------------

--
-- Table structure for table `home_sections`
--

CREATE TABLE `home_sections` (
  `id` int UNSIGNED NOT NULL,
  `name` enum('featured_classes','latest_bundles','latest_classes','best_rates','trend_categories','full_advertising_banner','best_sellers','discount_classes','free_classes','store_products','testimonials','subscribes','find_instructors','reward_program','become_instructor','forum_section','video_or_image_section','instructors','half_advertising_banner','organizations','blog','upcoming_courses') CHARACTER SET utf8mb4 COLLATE utf8mb4_unicode_ci NOT NULL,
  `order` int UNSIGNED NOT NULL
) ENGINE=InnoDB DEFAULT CHARSET=utf8mb4 COLLATE=utf8mb4_unicode_ci;

--
-- Dumping data for table `home_sections`
--

INSERT INTO `home_sections` (`id`, `name`, `order`) VALUES
(5, 'best_sellers', 1),
(9, 'discount_classes', 3),
(12, 'become_instructor', 4),
(19, 'half_advertising_banner', 5),
(32, 'latest_classes', 2),
(33, 'blog', 6);

-- --------------------------------------------------------

--
-- Table structure for table `installments`
--

CREATE TABLE `installments` (
  `id` int UNSIGNED NOT NULL,
  `target_type` enum('all','courses','store_products','bundles','meetings','registration_packages','subscription_packages') CHARACTER SET utf8mb4 COLLATE utf8mb4_unicode_ci NOT NULL,
  `target` varchar(255) CHARACTER SET utf8mb4 COLLATE utf8mb4_unicode_ci DEFAULT NULL,
  `capacity` int UNSIGNED DEFAULT NULL,
  `start_date` bigint UNSIGNED DEFAULT NULL,
  `end_date` bigint UNSIGNED DEFAULT NULL,
  `verification` tinyint(1) NOT NULL DEFAULT '0',
  `request_uploads` tinyint(1) NOT NULL DEFAULT '0',
  `bypass_verification_for_verified_users` tinyint(1) NOT NULL DEFAULT '0',
  `upfront` double(15,2) DEFAULT NULL,
  `upfront_type` enum('fixed_amount','percent') CHARACTER SET utf8mb4 COLLATE utf8mb4_unicode_ci DEFAULT NULL,
  `enable` tinyint(1) NOT NULL DEFAULT '0',
  `created_at` bigint UNSIGNED NOT NULL
) ENGINE=InnoDB DEFAULT CHARSET=utf8mb4 COLLATE=utf8mb4_unicode_ci;

--
-- Dumping data for table `installments`
--

INSERT INTO `installments` (`id`, `target_type`, `target`, `capacity`, `start_date`, `end_date`, `verification`, `request_uploads`, `bypass_verification_for_verified_users`, `upfront`, `upfront_type`, `enable`, `created_at`) VALUES
(1, 'courses', 'specific_courses', 10, 1672549200, NULL, 1, 1, 0, 30.00, 'percent', 1, 1678904056);

-- --------------------------------------------------------

--
-- Table structure for table `installment_orders`
--

CREATE TABLE `installment_orders` (
  `id` int UNSIGNED NOT NULL,
  `installment_id` int UNSIGNED NOT NULL,
  `user_id` int UNSIGNED NOT NULL,
  `webinar_id` int UNSIGNED DEFAULT NULL,
  `product_id` int UNSIGNED DEFAULT NULL,
  `bundle_id` int UNSIGNED DEFAULT NULL,
  `subscribe_id` int UNSIGNED DEFAULT NULL,
  `registration_package_id` int UNSIGNED DEFAULT NULL,
  `product_order_id` int UNSIGNED DEFAULT NULL,
  `item_price` double(15,2) NOT NULL DEFAULT '0.00',
  `status` enum('paying','open','rejected','pending_verification','canceled','refunded') CHARACTER SET utf8mb4 COLLATE utf8mb4_unicode_ci NOT NULL DEFAULT 'paying',
  `created_at` bigint UNSIGNED NOT NULL,
  `refund_at` bigint UNSIGNED DEFAULT NULL
) ENGINE=InnoDB DEFAULT CHARSET=utf8mb4 COLLATE=utf8mb4_unicode_ci;

-- --------------------------------------------------------

--
-- Table structure for table `installment_order_attachments`
--

CREATE TABLE `installment_order_attachments` (
  `id` int UNSIGNED NOT NULL,
  `installment_order_id` int UNSIGNED NOT NULL,
  `title` varchar(255) CHARACTER SET utf8mb4 COLLATE utf8mb4_unicode_ci NOT NULL,
  `file` varchar(255) CHARACTER SET utf8mb4 COLLATE utf8mb4_unicode_ci NOT NULL
) ENGINE=InnoDB DEFAULT CHARSET=utf8mb4 COLLATE=utf8mb4_unicode_ci;

-- --------------------------------------------------------

--
-- Table structure for table `installment_order_payments`
--

CREATE TABLE `installment_order_payments` (
  `id` int UNSIGNED NOT NULL,
  `installment_order_id` int UNSIGNED NOT NULL,
  `sale_id` int UNSIGNED DEFAULT NULL,
  `type` enum('upfront','step') CHARACTER SET utf8mb4 COLLATE utf8mb4_unicode_ci NOT NULL,
  `selected_installment_step_id` int UNSIGNED DEFAULT NULL,
  `amount` double(15,2) NOT NULL,
  `status` enum('paying','paid','canceled','refunded') CHARACTER SET utf8mb4 COLLATE utf8mb4_unicode_ci NOT NULL DEFAULT 'paying',
  `created_at` bigint UNSIGNED NOT NULL
) ENGINE=InnoDB DEFAULT CHARSET=utf8mb4 COLLATE=utf8mb4_unicode_ci;

-- --------------------------------------------------------

--
-- Table structure for table `installment_reminders`
--

CREATE TABLE `installment_reminders` (
  `id` int UNSIGNED NOT NULL,
  `user_id` int UNSIGNED NOT NULL,
  `installment_order_id` int UNSIGNED NOT NULL,
  `installment_step_id` int UNSIGNED NOT NULL,
  `type` enum('before_due','due','after_due') CHARACTER SET utf8mb4 COLLATE utf8mb4_unicode_ci NOT NULL,
  `created_at` bigint UNSIGNED NOT NULL
) ENGINE=InnoDB DEFAULT CHARSET=utf8mb4 COLLATE=utf8mb4_unicode_ci;

-- --------------------------------------------------------

--
-- Table structure for table `installment_specification_items`
--

CREATE TABLE `installment_specification_items` (
  `id` int UNSIGNED NOT NULL,
  `installment_id` int UNSIGNED NOT NULL,
  `category_id` int UNSIGNED DEFAULT NULL,
  `instructor_id` int UNSIGNED DEFAULT NULL,
  `seller_id` int UNSIGNED DEFAULT NULL,
  `webinar_id` int UNSIGNED DEFAULT NULL,
  `product_id` int UNSIGNED DEFAULT NULL,
  `bundle_id` int UNSIGNED DEFAULT NULL,
  `subscribe_id` int UNSIGNED DEFAULT NULL,
  `registration_package_id` int UNSIGNED DEFAULT NULL
) ENGINE=InnoDB DEFAULT CHARSET=utf8mb4 COLLATE=utf8mb4_unicode_ci;

-- --------------------------------------------------------

--
-- Table structure for table `installment_steps`
--

CREATE TABLE `installment_steps` (
  `id` int UNSIGNED NOT NULL,
  `installment_id` int UNSIGNED NOT NULL,
  `deadline` int UNSIGNED DEFAULT NULL,
  `amount` double(15,2) DEFAULT NULL,
  `amount_type` enum('fixed_amount','percent') CHARACTER SET utf8mb4 COLLATE utf8mb4_unicode_ci DEFAULT NULL,
  `order` int UNSIGNED DEFAULT NULL
) ENGINE=InnoDB DEFAULT CHARSET=utf8mb4 COLLATE=utf8mb4_unicode_ci;

--
-- Dumping data for table `installment_steps`
--

INSERT INTO `installment_steps` (`id`, `installment_id`, `deadline`, `amount`, `amount_type`, `order`) VALUES
(1, 1, 90, 20.00, 'percent', 0),
(2, 1, 180, 30.00, 'percent', 1),
(3, 1, 270, 30.00, 'percent', 2);

-- --------------------------------------------------------

--
-- Table structure for table `installment_step_translations`
--

CREATE TABLE `installment_step_translations` (
  `id` int UNSIGNED NOT NULL,
  `installment_step_id` int UNSIGNED NOT NULL,
  `locale` varchar(255) CHARACTER SET utf8mb4 COLLATE utf8mb4_unicode_ci NOT NULL,
  `title` varchar(255) CHARACTER SET utf8mb4 COLLATE utf8mb4_unicode_ci NOT NULL
) ENGINE=InnoDB DEFAULT CHARSET=utf8mb4 COLLATE=utf8mb4_unicode_ci;

--
-- Dumping data for table `installment_step_translations`
--

INSERT INTO `installment_step_translations` (`id`, `installment_step_id`, `locale`, `title`) VALUES
(1, 1, 'en', 'First Installment'),
(2, 2, 'en', 'Second Installment'),
(3, 3, 'en', 'Third Installment');

-- --------------------------------------------------------

--
-- Table structure for table `installment_translations`
--

CREATE TABLE `installment_translations` (
  `id` int UNSIGNED NOT NULL,
  `installment_id` int UNSIGNED NOT NULL,
  `locale` varchar(255) CHARACTER SET utf8mb4 COLLATE utf8mb4_unicode_ci NOT NULL,
  `title` varchar(255) CHARACTER SET utf8mb4 COLLATE utf8mb4_unicode_ci NOT NULL,
  `main_title` varchar(255) CHARACTER SET utf8mb4 COLLATE utf8mb4_unicode_ci NOT NULL,
  `description` text CHARACTER SET utf8mb4 COLLATE utf8mb4_unicode_ci NOT NULL,
  `banner` varchar(255) CHARACTER SET utf8mb4 COLLATE utf8mb4_unicode_ci DEFAULT NULL,
  `options` text CHARACTER SET utf8mb4 COLLATE utf8mb4_unicode_ci,
  `verification_description` text CHARACTER SET utf8mb4 COLLATE utf8mb4_unicode_ci,
  `verification_banner` varchar(255) CHARACTER SET utf8mb4 COLLATE utf8mb4_unicode_ci DEFAULT NULL,
  `verification_video` varchar(255) CHARACTER SET utf8mb4 COLLATE utf8mb4_unicode_ci DEFAULT NULL
) ENGINE=InnoDB DEFAULT CHARSET=utf8mb4 COLLATE=utf8mb4_unicode_ci;

--
-- Dumping data for table `installment_translations`
--

INSERT INTO `installment_translations` (`id`, `installment_id`, `locale`, `title`, `main_title`, `description`, `banner`, `options`, `verification_description`, `verification_banner`, `verification_video`) VALUES
(1, 1, 'en', 'Christmas installment plan', 'Installment payment On Christmas', 'Buy your courses in installments.', '/store/1/default_images/Installments/installment_banner.png', 'Instant access to course files88889 months payment duration8888No price difference with cash payments8888Get points after finalizing installments', '<p>To use this installment plan, you should attach a picture of your ID card and your 3-month bank account statement.</p><p>We will try to review your request as soon as possible.</p>', '/store/1/default_images/Installments/verification_image.png', NULL);

-- --------------------------------------------------------

--
-- Table structure for table `installment_user_groups`
--

CREATE TABLE `installment_user_groups` (
  `id` int UNSIGNED NOT NULL,
  `installment_id` int UNSIGNED NOT NULL,
  `group_id` int UNSIGNED DEFAULT NULL
) ENGINE=InnoDB DEFAULT CHARSET=utf8mb4 COLLATE=utf8mb4_unicode_ci;

-- --------------------------------------------------------

--
-- Table structure for table `ip_restrictions`
--

CREATE TABLE `ip_restrictions` (
  `id` int UNSIGNED NOT NULL,
  `type` enum('full_ip','ip_range','country') CHARACTER SET utf8mb4 COLLATE utf8mb4_general_ci NOT NULL,
  `value` varchar(255) CHARACTER SET utf8mb4 COLLATE utf8mb4_general_ci NOT NULL COMMENT 'full ip or ip range or country name',
  `reason` text CHARACTER SET utf8mb4 COLLATE utf8mb4_general_ci NOT NULL,
  `created_at` bigint UNSIGNED NOT NULL
) ENGINE=InnoDB DEFAULT CHARSET=utf8mb4 COLLATE=utf8mb4_general_ci;

--
-- Dumping data for table `ip_restrictions`
--

INSERT INTO `ip_restrictions` (`id`, `type`, `value`, `reason`, `created_at`) VALUES
(1, 'full_ip', '139.10.13.206', 'Spammer', 1709534805),
(3, 'country', 'CK', 'Testing Country Restriction', 1709534952);

-- --------------------------------------------------------

--
-- Table structure for table `jazzcash_transactions`
--

CREATE TABLE `jazzcash_transactions` (
  `id` bigint UNSIGNED NOT NULL,
  `txn_ref_no` varchar(255) CHARACTER SET utf8mb4 COLLATE utf8mb4_unicode_ci NOT NULL,
  `order` longtext CHARACTER SET utf8mb4 COLLATE utf8mb4_bin NOT NULL COMMENT 'Order data fields and values',
  `request` longtext CHARACTER SET utf8mb4 COLLATE utf8mb4_bin NOT NULL COMMENT 'Jazzcash request data fields and values',
  `response` longtext CHARACTER SET utf8mb4 COLLATE utf8mb4_bin COMMENT 'Jazzcash response data fields and values',
  `status` enum('pending','error','completed') CHARACTER SET utf8mb4 COLLATE utf8mb4_unicode_ci NOT NULL DEFAULT 'pending',
  `created_at` timestamp NULL DEFAULT NULL,
  `updated_at` timestamp NULL DEFAULT NULL
) ENGINE=InnoDB DEFAULT CHARSET=utf8mb4 COLLATE=utf8mb4_unicode_ci;

-- --------------------------------------------------------

--
-- Table structure for table `meetings`
--

CREATE TABLE `meetings` (
  `id` int UNSIGNED NOT NULL,
  `creator_id` int UNSIGNED NOT NULL,
  `amount` double(15,2) UNSIGNED DEFAULT NULL,
  `discount` int DEFAULT NULL,
  `in_person` tinyint(1) NOT NULL DEFAULT '0',
  `in_person_amount` double(15,2) DEFAULT NULL,
  `group_meeting` tinyint(1) NOT NULL DEFAULT '0',
  `online_group_min_student` int DEFAULT NULL,
  `online_group_max_student` int DEFAULT NULL,
  `online_group_amount` double(15,2) DEFAULT NULL,
  `in_person_group_min_student` int DEFAULT NULL,
  `in_person_group_max_student` int DEFAULT NULL,
  `in_person_group_amount` double(15,2) DEFAULT NULL,
  `disabled` tinyint(1) DEFAULT '0',
  `created_at` int NOT NULL
) ENGINE=InnoDB DEFAULT CHARSET=utf8mb4 COLLATE=utf8mb4_unicode_ci ROW_FORMAT=DYNAMIC;

--
-- Dumping data for table `meetings`
--

INSERT INTO `meetings` (`id`, `creator_id`, `amount`, `discount`, `in_person`, `in_person_amount`, `group_meeting`, `online_group_min_student`, `online_group_max_student`, `online_group_amount`, `in_person_group_min_student`, `in_person_group_max_student`, `in_person_group_amount`, `disabled`, `created_at`) VALUES
(29, 923, 100.00, 10, 1, 200.00, 0, NULL, NULL, NULL, NULL, NULL, NULL, 0, 1625916131),
(30, 1015, 100.00, NULL, 1, 250.00, 1, 20, 200, 50.00, 5, 30, 150.00, 0, 1625938321),
(31, 934, 100.00, NULL, 0, NULL, 0, NULL, NULL, NULL, NULL, NULL, NULL, 0, 1625939199),
(32, 929, 200.00, NULL, 1, 500.00, 0, NULL, NULL, NULL, NULL, NULL, NULL, 0, 1625939298),
(33, 870, 100.00, NULL, 1, 200.00, 1, 20, 100, 80.00, 5, 30, 150.00, 0, 1625939436),
(34, 3, 50.00, NULL, 0, NULL, 0, NULL, NULL, NULL, NULL, NULL, NULL, 1, 1625939607),
(35, 1016, 60.00, NULL, 0, NULL, 0, NULL, NULL, NULL, NULL, NULL, NULL, 0, 1625941278),
(36, 1049, NULL, NULL, 0, NULL, 0, NULL, NULL, NULL, NULL, NULL, NULL, 0, 1745750159);

-- --------------------------------------------------------

--
-- Table structure for table `meeting_times`
--

CREATE TABLE `meeting_times` (
  `id` int UNSIGNED NOT NULL,
  `meeting_id` int UNSIGNED NOT NULL,
  `meeting_type` enum('all','in_person','online') CHARACTER SET utf8mb4 COLLATE utf8mb4_unicode_ci NOT NULL DEFAULT 'all',
  `day_label` enum('saturday','sunday','monday','tuesday','wednesday','thursday','friday') CHARACTER SET utf8mb4 COLLATE utf8mb4_unicode_ci NOT NULL,
  `time` varchar(64) CHARACTER SET utf8mb4 COLLATE utf8mb4_unicode_ci NOT NULL,
  `description` text CHARACTER SET utf8mb4 COLLATE utf8mb4_unicode_ci,
  `created_at` int NOT NULL
) ENGINE=InnoDB DEFAULT CHARSET=utf8mb4 COLLATE=utf8mb4_unicode_ci ROW_FORMAT=DYNAMIC;

--
-- Dumping data for table `meeting_times`
--

INSERT INTO `meeting_times` (`id`, `meeting_id`, `meeting_type`, `day_label`, `time`, `description`, `created_at`) VALUES
(84, 29, 'all', 'monday', '09:00AM-10:00AM', NULL, 1625916149),
(85, 29, 'all', 'wednesday', '08:30AM-10:00AM', NULL, 1625916235),
(86, 29, 'all', 'thursday', '06:30PM-07:30PM', NULL, 1625916372),
(87, 29, 'all', 'monday', '07:00PM-09:00PM', NULL, 1625916397),
(88, 29, 'all', 'thursday', '09:30PM-10:30PM', NULL, 1625916437),
(89, 29, 'all', 'wednesday', '10:15AM-11:45AM', NULL, 1625916467),
(90, 29, 'all', 'wednesday', '07:30PM-09:00PM', NULL, 1625916508),
(91, 29, 'all', 'tuesday', '09:00PM-10:00PM', NULL, 1625916577),
(92, 29, 'all', 'friday', '08:30PM-10:00PM', NULL, 1625916611),
(93, 30, 'all', 'saturday', '10:00AM-11:30AM', NULL, 1625938350),
(94, 30, 'all', 'sunday', '05:00PM-06:00PM', NULL, 1625938383),
(95, 30, 'all', 'sunday', '06:30PM-07:30PM', NULL, 1625938416),
(96, 30, 'all', 'monday', '09:45AM-10:15AM', NULL, 1625938436),
(97, 30, 'all', 'monday', '11:00AM-11:45AM', NULL, 1625938462),
(98, 30, 'all', 'monday', '06:00PM-07:30PM', NULL, 1625938497),
(99, 30, 'all', 'tuesday', '08:30AM-09:30AM', NULL, 1625938517),
(100, 30, 'all', 'wednesday', '10:30AM-11:30AM', NULL, 1625938585),
(101, 30, 'all', 'thursday', '04:50PM-05:50PM', NULL, 1625938619),
(102, 30, 'all', 'wednesday', '06:00PM-07:30PM', NULL, 1625938647),
(103, 30, 'all', 'wednesday', '08:30PM-09:45PM', NULL, 1625938681),
(104, 30, 'all', 'wednesday', '10:00PM-10:30PM', NULL, 1625938700),
(105, 30, 'all', 'thursday', '06:00PM-08:00PM', NULL, 1625938755),
(106, 30, 'all', 'friday', '10:15AM-11:45AM', NULL, 1625938776),
(107, 32, 'all', 'wednesday', '09:00AM-11:30AM', NULL, 1625939319),
(108, 32, 'all', 'monday', '09:00AM-10:30AM', NULL, 1625939339),
(109, 32, 'all', 'monday', '10:45AM-11:45AM', NULL, 1625939358),
(110, 32, 'all', 'tuesday', '06:00PM-07:30PM', NULL, 1625939384),
(111, 33, 'all', 'monday', '08:00AM-09:30AM', NULL, 1625939462),
(112, 33, 'all', 'thursday', '08:30AM-09:30AM', NULL, 1625939477),
(113, 33, 'all', 'tuesday', '10:30AM-11:30AM', NULL, 1625939493),
(114, 33, 'all', 'wednesday', '08:00AM-09:00AM', NULL, 1625939508),
(115, 33, 'all', 'thursday', '09:30AM-10:30AM', NULL, 1625939527),
(116, 33, 'all', 'monday', '10:30AM-11:30AM', NULL, 1625939551),
(117, 34, 'all', 'monday', '09:30AM-10:30AM', NULL, 1625939631),
(118, 34, 'all', 'tuesday', '09:30AM-10:30AM', NULL, 1625939646),
(119, 34, 'all', 'monday', '10:45AM-11:45AM', NULL, 1625939660),
(120, 34, 'all', 'wednesday', '08:00AM-10:00AM', NULL, 1625939678),
(121, 34, 'all', 'wednesday', '10:30AM-11:30AM', NULL, 1625939700),
(122, 34, 'all', 'wednesday', '05:00PM-06:30PM', NULL, 1625939744),
(123, 34, 'all', 'thursday', '08:00PM-09:30PM', NULL, 1625939763),
(124, 35, 'all', 'monday', '09:30AM-10:30AM', NULL, 1625941315),
(125, 35, 'all', 'monday', '11:00AM-11:45AM', NULL, 1625941331),
(126, 35, 'all', 'tuesday', '08:00AM-09:30AM', NULL, 1625941347),
(127, 35, 'all', 'wednesday', '08:00AM-09:30AM', NULL, 1625941388),
(128, 35, 'all', 'wednesday', '10:00AM-11:30AM', NULL, 1625941418),
(129, 35, 'all', 'monday', '05:00PM-06:30PM', NULL, 1625941460),
(130, 35, 'all', 'wednesday', '08:00PM-09:30PM', NULL, 1625941475),
(131, 35, 'all', 'thursday', '08:00AM-09:00AM', NULL, 1625941557),
(132, 35, 'all', 'thursday', '09:30AM-10:30AM', NULL, 1625941580),
(133, 35, 'all', 'thursday', '10:45AM-11:45AM', NULL, 1625941611),
(134, 35, 'all', 'monday', '07:30PM-08:30PM', NULL, 1625941640),
(135, 35, 'all', 'thursday', '10:00PM-11:00PM', NULL, 1625941668),
(136, 35, 'all', 'monday', '09:00PM-10:00PM', NULL, 1625941731),
(137, 35, 'all', 'monday', '10:15PM-11:00PM', NULL, 1625941832),
(138, 35, 'all', 'friday', '09:00AM-10:00AM', NULL, 1625941864),
(139, 35, 'all', 'friday', '10:30AM-11:30AM', NULL, 1625941879),
(140, 31, 'all', 'monday', '08:40AM-09:40AM', NULL, 1625942014),
(141, 31, 'all', 'monday', '10:00AM-11:30AM', NULL, 1625942028),
(142, 31, 'all', 'monday', '05:00PM-06:30PM', NULL, 1625942048),
(143, 31, 'all', 'monday', '06:45PM-07:45PM', NULL, 1625942079),
(144, 31, 'all', 'monday', '08:00PM-09:30PM', NULL, 1625942101),
(145, 31, 'all', 'monday', '10:00PM-10:30PM', NULL, 1625942137),
(146, 31, 'all', 'tuesday', '08:30AM-09:30AM', NULL, 1625942159),
(147, 31, 'all', 'tuesday', '10:00AM-11:00AM', NULL, 1625942173),
(148, 31, 'all', 'tuesday', '06:00PM-07:00PM', NULL, 1625942191),
(149, 31, 'all', 'saturday', '09:30AM-10:30AM', NULL, 1625942210),
(150, 31, 'all', 'sunday', '08:30AM-09:30AM', NULL, 1625942229),
(151, 31, 'all', 'sunday', '09:45AM-10:00AM', NULL, 1625942247),
(152, 31, 'all', 'sunday', '10:30AM-11:45AM', NULL, 1625942266),
(153, 31, 'all', 'saturday', '10:45AM-11:45AM', NULL, 1625942311),
(154, 31, 'all', 'sunday', '05:00PM-06:30PM', NULL, 1625942351),
(155, 31, 'all', 'wednesday', '08:15AM-09:15AM', NULL, 1625942379),
(156, 31, 'all', 'wednesday', '09:30AM-10:30AM', NULL, 1625942395),
(157, 31, 'all', 'wednesday', '10:45AM-11:45AM', NULL, 1625942414),
(158, 31, 'all', 'thursday', '07:30AM-08:30AM', NULL, 1625942446),
(159, 31, 'all', 'thursday', '08:45AM-09:45AM', NULL, 1625942461),
(160, 31, 'all', 'thursday', '10:00AM-11:00AM', NULL, 1625942474),
(161, 31, 'all', 'thursday', '05:30PM-07:00PM', NULL, 1625942499),
(162, 31, 'all', 'friday', '09:00AM-10:00AM', NULL, 1625942521),
(163, 31, 'all', 'friday', '10:30AM-11:30AM', NULL, 1625942564),
(164, 31, 'all', 'tuesday', '08:00PM-09:00PM', NULL, 1625942840),
(165, 31, 'all', 'saturday', '06:00PM-07:00PM', NULL, 1625943005),
(166, 29, 'in_person', 'saturday', '09:30AM-10:30AM', 'Business Management Workshop.', 1646352042),
(167, 32, 'in_person', 'saturday', '06:30PM-08:30PM', 'School Management Workshop', 1646352258),
(168, 30, 'in_person', 'sunday', '10:00AM-11:30AM', 'School Management Workshop.', 1646352499),
(169, 30, 'in_person', 'tuesday', '10:30AM-11:30AM', 'Risk Management Workshop.', 1646352560),
(170, 30, 'online', 'friday', '04:30PM-05:30PM', NULL, 1646352585),
(171, 30, 'online', 'friday', '06:00PM-07:30PM', 'Risk Management Workshop.', 1646352619),
(172, 30, 'in_person', 'friday', '08:00PM-09:30PM', 'Risk Management Workshop.', 1646352638),
(173, 30, 'in_person', 'saturday', '12:15PM-01:45PM', 'Risk Management Workshop.', 1646352676);

-- --------------------------------------------------------

--
-- Table structure for table `migrations`
--

CREATE TABLE `migrations` (
  `id` int UNSIGNED NOT NULL,
  `migration` varchar(255) CHARACTER SET utf8mb4 COLLATE utf8mb4_unicode_ci NOT NULL,
  `batch` int NOT NULL
) ENGINE=InnoDB DEFAULT CHARSET=utf8mb4 COLLATE=utf8mb4_unicode_ci;

--
-- Dumping data for table `migrations`
--

INSERT INTO `migrations` (`id`, `migration`, `batch`) VALUES
(1, '2014_10_12_000000_create_users_table', 1),
(2, '2014_10_12_100000_create_password_resets_table', 1),
(3, '2020_08_09_145553_create_roles_table', 1),
(4, '2020_08_09_145834_create_sections_table', 1),
(5, '2020_08_09_145926_create_permissions_table', 1),
(6, '2020_08_24_163003_create_webinars_table', 1),
(7, '2020_08_24_164823_create_webinar_partner_teacher_table', 1),
(8, '2020_08_24_165658_create_tags_table', 1),
(9, '2020_08_24_165835_create_webinar_tag_table', 1),
(10, '2020_08_24_171611_create_categories_table', 1),
(11, '2020_08_29_052437_create_filters_table', 1),
(12, '2020_08_29_052900_create_filter_options_table', 1),
(13, '2020_08_29_054455_add_category_id_in_webinar_table', 1),
(14, '2020_09_01_174741_add_seo_description_and_start_end_time_in_webinar_table', 1),
(15, '2020_09_02_180508_create_webinar_filter_option_table', 1),
(16, '2020_09_02_193923_create_tickets_table', 1),
(17, '2020_09_02_210447_create_sessions_table', 1),
(18, '2020_09_02_212642_create_files_table', 1),
(19, '2020_09_03_175543_create_faqs_table', 1),
(20, '2020_09_08_175539_delete_webinar_tag_and_update_tag_table', 1),
(21, '2020_09_09_154522_create_quizzes_table', 1),
(22, '2020_09_09_174646_create_quizzes_questions_table', 1),
(23, '2020_09_09_182726_create_quizzes_questions_answers_table', 1),
(24, '2020_09_14_160028_create_prerequisites_table', 1),
(25, '2020_09_14_183235_nullable_item_id_in_quizzes_table', 1),
(26, '2020_09_14_190110_create_webinar_quizzes_table', 1),
(27, '2020_09_16_163835_create_quizzes_results_table', 1),
(28, '2020_09_24_102115_add_total_mark_in_quize_table', 1),
(29, '2020_09_24_132242_create_comment_table', 1),
(30, '2020_09_24_132639_create_favorites_table', 1),
(31, '2020_09_26_181200_create_certificate_table', 1),
(32, '2020_09_26_181444_create_certificates_templates_table', 1),
(33, '2020_09_30_170451_add_slug_in_webinars_table', 1),
(34, '2020_09_30_191202_create_purchases_table', 1),
(35, '2020_10_02_063828_create_rating_table', 1),
(36, '2020_10_02_094723_edit_table_and_add_foreign_key', 1),
(37, '2020_10_08_055408_add_reviwes_table', 1),
(38, '2020_10_08_084100_edit_status_comments_table', 1),
(39, '2020_10_08_121041_create_meetings_table', 2),
(40, '2020_10_08_121621_create_meeting_times_table', 2),
(41, '2020_10_08_121848_create_meeting_requests_table', 2),
(42, '2020_10_15_172913_add_about_and_head_line_in_users_table', 2),
(43, '2020_10_15_173645_create_follow_table', 2),
(46, '2020_10_17_100606_create_badges_table', 3),
(47, '2020_10_08_121848_create_reserve_meetings_table', 4),
(48, '2020_10_20_193013_update_users_table', 5),
(50, '2020_10_18_220323_convert_creatore_user_id_to_creator_id', 7),
(51, '2020_10_22_153502_create_cart_table', 7),
(52, '2020_10_22_154636_create_orders_table', 7),
(53, '2020_10_22_155930_create_order_items_table', 7),
(54, '2020_10_23_204203_create_sales_table', 7),
(55, '2020_10_23_211459_create_accounting_table', 7),
(56, '2020_10_23_213515_create_discounts_table', 7),
(57, '2020_10_23_213934_create_discount_users_table', 7),
(58, '2020_10_23_235444_create_ticket_users_table', 7),
(59, '2020_10_25_172331_create_groups_table', 7),
(60, '2020_10_25_172523_create_group_users_table', 7),
(62, '2020_11_02_202754_edit_email_in_users_table', 8),
(63, '2020_11_03_200314_edit_some_tables', 9),
(64, '2020_11_06_193300_create_settings_table', 10),
(67, '2020_11_09_202533_create_feature_webinars_table', 11),
(68, '2020_11_10_193459_edit_webinars_table', 12),
(69, '2020_11_11_203344_create_trend_categories_table', 13),
(72, '2020_11_11_222833_create_blog_categories_table', 14),
(75, '2020_11_11_231204_create_blog_table', 15),
(76, '2020_10_25_223247_add_sub_title_tickets_table', 16),
(77, '2020_10_28_001340_add_count_in_discount_users_table', 16),
(78, '2020_10_28_221509_create_payment_channels_table', 16),
(79, '2020_11_01_120909_change_class_name_enum_payment_channels_table', 16),
(80, '2020_11_07_233948_add_some_raw_in_order_items__table', 16),
(81, '2020_11_10_061350_add_discount_id_in_order_items_table', 16),
(82, '2020_11_10_071651_decimal_orders_order_items_sales_table', 16),
(83, '2020_11_11_193138_change_reference_id_type_in_orders_tabel', 16),
(84, '2020_11_11_222413_change_meeting_id_to_meeting_time_id_in_order_items_table', 16),
(85, '2020_11_11_225421_add_locked_at_and_reserved_at_and_change_request_time_to_day_in_reserve_meetings_table', 17),
(86, '2020_11_12_000116_add_type_in_orders_table', 17),
(87, '2020_11_12_001912_change_meeting_id_to_meeting_time_id_in_accounting_table', 17),
(88, '2020_11_12_133009_decimal_paid_amount_in_reserve_meetings_table', 17),
(91, '2020_11_12_170109_add_blog_id_to_comments_table', 18),
(98, '2020_11_14_201228_add_bio_and_ban_to_users_table', 20),
(99, '2020_11_14_224447_create_users_badges_table', 21),
(100, '2020_11_14_233319_create_payout_request_table', 22),
(101, '2020_11_15_010622_change_byer_id_and_add_seller_id_in_sales_table', 22),
(102, '2020_11_16_195009_create_supports_table', 22),
(103, '2020_11_16_201814_create_support_departments_table', 22),
(107, '2020_11_16_202254_create_supports_table', 23),
(109, '2020_11_17_192744_create_support_conversations_table', 24),
(110, '2020_11_17_072348_create_offline_payments_table', 25),
(111, '2020_11_19_191943_add_replied_status_to_comments_table', 25),
(114, '2020_11_20_215748_create_subscribes_table', 26),
(115, '2020_11_21_185519_create_notification_templates_table', 27),
(116, '2020_11_22_210832_create_promotions_table', 28),
(118, '2020_11_23_194153_add_status_column_to_discounts_table', 29),
(119, '2020_11_23_213532_create_users_occupations_table', 30),
(120, '2020_11_30_220855_change_amount_in_payouts_table', 31),
(121, '2020_11_30_231334_add_pay_date_in_offline_payments_table', 31),
(122, '2020_11_30_233018_add_charge_enum_in_type_in_orders_table', 31),
(123, '2020_12_01_193948_create_testimonials_table', 32),
(124, '2020_12_02_202043_edit_and_add_types_to_webinars_table', 33),
(128, '2020_12_04_204048_add_column_creator_id_to_some_tables', 34),
(129, '2020_12_05_205320_create_text_lessons_table', 35),
(130, '2020_12_05_210052_create_text_lessons_attachments_table', 36),
(131, '2020_12_06_215701_add_order_column_to_webinar_items_tables', 37),
(132, '2020_12_11_114844_add_column_storage_to_files_table', 38),
(133, '2020_12_07_211009_add_subscribe_id_in_order_items_table', 39),
(134, '2020_12_07_211657_nullable_payment_method_in_orders_table', 39),
(135, '2020_12_07_212306_add_subscribe_enum__type_in_orders_table', 39),
(136, '2020_12_07_223237_changes_in_sales_table', 39),
(137, '2020_12_07_224925_add_subscribe_id_in_accounting_table', 39),
(138, '2020_12_07_230200_create_subscribe_uses_table', 39),
(139, '2020_12_11_123209_add_subscribe_type_account_in_accounting_table', 39),
(140, '2020_12_11_132819_add_sale_id_in_subscribe_use_in_subscribe_uses_table', 39),
(141, '2020_12_11_135824_add_subscribe_payment_method_in_sales_table', 39),
(143, '2020_12_13_205751_create_advertising_banners_table', 41),
(145, '2020_12_14_204251_create_become_instructors_table', 42),
(146, '2020_11_12_232207_create_reports_table', 43),
(147, '2020_11_12_232207_create_comments_reports_table', 44),
(148, '2020_12_17_210822_create_webinar_reports_table', 45),
(150, '2020_12_18_181551_create_notifications_table', 46),
(151, '2020_12_18_195833_create_notifications_status_table', 47),
(152, '2020_12_19_195152_add_status_column_to_payment_channels_table', 48),
(154, '2020_12_20_231434_create_contacts_table', 49),
(155, '2020_12_21_210345_edit_quizzes_table', 50),
(156, '2020_12_24_221715_add_column_to_users_table', 50),
(157, '2020_12_24_084728_create_special_offers_table', 51),
(158, '2020_12_25_204545_add_promotion_enum_type_in_orders_table', 51),
(159, '2020_12_25_205139_add_promotion_id_in_order_items_table', 51),
(160, '2020_12_25_205811_add_promotion_id_in_accounting_table', 51),
(161, '2020_12_25_210341_add_promotion_id_in_sales_table', 51),
(162, '2020_12_25_212453_add_promotion_type_account_enum_in_accounting_table', 51),
(163, '2020_12_25_231005_add_promotion_type_enum_in_sales_table', 51),
(166, '2020_12_29_192943_add_column_reply_to_contacts_table', 53),
(167, '2020_12_30_225001_create_payu_transactions_table', 54),
(168, '2021_01_06_202649_edit_column_password_from_users_table', 55),
(169, '2021_01_08_134022_add_api_column_to_sessions_table', 56),
(170, '2021_01_10_215540_add_column_store_type_to_accounting', 57),
(173, '2021_01_13_214145_edit_carts_table', 58),
(174, '2021_01_13_230725_delete_column_type_from_orders_table', 59),
(175, '2021_01_20_214653_add_discount_column_to_reserve_meetings_table', 60),
(177, '2021_01_27_193915_add_foreign_key_to_support_conversations_table', 61),
(178, '2021_02_02_203821_add_viewed_at_column_to_comments_table', 62),
(180, '2021_02_12_134504_add_financial_approval_column_to_users_table', 64),
(181, '2021_02_12_131916_create_verifications_table', 65),
(182, '2021_02_15_221518_add_certificate_to_users_table', 66),
(183, '2021_02_16_194103_add_cloumn_private_to_webinars_table', 66),
(184, '2021_02_18_213601_edit_rates_column_webinar_reviews_table', 67),
(188, '2021_02_27_212131_create_noticeboards_table', 68),
(189, '2021_02_27_213940_create_noticeboards_status_table', 68),
(191, '2021_02_28_195025_edit_groups_table', 69),
(192, '2021_03_06_205221_create_newsletters_table', 70),
(193, '2021_03_12_105526_add_is_main_column_to_roles_table', 71),
(194, '2021_03_12_202441_add_description_column_to_feature_webinars_table', 72),
(195, '2021_03_18_130248_edit_status_column_from_supports_table', 73),
(196, '2021_03_19_113306_add_column_order_to_categories_table', 74),
(197, '2021_03_19_115939_add_column_order_to_filter_options_table', 75),
(199, '2021_03_24_100005_edit_discounts_table', 76),
(200, '2021_03_27_204551_create_sales_status_table', 77),
(202, '2021_03_28_182558_add_column_page_to_settings_table', 78),
(206, '2021_03_31_195835_add_new_status_in_reserve_meetings_table', 79),
(207, '2020_12_12_204705_create_course_learning_table', 80),
(208, '2021_04_19_195452_add_meta_description_column_to_blog_table', 81),
(209, '2021_04_21_200131_add_icon_column_to_categories_table', 82),
(210, '2021_04_21_203746_add_is_popular_column_to_subscribes_table', 83),
(211, '2021_04_25_203955_add_is_charge_account_column_to_order_items', 84),
(212, '2021_04_25_203955_add_is_charge_account_column_to_orders', 85),
(213, '2021_05_13_111720_add_moderator_secret_column_to_sessions_table', 86),
(214, '2021_05_13_123920_add_zoom_id_column_to_sessions_table', 87),
(215, '2021_05_14_182848_create_session_reminds_table', 88),
(217, '2021_05_25_193743_create_users_zoom_api_table', 89),
(218, '2021_05_25_205716_add_new_column_to_sessions_table', 90),
(219, '2021_05_27_095128_add_user_id_to_newsletters_table', 91),
(220, '2020_12_27_192459_create_pages_table', 92),
(221, '2021_07_03_222439_add_special_offer_id_to_cart_table', 93),
(222, '2021_09_02_101422_add_payment_data_to_orders_table', 94),
(223, '2021_09_02_110519_add_sender_id_to_notifications_table', 95),
(224, '2021_09_06_113524_create_webinar_chapters_table', 96),
(228, '2021_09_06_114459_add_chapter_id_to_files_table', 97),
(229, '2021_09_06_114532_add_chapter_id_to_text_lessons_table', 97),
(230, '2021_09_06_114547_add_chapter_id_to_sessions_table', 97),
(231, '2021_09_13_134659_add_chapter_id_to_quizzes_table', 98),
(234, '2021_09_14_122505_create_affiliates_table', 100),
(235, '2021_09_14_122117_create_affiliates_codes_table', 101),
(239, '2021_09_14_142927_add_affiliate_column_to_users_table', 105),
(241, '2021_09_14_142302_add_affiliate_column_to_accounting_table', 106),
(244, '2021_09_18_155914_create_blog_translations_table', 107),
(246, '2021_09_19_190400_create_page_translations_table', 108),
(248, '2021_09_19_203526_create_setting_translations_table', 109),
(250, '2021_09_20_140241_create_advertising_banners_translations_table', 110),
(252, '2021_09_20_175518_create_category_translations_table', 111),
(255, '2021_09_20_184724_create_filter_translations_table', 112),
(256, '2021_09_20_185132_create_filter_option_translations_table', 112),
(258, '2021_09_21_160650_create_subscribe_translations_table', 113),
(260, '2021_09_21_162922_create_promotion_translations_table', 114),
(262, '2021_09_21_164954_create_testimonial_translations_table', 115),
(264, '2021_09_21_182251_create_feature_webinar_translations_table', 116),
(266, '2021_09_21_184239_create_certificate_template_translations_table', 117),
(268, '2021_09_21_195731_create_support_department_translations_table', 118),
(270, '2021_09_21_201512_create_badge_translations_table', 119),
(272, '2021_09_22_120723_create_webinar_translations_table', 120),
(274, '2021_09_22_135518_create_ticket_translations_table', 121),
(276, '2021_09_22_144342_create_webinar_chapter_translations_table', 122),
(278, '2021_09_22_162502_create_session_translations_table', 123),
(280, '2021_09_22_172309_create_file_translations_table', 124),
(282, '2021_09_22_173500_create_faq_translations_table', 125),
(284, '2021_09_23_094903_create_text_lesson_translations_table', 126),
(286, '2021_09_27_194537_create_quiz_translations_table', 127),
(288, '2021_09_28_112529_create_quiz_question_translations_table', 128),
(290, '2021_09_28_122513_create_quizzes_questions_answer_translations_table', 129),
(291, '2021_12_03_103010_add_agora_session_api_to_sessions_table', 130),
(292, '2021_12_03_103558_add_agora_to_sessions_table', 131),
(293, '2021_12_03_114009_create_agora_history_table', 132),
(295, '2021_12_04_183524_create_regions_table', 133),
(298, '2021_12_25_151304_add_new_column_to_meetings_table', 135),
(299, '2021_12_26_142304_add_new_column_to_meeting_times_table', 136),
(302, '2022_01_01_162247_add_new_column_to_reserve_meetings_table', 137),
(305, '2022_01_02_142927_create_rewards_table', 138),
(307, '2022_01_03_153517_create_rewards_accounting_table', 139),
(308, '2022_01_04_161756_add_score_column_to_badges_table', 140),
(309, '2022_01_04_165147_add_points_column_to_webinars_table', 141),
(312, '2022_01_08_154504_edit_storage_column_and_add_new_value_to_files_table', 142),
(313, '2022_01_11_162839_add_timezone_column_to_users_table', 143),
(314, '2022_01_12_142238_add_timezone_column_to_webinars_table', 144),
(315, '2022_01_15_131828_create_registration_packages_table', 145),
(319, '2022_01_15_203133_edit_columns_in_accounting_table', 146),
(320, '2022_01_16_102825_edit_columns_in_order_items_table', 147),
(321, '2022_01_17_152605_add_registration_package_id_to_sales_table', 148),
(322, '2022_01_18_103414_create_users_registration_packages_table', 149),
(323, '2022_01_18_113331_create_groups_registration_packages_table', 150),
(325, '2022_01_20_110119_add_become_instructor_id_column_to_order_items_table', 152),
(326, '2022_01_18_160228_add_column_role_to_become_instructors_table', 153),
(327, '2022_01_26_080434_add_reserve_date_columns_to_reserve_meetings_table', 154),
(328, '2022_01_28_094259_edit_column_in_discounts_table', 155),
(329, '2022_01_28_094515_create_discount_courses_table', 155),
(330, '2022_01_28_094527_create_discount_groups_table', 155),
(331, '2022_01_31_093231_add_column_description_to_meeting_times_table', 156),
(332, '2022_01_31_093306_add_column_description_to_reserve_meetings_table', 156),
(334, '2022_02_01_092922_create_newsletters_history_table', 157),
(335, '2022_02_01_104529_create_discount_categories_table', 158),
(337, '2022_02_02_092820_add_attachment_column_to_offline_payments_table', 159),
(339, '2022_02_02_184235_add_column_video_demo_source_to_webinars_table', 160),
(340, '2021_12_05_193333_add_new_column_to_users_table', 161),
(341, '2022_02_27_072819_add_forign_key_for_region_to_users_table', 162),
(347, '2022_03_05_123830_create_product_categories_table', 163),
(348, '2022_03_05_125138_create_product_filters_table', 163),
(350, '2022_03_06_091528_create_product_filter_options_table', 163),
(351, '2022_03_07_081257_create_product_specifications_table', 164),
(353, '2022_03_07_081808_create_product_specification_categories_table', 165),
(357, '2022_03_05_125434_create_products_table', 166),
(358, '2022_03_07_093128_create_product_discounts_table', 166),
(362, '2022_03_08_101832_create_product_media_table', 167),
(363, '2022_03_09_054031_create_product_selected_filter_options_table', 168),
(364, '2022_03_09_083337_create_product_specification_meta_table', 169),
(369, '2022_03_09_084108_create_product_selected_specifications_table', 170),
(370, '2022_03_09_140558_create_product_faqs_table', 171),
(374, '2022_03_11_180436_create_product_reviews_table', 174),
(375, '2022_03_11_182715_add_product_id_to_comments_reports_table', 175),
(376, '2022_03_08_094452_create_product_files_table', 176),
(377, '2022_03_11_180746_add_product_id_to_comments_table', 177),
(378, '2022_03_12_102233_add_new_position_to_advertising_banners_table', 178),
(383, '2022_03_13_072108_add_product_id_to_sales_table', 179),
(385, '2022_03_13_081212_create_product_orders_table', 180),
(386, '2022_03_19_171559_create_product_selected_specification_translations_table', 181),
(387, '2022_03_21_161055_add_create_store_column_to_users_table', 182),
(388, '2022_03_26_065509_add_new_type_to_rewards_table', 183),
(389, '2022_03_28_051949_add_product_count_column_to_registration_packages_table', 184),
(391, '2022_03_28_054322_add_product_type_column_to_discounts_table', 185),
(392, '2022_03_28_062248_edit_type_column_of_rewards_accounting_table', 186),
(393, '2022_03_28_083906_edit_type_column_to_badges_table', 187),
(394, '2022_04_02_051515_create_webinar_chapter_items_table', 188),
(395, '2022_04_02_085059_remove_type_column_from_webinar_chapters_table', 189),
(396, '2022_04_02_131352_add_check_sequence_content_fields_to_contents_tables', 190),
(399, '2022_04_04_075541_add_assignment_type_to_webinar_chapter_items_table', 192),
(400, '2022_04_04_071203_create_webinar_assignments_table', 193),
(401, '2022_04_04_071303_create_webinar_assignment_attachments_table', 193),
(405, '2022_04_05_053308_create_webinar_assignment_history_table', 194),
(406, '2022_04_05_060030_create_webinar_assignment_history_messages_table', 194),
(407, '2022_04_06_121240_add_new_type_passed_assignment_to_rewards_table', 195),
(408, '2022_04_09_064609_add_access_content_column_to_users_table', 196),
(409, '2022_04_10_073822_create_bundles_table', 197),
(410, '2022_04_10_092348_create_bundle_filter_option_table', 198),
(413, '2022_04_10_130733_create_bundle_webinars_table', 200),
(421, '2022_04_10_093457_add_bundle_id_to_needle_tables', 201),
(422, '2022_04_12_153052_add_access_time_to_webinars_table', 202),
(423, '2022_04_13_053947_create_course_noticeboards_table', 203),
(424, '2022_04_13_054536_create_course_noticeboard_status_table', 203),
(425, '2022_04_13_130155_add_column_forum_to_webinars_table', 204),
(427, '2022_04_14_060606_create_course_forums_table', 205),
(428, '2022_04_14_063316_create_course_forum_answers_table', 206),
(447, '2022_04_21_133513_add_new_type_in_rewards_table', 216),
(448, '2022_04_21_135212_add_new_type_in_badges_table', 217),
(449, '2022_04_24_081637_add_new_type_instructor_blog_in_rewards_table', 218),
(450, '2022_04_24_082515_add_new_type_instructor_blog_in_badges_table', 219),
(452, '2022_04_25_043945_create_users_cookie_security_table', 220),
(453, '2022_04_25_143142_add_organization_price__column_to_webinars_table', 221),
(454, '2022_04_25_165256_add_image_and_video_to_quizzes_questions_table', 222),
(456, '2022_04_26_060018_edit_certificates_templates_table', 223),
(458, '2022_04_26_082017_edit_certificates_table', 224),
(459, '2022_04_26_155421_create_subscribe_reminds_table', 225),
(460, '2022_04_26_163428_add_instructor_id_to_noticeboards_table', 226),
(461, '2022_04_27_133655_add_unlimited_download_to_subscribes_table', 227),
(462, '2022_04_27_133655_add_infinite_use_to_subscribes_table', 228),
(463, '2022_04_27_140844_add_extra_time_to_join_to_sessions_table', 229),
(464, '2022_04_28_052318_create_webinar_extra_description_table', 230),
(466, '2022_05_09_125820_create_navbar_buttons_table', 232),
(467, '2021_06_07_000000_create_payku_transactions_table', 233),
(468, '2021_06_07_000001_create_payku_payments_table', 233),
(469, '2021_11_30_122831_create_jazzcash_transactions_table', 233),
(470, '2021_12_15_000000_add_new_columns_to_tables', 233),
(471, '2022_05_23_081324_create_product_specification_multi_values_table', 234),
(472, '2022_05_23_091527_create_product_selected_specification_multi_values_table', 235),
(475, '2022_05_23_151601_add_product_delivery_fee_column_to_sales_table', 236),
(476, '2022_04_18_103856_create_forums_table', 237),
(477, '2022_04_18_152201_create_forum_topics_table', 237),
(478, '2022_04_18_152845_create_forum_topic_attachments_table', 237),
(479, '2022_04_19_071911_create_forum_topic_posts_table', 237),
(480, '2022_04_19_123745_create_forum_topic_reports_table', 237),
(481, '2022_04_19_135314_create_forum_topic_bookmarks_table', 237),
(482, '2022_04_19_152929_create_forum_topic_likes_table', 237),
(483, '2022_04_20_152756_create_forum_featured_topics_table', 237),
(484, '2022_04_21_054043_create_forum_recommended_topics_table', 237),
(485, '2022_04_21_054815_create_forum_recommended_topic_items_table', 237),
(486, '2022_05_26_085212_change_some_column_varchar_to_text', 238),
(487, '2022_05_27_142612_add_avarat_settings_to_users_table', 239),
(489, '2022_05_01_151107_add_manual_added_column_to_sales_table', 240),
(490, '2022_05_29_162315_create_delete_account_requests_table', 241),
(491, '2020_10_20_211927_create_users_metas_table', 242),
(492, '2022_05_31_133347_add_certificate_column_to_webinars_table', 243),
(494, '2022_05_31_165839_add_online_viewer_column_to_files_table', 244),
(495, '2022_06_08_071712_create_home_sections_table', 245),
(496, '2022_10_14_074434_add_reserve_meeting_id_to_sessions_table', 246),
(497, '2022_12_25_082946_add_logged_count_column_to_users_table', 247),
(498, '2022_12_26_064214_add_new_column_to_quizzes_table', 247),
(499, '2022_12_27_064800_add_column_url_to_categories_table', 247),
(500, '2023_01_02_085731_create_upcoming_courses_table', 248),
(501, '2023_01_09_065436_create_installments_table', 249),
(502, '2023_01_14_144421_create_installment_orders_table', 250),
(503, '2023_01_18_064141_create_floating_bars_table', 251),
(504, '2023_01_18_145605_create_cashback_rules_table', 252),
(505, '2023_01_21_075422_add_column_to_accounting_table', 253),
(506, '2023_01_24_141128_create_currencies_table', 254),
(507, '2023_01_25_090622_add_currency_column_to_users', 254),
(508, '2023_01_25_104531_edit_price_column_tables', 254),
(509, '2023_01_25_145647_add_column_to_payment_channels_table', 254),
(510, '2023_01_29_074044_create_installment_reminders_table', 255),
(511, '2023_02_06_135446_add_new_columns_to_special_offers_table', 256),
(512, '2023_02_07_141617_create_discount_bundles_table', 257),
(513, '2023_02_07_152101_add_new_columns_to_users_zoom_api_table', 258),
(514, '2023_02_08_140023_create_home_page_statistics_table', 259),
(515, '2023_02_11_135759_add_enable_waitlist_column_to_webinars_table', 260),
(516, '2023_02_11_144743_create_waitlists_table', 261),
(518, '2023_02_13_134648_create_offline_banks_table', 262),
(520, '2023_02_14_144003_create_user_banks_table', 263),
(523, '2023_02_15_140227_create_test_table', 264),
(524, '2023_02_15_151458_add_new_storage_to_files_table', 265),
(528, '2023_02_20_141047_create_gifts_table', 266),
(529, '2023_02_27_065823_add_enable_registration_bonus_to_users_table', 267),
(530, '2023_03_05_075231_add_installment_order_id_to_accounting_table', 267),
(531, '2023_03_08_095345_edit_payouts_table', 268),
(532, '2023_03_10_143238_edit_column_in_quizzes_table', 269),
(533, '2023_03_12_110714_edit_column_in_order_items_table', 270),
(534, '2023_03_13_120634_edit_price_column_in_promotions_table', 271),
(535, '2023_03_13_135747_add_price_column_to_installment_orders_table', 271),
(536, '2023_05_02_150757_create_selected_installments_table', 272),
(537, '2023_06_09_072812_create_forms_table', 273),
(538, '2023_06_09_084907_create_form_fields_table', 273),
(539, '2023_06_11_123736_create_form_submissions_table', 273),
(540, '2023_06_13_115235_create_user_form_fields_table', 273),
(541, '2019_08_19_000000_create_failed_jobs_table', 274),
(542, '2019_12_14_000001_create_personal_access_tokens_table', 274),
(543, '2023_08_13_145531_create_ai_content_templates_table', 274),
(544, '2023_08_17_065609_create_ai_contents_table', 274),
(545, '2023_09_12_102852_add_ai_content_limitation_column_to_users_table', 275),
(546, '2023_09_12_103623_add_ai_content_access_column_to_registration_packages_table', 275),
(547, '2023_08_22_141556_add_sales_count_column_to_webinars_table', 276),
(548, '2023_08_27_144854_create_related_courses_table', 276),
(549, '2023_09_02_152318_create_purchase_notifications_table', 276),
(550, '2023_09_13_164842_create_course_personal_notes_table', 276),
(551, '2023_09_18_172303_create_content_delete_requests_table', 276),
(552, '2023_09_19_155014_create_user_logs_table', 276),
(553, '2023_09_23_141534_create_ip_restrictions_table', 276),
(554, '2023_09_25_142632_create_product_badges_table', 276),
(555, '2023_09_30_141640_create_cart_discounts_table', 276),
(556, '2023_10_01_144952_create_abandoned_cart_rules_table', 276),
(557, '2023_10_17_154000_edit_files_table', 276),
(558, '2023_10_18_160122_create_blog_category_translations_table', 276),
(559, '2023_10_19_151449_edit_sections_table', 276),
(560, '2023_11_21_135049_create_course_learning_last_view_table', 276),
(561, '2023_12_24_124451_edit_certificate_template_translations_table', 276),
(562, '2023_12_24_124532_edit_certificate_template_translations_table', 276),
(563, '2024_02_04_142556_create_abandoned_cart_rule_users_groups_table', 276),
(564, '2024_02_04_143742_create_abandoned_cart_rule_specification_items_table', 276),
(565, '2024_02_19_141912_create_abandoned_cart_rule_histories_table', 276),
(566, '2024_02_28_436872_add_credentials_column_to_payment_channels_table', 276),
(567, '2024_02_28_469813_remove_settings_column_from_payment_channels_table', 276),
(568, '2023_07_11_165937_create_user_firebase_sessions', 277),
(569, '2024_04_24_085747_add_new_column_to_course_learning_last_views_table', 277),
(570, '2024_05_06_141610_create_user_commissions_table', 277),
(571, '2024_05_06_142505_remove_commission_column_from_tables', 277),
(572, '2024_05_11_122847_add_new_source_for_video_demo', 277),
(573, '2024_05_19_131041_add_certificate_column_to_bundles_table', 277),
(574, '2024_05_19_133542_add_bundle_to_certificates_table', 277),
(575, '2024_12_18_142629_edit_demo_sources_column_in_all_tables', 278),
(576, '2024_12_18_155802_create_role_translations_table', 278);

-- --------------------------------------------------------

--
-- Table structure for table `navbar_buttons`
--

CREATE TABLE `navbar_buttons` (
  `id` int UNSIGNED NOT NULL,
  `role_id` int UNSIGNED DEFAULT NULL,
  `for_guest` tinyint(1) NOT NULL DEFAULT '0'
) ENGINE=InnoDB DEFAULT CHARSET=utf8mb4 COLLATE=utf8mb4_unicode_ci;

--
-- Dumping data for table `navbar_buttons`
--

INSERT INTO `navbar_buttons` (`id`, `role_id`, `for_guest`) VALUES
(1, 1, 0),
(2, 2, 0),
(3, 4, 0),
(4, 3, 0),
(6, NULL, 1);

-- --------------------------------------------------------

--
-- Table structure for table `navbar_button_translations`
--

CREATE TABLE `navbar_button_translations` (
  `id` int UNSIGNED NOT NULL,
  `navbar_button_id` int UNSIGNED NOT NULL,
  `locale` varchar(255) CHARACTER SET utf8mb4 COLLATE utf8mb4_unicode_ci NOT NULL,
  `title` varchar(255) CHARACTER SET utf8mb4 COLLATE utf8mb4_unicode_ci NOT NULL,
  `url` varchar(255) CHARACTER SET utf8mb4 COLLATE utf8mb4_unicode_ci NOT NULL
) ENGINE=InnoDB DEFAULT CHARSET=utf8mb4 COLLATE=utf8mb4_unicode_ci;

--
-- Dumping data for table `navbar_button_translations`
--

INSERT INTO `navbar_button_translations` (`id`, `navbar_button_id`, `locale`, `title`, `url`) VALUES
(1, 1, 'en', 'Become instructor', '/become-instructor'),
(2, 1, 'ar', 'أصبح مدربا', '/become-instructor'),
(3, 1, 'es', 'Convertirse en instructora', '/become-instructor'),
(4, 2, 'en', 'Admin panel', '/admin'),
(5, 3, 'en', 'Create a new course', '/panel/webinars/new'),
(6, 3, 'es', 'Crear un nuevo curso', '/panel/webinars/new'),
(7, 3, 'ar', 'أنشئ دورة جديدة', '/panel/webinars/new'),
(8, 4, 'en', 'Create a new course', '/panel/webinars/new'),
(9, 4, 'es', 'Crear un nuevo curso', '/panel/webinars/new'),
(10, 4, 'ar', 'أنشئ دورة جديدة', '/panel/webinars/new'),
(11, 6, 'en', 'Start learning', '/login'),
(12, 6, 'ar', 'ابدأ التعلم', '/login');

-- --------------------------------------------------------

--
-- Table structure for table `newsletters`
--

CREATE TABLE `newsletters` (
  `id` int UNSIGNED NOT NULL,
  `user_id` int UNSIGNED DEFAULT NULL,
  `email` varchar(255) CHARACTER SET utf8mb4 COLLATE utf8mb4_unicode_ci NOT NULL,
  `created_at` int UNSIGNED NOT NULL
) ENGINE=InnoDB DEFAULT CHARSET=utf8mb4 COLLATE=utf8mb4_unicode_ci;

--
-- Dumping data for table `newsletters`
--

INSERT INTO `newsletters` (`id`, `user_id`, `email`, `created_at`) VALUES
(20, NULL, '01014579142', 1751191227),
(23, NULL, '201001614074', 1751192140);

-- --------------------------------------------------------

--
-- Table structure for table `newsletters_history`
--

CREATE TABLE `newsletters_history` (
  `id` int UNSIGNED NOT NULL,
  `title` varchar(255) CHARACTER SET utf8mb4 COLLATE utf8mb4_unicode_ci NOT NULL,
  `description` longtext CHARACTER SET utf8mb4 COLLATE utf8mb4_unicode_ci NOT NULL,
  `send_method` enum('send_to_all','send_to_bcc','send_to_excel') CHARACTER SET utf8mb4 COLLATE utf8mb4_unicode_ci NOT NULL,
  `bcc_email` varchar(255) CHARACTER SET utf8mb4 COLLATE utf8mb4_unicode_ci DEFAULT NULL,
  `email_count` int DEFAULT NULL,
  `created_at` bigint NOT NULL
) ENGINE=InnoDB DEFAULT CHARSET=utf8mb4 COLLATE=utf8mb4_unicode_ci;

--
-- Dumping data for table `newsletters_history`
--

INSERT INTO `newsletters_history` (`id`, `title`, `description`, `send_method`, `bcc_email`, `email_count`, `created_at`) VALUES
(1, 'Black Friday OFF', '<p>Hello,</p><p>Be sure to check our Black Friday discounts.</p><p>Regards.</p>', 'send_to_all', NULL, 2, 1646389249);

-- --------------------------------------------------------

--
-- Table structure for table `noticeboards`
--

CREATE TABLE `noticeboards` (
  `id` int UNSIGNED NOT NULL,
  `organ_id` int UNSIGNED DEFAULT NULL,
  `instructor_id` int UNSIGNED DEFAULT NULL,
  `webinar_id` int UNSIGNED DEFAULT NULL,
  `user_id` int UNSIGNED DEFAULT NULL,
  `type` enum('all','organizations','students','instructors','students_and_instructors') CHARACTER SET utf8mb4 COLLATE utf8mb4_unicode_ci NOT NULL,
  `sender` varchar(255) CHARACTER SET utf8mb4 COLLATE utf8mb4_unicode_ci DEFAULT NULL,
  `title` varchar(255) CHARACTER SET utf8mb4 COLLATE utf8mb4_unicode_ci NOT NULL,
  `message` text CHARACTER SET utf8mb4 COLLATE utf8mb4_unicode_ci NOT NULL,
  `created_at` int UNSIGNED NOT NULL
) ENGINE=InnoDB DEFAULT CHARSET=utf8mb4 COLLATE=utf8mb4_unicode_ci;

--
-- Dumping data for table `noticeboards`
--

INSERT INTO `noticeboards` (`id`, `organ_id`, `instructor_id`, `webinar_id`, `user_id`, `type`, `sender`, `title`, `message`, `created_at`) VALUES
(10, NULL, NULL, NULL, NULL, 'all', 'Staff', 'Top summer classes', '<p>You can find top summer courses on the platform homepage and get all of them with 50% discount by using \"mysummer\" discount coupon.</p>', 1625921717),
(11, NULL, NULL, NULL, NULL, 'instructors', 'Staff', 'Instructor terms of services changed', '<p>Instructors terms of services changed on July 17. You can read terms on the terms page.</p>', 1625921872),
(12, NULL, NULL, NULL, NULL, 'all', 'Staff', 'New Year Sales Festival', '<p>Due to the New Year Festival, users who buy more than $ 200 will be given a 20% discount code.</p>', 1626132374),
(13, 867, NULL, NULL, NULL, 'students_and_instructors', 'Light Moon', 'New Class Published', '\"Effective Time Management\" Live Class <font color=\"#6ba54a\" style=\"\">Published</font>, for getting the final certificate it is necessary to Enroll in this class.', 1626165028),
(14, 867, NULL, NULL, NULL, 'students_and_instructors', 'Light Moon', 'New Private Course Published', '<p>Dear students and instructors. Travel Management Course published privately for you. please enroll on this course<br></p>', 1626235132);

-- --------------------------------------------------------

--
-- Table structure for table `noticeboards_status`
--

CREATE TABLE `noticeboards_status` (
  `id` int UNSIGNED NOT NULL,
  `user_id` int UNSIGNED NOT NULL,
  `noticeboard_id` int UNSIGNED NOT NULL,
  `seen_at` int UNSIGNED NOT NULL
) ENGINE=InnoDB DEFAULT CHARSET=utf8mb4 COLLATE=utf8mb4_unicode_ci;

--
-- Dumping data for table `noticeboards_status`
--

INSERT INTO `noticeboards_status` (`id`, `user_id`, `noticeboard_id`, `seen_at`) VALUES
(5, 995, 13, 1626165137),
(6, 1015, 13, 1626165555),
(7, 1015, 11, 1626204347);

-- --------------------------------------------------------

--
-- Table structure for table `notifications`
--

CREATE TABLE `notifications` (
  `id` int UNSIGNED NOT NULL,
  `user_id` int UNSIGNED DEFAULT NULL,
  `sender_id` int UNSIGNED DEFAULT NULL,
  `group_id` int UNSIGNED DEFAULT NULL,
  `webinar_id` int UNSIGNED DEFAULT NULL,
  `title` varchar(255) CHARACTER SET utf8mb4 COLLATE utf8mb4_unicode_ci NOT NULL,
  `message` text CHARACTER SET utf8mb4 COLLATE utf8mb4_unicode_ci NOT NULL,
  `sender` enum('system','admin') CHARACTER SET utf8mb4 COLLATE utf8mb4_unicode_ci DEFAULT 'system',
  `type` enum('single','all_users','students','instructors','organizations','group','course_students') CHARACTER SET utf8mb4 COLLATE utf8mb4_unicode_ci NOT NULL,
  `created_at` int UNSIGNED NOT NULL
) ENGINE=InnoDB DEFAULT CHARSET=utf8mb4 COLLATE=utf8mb4_unicode_ci ROW_FORMAT=DYNAMIC;

--
-- Dumping data for table `notifications`
--

INSERT INTO `notifications` (`id`, `user_id`, `sender_id`, `group_id`, `webinar_id`, `title`, `message`, `sender`, `type`, `created_at`) VALUES
(1263, 1016, NULL, NULL, NULL, 'Course created', '<p>you create new course&nbsp;with Title Become a Product Manager</p>', 'system', 'single', 1624870230),
(1264, 1016, NULL, NULL, NULL, 'Course created', '<p>you create new course&nbsp;with Title Become a Product Manager</p>', 'system', 'single', 1624872525),
(1265, 1016, NULL, NULL, NULL, 'Course approve', '<p>your course with title Become a Product Manager approved</p>', 'system', 'single', 1624904613),
(1266, 1016, NULL, NULL, NULL, 'Course created', '<p>you create new course&nbsp;with Title Become a Product Manager</p>', 'system', 'single', 1624907184),
(1267, 1016, NULL, NULL, NULL, 'Course approve', '<p>your course with title Become a Product Manager approved</p>', 'system', 'single', 1624907798),
(1268, 1016, NULL, NULL, NULL, 'Course created', '<p>you create new course&nbsp;with Title Become a Product Manager</p>', 'system', 'single', 1624908934),
(1269, 1016, NULL, NULL, NULL, 'Course approve', '<p>your course with title Become a Product Manager approved</p>', 'system', 'single', 1624908947),
(1270, 1016, NULL, NULL, NULL, 'Course created', '<p>you create new course&nbsp;with Title Become a Product Manager</p>', 'system', 'single', 1624911781),
(1271, 1016, NULL, NULL, NULL, 'Course approve', '<p>your course with title Become a Product Manager approved</p>', 'system', 'single', 1624911801),
(1272, 1016, NULL, NULL, NULL, 'Course approve', '<p>your course with title Become a Product Manager approved</p>', 'system', 'single', 1624942128),
(1273, 1016, NULL, NULL, NULL, 'Course created', '<p>you create new course&nbsp;with Title Become a Product Manager</p>', 'system', 'single', 1624942267),
(1274, 1016, NULL, NULL, NULL, 'Course approve', '<p>your course with title Become a Product Manager approved</p>', 'system', 'single', 1624942277),
(1275, 1016, NULL, NULL, NULL, 'Course approve', '<p>your course with title Become a Product Manager approved</p>', 'system', 'single', 1624942627),
(1276, 1015, NULL, NULL, NULL, 'Course created', '<p>you create new course&nbsp;with Title Learn Linux in 5 Days</p>', 'system', 'single', 1624945432),
(1277, 1015, NULL, NULL, NULL, 'Course approve', '<p>your course with title Learn Linux in 5 Days approved</p>', 'system', 'single', 1624945452),
(1278, 934, NULL, NULL, NULL, 'Course created', '<p>you create new course&nbsp;with Title Learn Python Programming</p>', 'system', 'single', 1624957035),
(1279, 934, NULL, NULL, NULL, 'Course approve', '<p>your course with title Learn Python Programming approved</p>', 'system', 'single', 1624957054),
(1280, 934, NULL, NULL, NULL, 'Course approve', '<p>your course with title Learn Python Programming approved</p>', 'system', 'single', 1624959946),
(1281, 1015, NULL, NULL, NULL, 'Course created', '<p>you create new course&nbsp;with Title Excel from Beginner to Advanced</p>', 'system', 'single', 1624966729),
(1282, 1015, NULL, NULL, NULL, 'Course approve', '<p>your course with title Excel from Beginner to Advanced approved</p>', 'system', 'single', 1624966741),
(1283, 1015, NULL, NULL, NULL, 'Course created', '<p>you create new course&nbsp;with Title Excel from Beginner to Advanced</p>', 'system', 'single', 1625003468),
(1284, 1015, NULL, NULL, NULL, 'Course approve', '<p>your course with title Excel from Beginner to Advanced approved</p>', 'system', 'single', 1625003516),
(1285, 929, NULL, NULL, NULL, 'Course created', '<p>you create new course&nbsp;with Title How to Manage & Influence Your Virtual Team</p>', 'system', 'single', 1625041045),
(1286, 929, NULL, NULL, NULL, 'Course approve', '<p>your course with title How to Manage & Influence Your Virtual Team approved</p>', 'system', 'single', 1625041074),
(1287, 929, NULL, NULL, NULL, 'Course created', '<p>you create new course&nbsp;with Title How to Manage & Influence Your Virtual Team</p>', 'system', 'single', 1625043168),
(1288, 929, NULL, NULL, NULL, 'Course approve', '<p>your course with title How to Manage & Influence Your Virtual Team approved</p>', 'system', 'single', 1625043180),
(1289, 929, NULL, NULL, NULL, 'Course approve', '<p>your course with title How to Manage & Influence Your Virtual Team approved</p>', 'system', 'single', 1625043319),
(1290, 867, NULL, NULL, NULL, 'Course created', '<p>you create new course&nbsp;with Title Effective Time Management</p>', 'system', 'single', 1625046155),
(1291, 923, NULL, NULL, NULL, 'Course approve', '<p>your course with title Effective Time Management approved</p>', 'system', 'single', 1625046173),
(1292, 3, NULL, NULL, NULL, 'Course approve', '<p>your course with title Learn and Understand AngularJS approved</p>', 'system', 'single', 1625084229),
(1293, 3, NULL, NULL, NULL, 'Course created', '<p>you create new course&nbsp;with Title Learn and Understand AngularJS</p>', 'system', 'single', 1625085106),
(1294, 3, NULL, NULL, NULL, 'Course approve', '<p>your course with title Learn and Understand AngularJS approved</p>', 'system', 'single', 1625085118),
(1295, 3, NULL, NULL, NULL, 'Course approve', '<p>your course with title Learn and Understand AngularJS approved</p>', 'system', 'single', 1625088480),
(1296, 3, NULL, NULL, NULL, 'Course created', '<p>you create new course&nbsp;with Title Learn and Understand AngularJS</p>', 'system', 'single', 1625088678),
(1297, 3, NULL, NULL, NULL, 'Course approve', '<p>your course with title Learn and Understand AngularJS approved</p>', 'system', 'single', 1625088698),
(1298, 3, NULL, NULL, NULL, 'Course approve', '<p>your course with title Learn and Understand AngularJS approved</p>', 'system', 'single', 1625088760),
(1299, 863, NULL, NULL, NULL, 'Course created', '<p>you create new course&nbsp;with Title Health And Fitness Masterclass: Beginner To Advanced</p>', 'system', 'single', 1625124082),
(1300, 870, NULL, NULL, NULL, 'Course approve', '<p>your course with title Health And Fitness Masterclass approved</p>', 'system', 'single', 1625124100),
(1301, 934, NULL, NULL, NULL, 'Course created', '<p>you create new course&nbsp;with Title Learn Python Programming</p>', 'system', 'single', 1625286023),
(1302, 934, NULL, NULL, NULL, 'Course approve', '<p>your course with title Learn Python Programming approved</p>', 'system', 'single', 1625286038),
(1303, 1015, NULL, NULL, NULL, 'Course approve', '<p>your course with title Excel from Beginner to Advanced approved</p>', 'system', 'single', 1625293759),
(1304, 870, NULL, NULL, NULL, 'Course approve', '<p>your course with title Health And Fitness Masterclass approved</p>', 'system', 'single', 1625293821),
(1305, 923, NULL, NULL, NULL, 'Course approve', '<p>your course with title Effective Time Management approved</p>', 'system', 'single', 1625293844),
(1306, 864, NULL, NULL, NULL, 'Course created', '<p>you create new course&nbsp;with Title Active Listening: You Can Be a Great Listener</p>', 'system', 'single', 1625300387),
(1307, 3, NULL, NULL, NULL, 'Course approve', '<p>your course with title Active Listening: You Can Be a Great Listener approved</p>', 'system', 'single', 1625300399),
(1308, 864, NULL, NULL, NULL, 'Course created', '<p>you create new course&nbsp;with Title Active Listening: You Can Be a Great Listener</p>', 'system', 'single', 1625300598),
(1309, 3, NULL, NULL, NULL, 'Course approve', '<p>your course with title Active Listening: You Can Be a Great Listener approved</p>', 'system', 'single', 1625300612),
(1310, 870, NULL, NULL, NULL, 'Course approve', '<p>your course with title Health And Fitness Masterclass approved</p>', 'system', 'single', 1625301355),
(1311, 3, NULL, NULL, NULL, 'Course created', '<p>you create new course&nbsp;with Title Learn and Understand AngularJS</p>', 'system', 'single', 1625301679),
(1312, 3, NULL, NULL, NULL, 'Course created', '<p>you create new course&nbsp;with Title Learn and Understand AngularJS</p>', 'system', 'single', 1625301721),
(1313, 3, NULL, NULL, NULL, 'Course approve', '<p>your course with title Learn and Understand AngularJS approved</p>', 'system', 'single', 1625301754),
(1314, 1016, NULL, NULL, NULL, 'New badge', '<p>Congratilations! You received New User&nbsp;badge.</p>', 'system', 'single', 1625553784),
(1315, 1015, NULL, NULL, NULL, 'New badge', '<p>Congratilations! You received New User&nbsp;badge.</p>', 'system', 'single', 1625553799),
(1316, 934, NULL, NULL, NULL, 'New badge', '<p>Congratilations! You received New User&nbsp;badge.</p>', 'system', 'single', 1625553801),
(1317, 929, NULL, NULL, NULL, 'New badge', '<p>Congratilations! You received New User&nbsp;badge.</p>', 'system', 'single', 1625553801),
(1318, 870, NULL, NULL, NULL, 'New badge', '<p>Congratilations! You received New User&nbsp;badge.</p>', 'system', 'single', 1625553802),
(1319, 923, NULL, NULL, NULL, 'New badge', '<p>Congratilations! You received New User&nbsp;badge.</p>', 'system', 'single', 1625553802),
(1320, 3, NULL, NULL, NULL, 'New badge', '<p>Congratilations! You received New User&nbsp;badge.</p>', 'system', 'single', 1625553815),
(1321, 864, NULL, NULL, NULL, 'New badge', '<p>Congratilations! You received New User&nbsp;badge.</p>', 'system', 'single', 1625553917),
(1322, 934, NULL, NULL, NULL, 'New badge', '<p>Congratilations! You received Loyal User&nbsp;badge.</p>', 'system', 'single', 1625554209),
(1323, 929, NULL, NULL, NULL, 'New badge', '<p>Congratilations! You received Loyal User&nbsp;badge.</p>', 'system', 'single', 1625554210),
(1324, 870, NULL, NULL, NULL, 'New badge', '<p>Congratilations! You received Loyal User&nbsp;badge.</p>', 'system', 'single', 1625554210),
(1325, 923, NULL, NULL, NULL, 'New badge', '<p>Congratilations! You received Loyal User&nbsp;badge.</p>', 'system', 'single', 1625554211),
(1326, 929, NULL, NULL, NULL, 'New badge', '<p>Congratilations! You received Faitful User&nbsp;badge.</p>', 'system', 'single', 1625554498),
(1327, 870, NULL, NULL, NULL, 'New badge', '<p>Congratilations! You received Faitful User&nbsp;badge.</p>', 'system', 'single', 1625554499),
(1328, 923, NULL, NULL, NULL, 'New badge', '<p>Congratilations! You received Faitful User&nbsp;badge.</p>', 'system', 'single', 1625554499),
(1329, 1016, NULL, NULL, NULL, 'New badge', '<p>Congratilations! You received Junior Vendor&nbsp;badge.</p>', 'system', 'single', 1625554777),
(1330, 1015, NULL, NULL, NULL, 'New badge', '<p>Congratilations! You received Junior Vendor&nbsp;badge.</p>', 'system', 'single', 1625554779),
(1331, 934, NULL, NULL, NULL, 'New badge', '<p>Congratilations! You received Junior Vendor&nbsp;badge.</p>', 'system', 'single', 1625554782),
(1332, 929, NULL, NULL, NULL, 'New badge', '<p>Congratilations! You received Junior Vendor&nbsp;badge.</p>', 'system', 'single', 1625554784),
(1333, 870, NULL, NULL, NULL, 'New badge', '<p>Congratilations! You received Junior Vendor&nbsp;badge.</p>', 'system', 'single', 1625554784),
(1334, 923, NULL, NULL, NULL, 'New badge', '<p>Congratilations! You received Junior Vendor&nbsp;badge.</p>', 'system', 'single', 1625554785),
(1335, 1015, NULL, NULL, NULL, 'New badge', '<p>Congratilations! You received Senior Vendor&nbsp;badge.</p>', 'system', 'single', 1625554976),
(1336, 3, NULL, NULL, NULL, 'New badge', '<p>Congratilations! You received Faitful User&nbsp;badge.</p>', 'system', 'single', 1625558907),
(1337, 3, NULL, NULL, NULL, 'New badge', '<p>Congratilations! You received Senior Vendor&nbsp;badge.</p>', 'system', 'single', 1625558908),
(1338, 867, NULL, NULL, NULL, 'New badge', '<p>Congratilations! You received Faitful User&nbsp;badge.</p>', 'system', 'single', 1625602049),
(1339, 867, NULL, NULL, NULL, 'New badge', '<p>Congratilations! You received Junior Vendor&nbsp;badge.</p>', 'system', 'single', 1625602050),
(1340, 864, NULL, NULL, NULL, 'New badge', '<p>Congratilations! You received Faitful User&nbsp;badge.</p>', 'system', 'single', 1625635046),
(1341, 864, NULL, NULL, NULL, 'New badge', '<p>Congratilations! You received Junior Vendor&nbsp;badge.</p>', 'system', 'single', 1625635048),
(1342, 996, NULL, NULL, NULL, 'New badge', '<p>Congratilations! You received Loyal User&nbsp;badge.</p>', 'system', 'single', 1625636389),
(1343, 859, NULL, NULL, NULL, 'New badge', '<p>Congratilations! You received Faitful User&nbsp;badge.</p>', 'system', 'single', 1625642664),
(1344, 863, NULL, NULL, NULL, 'New badge', '<p>Congratilations! You received Faitful User&nbsp;badge.</p>', 'system', 'single', 1625643033),
(1345, 863, NULL, NULL, NULL, 'New badge', '<p>Congratilations! You received Junior Vendor&nbsp;badge.</p>', 'system', 'single', 1625643034),
(1346, 868, NULL, NULL, NULL, 'New badge', '<p>Congratilations! You received Faitful User&nbsp;badge.</p>', 'system', 'single', 1625643807),
(1347, 4, NULL, NULL, NULL, 'New badge', '<p>Congratilations! You received Faitful User&nbsp;badge.</p>', 'system', 'single', 1625644582),
(1348, 995, NULL, NULL, NULL, 'New badge', '<p>Congratilations! You received Loyal User&nbsp;badge.</p>', 'system', 'single', 1625681178),
(1349, 929, NULL, NULL, NULL, 'Your class created', '<p>Your class The Future of Energy successfully created. It will be published after approval.</p>', 'system', 'single', 1625685731),
(1350, 929, NULL, NULL, NULL, 'Your class approved', '<p>Your class The Future of Energy successfully approved. Now you can find it on the website.</p>', 'system', 'single', 1625685748),
(1351, 929, NULL, NULL, NULL, 'New badge', '<p>Congratilations! You received Senior Vendor&nbsp;badge.</p>', 'system', 'single', 1625685768),
(1352, 929, NULL, NULL, NULL, 'Your class approved', '<p>Your class The Future of Energy successfully approved. Now you can find it on the website.</p>', 'system', 'single', 1625685818),
(1353, 929, NULL, NULL, NULL, 'Your class approved', '<p>Your class The Future of Energy successfully approved. Now you can find it on the website.</p>', 'system', 'single', 1625685843),
(1354, 4, NULL, NULL, NULL, 'Your class created', '<p>Your class Web Design for Beginners successfully created. It will be published after approval.</p>', 'system', 'single', 1625691113),
(1355, 934, NULL, NULL, NULL, 'Your class approved', '<p>Your class Web Design for Beginners successfully approved. Now you can find it on the website.</p>', 'system', 'single', 1625691133),
(1356, 1016, NULL, NULL, NULL, 'Your class approved', '<p>Your class Become a Product Manager successfully approved. Now you can find it on the website.</p>', 'system', 'single', 1625691301),
(1357, 1016, NULL, NULL, NULL, 'Your class approved', '<p>Your class Become a Product Manager successfully approved. Now you can find it on the website.</p>', 'system', 'single', 1625692122),
(1358, 929, NULL, NULL, NULL, 'Your class approved', '<p>Your class The Future of Energy successfully approved. Now you can find it on the website.</p>', 'system', 'single', 1625692134),
(1359, 934, NULL, NULL, NULL, 'Your class approved', '<p>Your class Web Design for Beginners successfully approved. Now you can find it on the website.</p>', 'system', 'single', 1625692139),
(1360, 867, NULL, NULL, NULL, 'New badge', '<p>Congratilations! You received Senior Vendor&nbsp;badge.</p>', 'system', 'single', 1625693949),
(1361, 867, NULL, NULL, NULL, 'Your class created', '<p>Your class How to Travel Around the World on a Budget successfully created. It will be published after approval.</p>', 'system', 'single', 1625694536),
(1362, 923, NULL, NULL, NULL, 'Your class approved', '<p>Your class How to Travel Around the World on a Budget successfully approved. Now you can find it on the website.</p>', 'system', 'single', 1625694552),
(1363, 4, NULL, NULL, NULL, 'New badge', '<p>Congratilations! You received Junior Vendor&nbsp;badge.</p>', 'system', 'single', 1625694573),
(1364, 934, NULL, NULL, NULL, 'New badge', '<p>Congratilations! You received Senior Vendor&nbsp;badge.</p>', 'system', 'single', 1625694573),
(1365, 923, NULL, NULL, NULL, 'New badge', '<p>Congratilations! You received Senior Vendor&nbsp;badge.</p>', 'system', 'single', 1625694574),
(1366, 923, NULL, NULL, NULL, 'Your class approved', '<p>Your class How to Travel Around the World successfully approved. Now you can find it on the website.</p>', 'system', 'single', 1625694594),
(1368, 1, NULL, NULL, NULL, 'New comment for your class', '<p>Robert B. Gray left a new comment on your class The Future of Energy .</p>', 'system', 'single', 1625863108),
(1369, 930, NULL, NULL, NULL, 'New badge', '<p>Congratilations! You received Faitful User&nbsp;badge.</p>', 'system', 'single', 1625863166),
(1370, 1, NULL, NULL, NULL, 'New comment for your class', '<p>Jade Harrison left a new comment on your class Excel from Beginner to Advanced .</p>', 'system', 'single', 1625863203),
(1371, 979, NULL, NULL, NULL, 'New badge', '<p>Congratilations! You received Loyal User&nbsp;badge.</p>', 'system', 'single', 1625863218),
(1372, 1, NULL, NULL, NULL, 'New comment for your class', '<p>Morgan Sullivan left a new comment on your class How to Manage & Influence Your Virtual Team .</p>', 'system', 'single', 1625863345),
(1373, 1, NULL, NULL, NULL, 'New comment for your class', '<p>Robert Ransdell left a new comment on your class Learn Python Programming .</p>', 'system', 'single', 1625863462),
(1374, 934, NULL, NULL, NULL, 'New comment for your class', '<p>Robert Ransdell left a new comment on your class Learn Python Programming .</p>', 'system', 'single', 1625863587),
(1375, 929, NULL, NULL, NULL, 'New comment for your class', '<p>Morgan Sullivan left a new comment on your class How to Manage & Influence Your Virtual Team .</p>', 'system', 'single', 1625863590),
(1376, 1015, NULL, NULL, NULL, 'New comment for your class', '<p>Jade Harrison left a new comment on your class Excel from Beginner to Advanced .</p>', 'system', 'single', 1625863593),
(1377, 929, NULL, NULL, NULL, 'New comment for your class', '<p>Robert B. Gray left a new comment on your class The Future of Energy .</p>', 'system', 'single', 1625863596),
(1378, 1, NULL, NULL, NULL, 'New comment for your class', '<p>James Kong left a new comment on your class Learn Python Programming .</p>', 'system', 'single', 1625864259),
(1379, 934, NULL, NULL, NULL, 'New comment for your class', '<p>James Kong left a new comment on your class Learn Python Programming .</p>', 'system', 'single', 1625864266),
(1380, 1, NULL, NULL, NULL, 'New comment for your class', '<p>Ricardo dave left a new comment on your class How to Travel Around the World .</p>', 'system', 'single', 1625864416),
(1381, 923, NULL, NULL, NULL, 'New comment for your class', '<p>Ricardo dave left a new comment on your class How to Travel Around the World .</p>', 'system', 'single', 1625864421),
(1382, 1, NULL, NULL, NULL, 'New comment for your class', '<p>Cameron Schofield left a new comment on your class The Future of Energy .</p>', 'system', 'single', 1625864526),
(1383, 929, NULL, NULL, NULL, 'New comment for your class', '<p>Cameron Schofield left a new comment on your class The Future of Energy .</p>', 'system', 'single', 1625864533),
(1384, 1, NULL, NULL, NULL, 'New support ticket', '<p>New support ticket received with subject Convert Videos .</p>', 'system', 'single', 1625891270),
(1385, 1, NULL, NULL, NULL, 'New support ticket', '<p>New support ticket received with subject Pre-purchase question .</p>', 'system', 'single', 1625891677),
(1386, 1, NULL, NULL, NULL, 'New support ticket', '<p>New support ticket received with subject Pending Offline Payment .</p>', 'system', 'single', 1625891851),
(1387, 1, NULL, NULL, NULL, 'New support ticket', '<p>New support ticket received with subject Commission Rate .</p>', 'system', 'single', 1625892221),
(1388, 1, NULL, NULL, NULL, 'New support ticket', '<p>New support ticket received with subject Class delay .</p>', 'system', 'single', 1625895874),
(1389, 1, NULL, NULL, NULL, 'New reply on support ticket', '<p>The support ticket with the subject Class delay updated with a new reply.</p>', 'system', 'single', 1625897110),
(1390, 1, NULL, NULL, NULL, 'New reply on support ticket', '<p>The support ticket with the subject Class delay updated with a new reply.</p>', 'system', 'single', 1625898890),
(1391, 996, NULL, NULL, NULL, 'Offline payment submitted', '<p>An offline payment request with the amount 500 submitted successfully.</p>', 'system', 'single', 1625944192),
(1392, 996, NULL, NULL, NULL, 'Offline payment approved', '<p>Offline payment request with the amount 500 successfully approved.</p>', 'system', 'single', 1625944212),
(1393, 1015, NULL, NULL, NULL, 'New sales', '<p>Congratulations! There is a new sales for your class  .</p>', 'system', 'single', 1625944345),
(1394, 996, NULL, NULL, NULL, 'New purchase completed', '<p>The class  successfully purchased. Now you can start learning.</p>', 'system', 'single', 1625944345),
(1395, 996, NULL, NULL, NULL, 'New meeting request', '<p>New meeting booked by Robert B. Gray for 2021-07-12  with the amount 150 .</p>', 'system', 'single', 1625944346),
(1396, 1015, NULL, NULL, NULL, 'New meeting request', '<p>New meeting booked by Robert B. Gray for 2021-07-12  with the amount 150 .</p>', 'system', 'single', 1625944346),
(1397, 996, NULL, NULL, NULL, 'New financial document', '<p>&nbsp;New financial document submitted for your class Meeting Reservation with type deduction and amount 165.00 .</p>', 'system', 'single', 1625944347),
(1398, 1015, NULL, NULL, NULL, 'Your class approved', '<p>Your class Learn Linux in 5 Days successfully approved. Now you can find it on the website.</p>', 'system', 'single', 1625947994),
(1399, 1015, NULL, NULL, NULL, 'Your class approved', '<p>Your class Excel from Beginner to Advanced successfully approved. Now you can find it on the website.</p>', 'system', 'single', 1625948044),
(1400, 934, NULL, NULL, NULL, 'Your class approved', '<p>Your class Learn Python Programming successfully approved. Now you can find it on the website.</p>', 'system', 'single', 1625949854),
(1401, 1016, NULL, NULL, NULL, 'Your class approved', '<p>Your class Become a Product Manager successfully approved. Now you can find it on the website.</p>', 'system', 'single', 1625950395),
(1402, 995, NULL, NULL, NULL, 'Offline payment submitted', '<p>An offline payment request with the amount 1000 submitted successfully.</p>', 'system', 'single', 1625950563),
(1403, 930, NULL, NULL, NULL, 'New financial document', '<p>&nbsp;New financial document submitted for your class [c.title] with type addiction and amount 600 .</p>', 'system', 'single', 1625950715),
(1404, 995, NULL, NULL, NULL, 'Offline payment approved', '<p>Offline payment request with the amount 1000 successfully approved.</p>', 'system', 'single', 1625950749),
(1405, 934, NULL, NULL, NULL, 'New sales', '<p>Congratulations! There is a new sales for your class  .</p>', 'system', 'single', 1625952628),
(1406, 995, NULL, NULL, NULL, 'New purchase completed', '<p>The class  successfully purchased. Now you can start learning.</p>', 'system', 'single', 1625952628),
(1407, 995, NULL, NULL, NULL, 'New meeting request', '<p>New meeting booked by Cameron Schofield for 2021-08-05  with the amount 100 .</p>', 'system', 'single', 1625952629),
(1408, 934, NULL, NULL, NULL, 'New meeting request', '<p>New meeting booked by Cameron Schofield for 2021-08-05  with the amount 100 .</p>', 'system', 'single', 1625952629),
(1409, 995, NULL, NULL, NULL, 'New financial document', '<p>&nbsp;New financial document submitted for your class Meeting Reservation with type deduction and amount 110.00 .</p>', 'system', 'single', 1625952630),
(1410, 4, NULL, NULL, NULL, 'New sales', '<p>Congratulations! There is a new sales for your class Web Design for Beginners .</p>', 'system', 'single', 1625953196),
(1411, 995, NULL, NULL, NULL, 'New purchase completed', '<p>The class Web Design for Beginners successfully purchased. Now you can start learning.</p>', 'system', 'single', 1625953197),
(1412, 995, NULL, NULL, NULL, 'New financial document', '<p>&nbsp;New financial document submitted for your class Web Design for Beginners with type deduction and amount 11.00 .</p>', 'system', 'single', 1625953197),
(1413, 934, NULL, NULL, NULL, 'New class support message', '<p>user Cameron Schofield send new support message for course with title Web Design for Beginners .</p>', 'system', 'single', 1625953303),
(1414, 996, NULL, NULL, NULL, 'Your user group changed', '<p>Your user group changed to Special Students .</p>', 'system', 'single', 1625974235),
(1415, 3, NULL, NULL, NULL, 'Your user group changed', '<p>Your user group changed to Vip Instructors .</p>', 'system', 'single', 1625974258),
(1416, 1016, NULL, NULL, NULL, 'Your user group changed', '<p>Your user group changed to Vip Instructors .</p>', 'system', 'single', 1625974260),
(1417, 934, NULL, NULL, NULL, 'New badge', '<p>Congratilations! You received Best Seller&nbsp;badge.</p>', 'system', 'single', 1625974480),
(1418, 4, NULL, NULL, NULL, 'New badge', '<p>Congratilations! You received Best Seller&nbsp;badge.</p>', 'system', 'single', 1625980530),
(1419, 979, NULL, NULL, NULL, 'Offline payment submitted', '<p>An offline payment request with the amount 400 submitted successfully.</p>', 'system', 'single', 1625992349),
(1420, 979, NULL, NULL, NULL, 'Offline payment approved', '<p>Offline payment request with the amount 400 successfully approved.</p>', 'system', 'single', 1625992548),
(1421, 1016, NULL, NULL, NULL, 'Offline payment submitted', '<p>An offline payment request with the amount 100 submitted successfully.</p>', 'system', 'single', 1625992606),
(1422, 1016, NULL, NULL, NULL, 'Offline payment rejected', '<p>Sorry, offline payment request with the amount 100&nbsp;rejected.</p>', 'system', 'single', 1625992620),
(1423, 923, NULL, NULL, NULL, 'Offline payment submitted', '<p>An offline payment request with the amount 300 submitted successfully.</p>', 'system', 'single', 1625993378),
(1424, 923, NULL, NULL, NULL, 'Offline payment submitted', '<p>An offline payment request with the amount 300 submitted successfully.</p>', 'system', 'single', 1625993428),
(1425, 930, NULL, NULL, NULL, 'Offline payment submitted', '<p>An offline payment request with the amount 250 submitted successfully.</p>', 'system', 'single', 1625993489),
(1426, 1015, NULL, NULL, NULL, 'New sales', '<p>Congratulations! There is a new sales for your class  .</p>', 'system', 'single', 1625996812),
(1427, 995, NULL, NULL, NULL, 'New purchase completed', '<p>The class  successfully purchased. Now you can start learning.</p>', 'system', 'single', 1625996813),
(1428, 995, NULL, NULL, NULL, 'New meeting request', '<p>New meeting booked by Cameron Schofield for 2021-07-14  with the amount 125 .</p>', 'system', 'single', 1625996815),
(1429, 1015, NULL, NULL, NULL, 'New meeting request', '<p>New meeting booked by Cameron Schofield for 2021-07-14  with the amount 125 .</p>', 'system', 'single', 1625996816),
(1430, 995, NULL, NULL, NULL, 'New financial document', '<p>&nbsp;New financial document submitted for your class Meeting Reservation with type deduction and amount 137.50 .</p>', 'system', 'single', 1625996816),
(1431, 995, NULL, NULL, NULL, 'Meeting finished', '<p>The meeting finished. Instructor: Linda Anderson Student:&nbsp; Cameron Schofield&nbsp; Meeting time: 2021-08-05 .</p>', 'system', 'single', 1625996841),
(1432, 934, NULL, NULL, NULL, 'Meeting finished', '<p>The meeting finished. Instructor: Linda Anderson Student:&nbsp; Cameron Schofield&nbsp; Meeting time: 2021-08-05 .</p>', 'system', 'single', 1625996842),
(1433, 1016, NULL, NULL, NULL, 'New badge', '<p>Congratilations! You received Best Seller&nbsp;badge.</p>', 'system', 'single', 1625996905),
(1434, 929, NULL, NULL, NULL, 'New sales', '<p>Congratulations! There is a new sales for your class How to Manage & Influence Your Virtual Team .</p>', 'system', 'single', 1625996941),
(1435, 995, NULL, NULL, NULL, 'New purchase completed', '<p>The class How to Manage & Influence Your Virtual Team successfully purchased. Now you can start learning.</p>', 'system', 'single', 1625996942),
(1436, 995, NULL, NULL, NULL, 'New financial document', '<p>&nbsp;New financial document submitted for your class How to Manage & Influence Your Virtual Team with type deduction and amount 55.00 .</p>', 'system', 'single', 1625996942),
(1437, 1015, NULL, NULL, NULL, 'New sales', '<p>Congratulations! There is a new sales for your class Excel from Beginner to Advanced .</p>', 'system', 'single', 1625996978),
(1438, 995, NULL, NULL, NULL, 'New purchase completed', '<p>The class Excel from Beginner to Advanced successfully purchased. Now you can start learning.</p>', 'system', 'single', 1625996978),
(1439, 995, NULL, NULL, NULL, 'New financial document', '<p>&nbsp;New financial document submitted for your class Excel from Beginner to Advanced with type deduction and amount 55.00 .</p>', 'system', 'single', 1625996979),
(1440, 3, NULL, NULL, NULL, 'New sales', '<p>Congratulations! There is a new sales for your class Learn and Understand AngularJS .</p>', 'system', 'single', 1625997104),
(1441, 995, NULL, NULL, NULL, 'New purchase completed', '<p>The class Learn and Understand AngularJS successfully purchased. Now you can start learning.</p>', 'system', 'single', 1625997105),
(1442, 995, NULL, NULL, NULL, 'New financial document', '<p>&nbsp;New financial document submitted for your class Learn and Understand AngularJS with type deduction and amount 17.60 .</p>', 'system', 'single', 1625997105),
(1443, 929, NULL, NULL, NULL, 'New pending quiz', '<p>Cameron Schofield passed First Quiz quiz of the How to Manage & Influence Your Virtual Team class and waiting for correction to get results.</p>', 'system', 'single', 1625997328),
(1444, 929, NULL, NULL, NULL, 'New badge', '<p>Congratilations! You received Best Seller&nbsp;badge.</p>', 'system', 'single', 1626009973),
(1445, 3, NULL, NULL, NULL, 'New badge', '<p>Congratilations! You received Best Seller&nbsp;badge.</p>', 'system', 'single', 1626009973),
(1446, 1015, NULL, NULL, NULL, 'New badge', '<p>Congratilations! You received Best Seller&nbsp;badge.</p>', 'system', 'single', 1626060376),
(1447, 867, NULL, NULL, NULL, 'New sales', '<p>Congratulations! There is a new sales for your class How to Travel Around the World .</p>', 'system', 'single', 1626060487),
(1448, 996, NULL, NULL, NULL, 'New purchase completed', '<p>The class How to Travel Around the World successfully purchased. Now you can start learning.</p>', 'system', 'single', 1626060487),
(1449, 996, NULL, NULL, NULL, 'New financial document', '<p>&nbsp;New financial document submitted for your class How to Travel Around the World with type deduction and amount 24.75 .</p>', 'system', 'single', 1626060488),
(1450, 1015, NULL, NULL, NULL, 'New sales', '<p>Congratulations! There is a new sales for your class Excel from Beginner to Advanced .</p>', 'system', 'single', 1626060552),
(1451, 996, NULL, NULL, NULL, 'New purchase completed', '<p>The class Excel from Beginner to Advanced successfully purchased. Now you can start learning.</p>', 'system', 'single', 1626060552),
(1452, 996, NULL, NULL, NULL, 'New financial document', '<p>&nbsp;New financial document submitted for your class Excel from Beginner to Advanced with type deduction and amount 44.00 .</p>', 'system', 'single', 1626060553),
(1453, 1015, NULL, NULL, NULL, 'New badge', '<p>Congratilations! You received Top Seller&nbsp;badge.</p>', 'system', 'single', 1626060704),
(1454, 1015, NULL, NULL, NULL, 'New sales', '<p>Congratulations! There is a new sales for your class Excel from Beginner to Advanced .</p>', 'system', 'single', 1626060835),
(1455, 930, NULL, NULL, NULL, 'New purchase completed', '<p>The class Excel from Beginner to Advanced successfully purchased. Now you can start learning.</p>', 'system', 'single', 1626060836),
(1456, 930, NULL, NULL, NULL, 'New financial document', '<p>&nbsp;New financial document submitted for your class Excel from Beginner to Advanced with type deduction and amount 55.00 .</p>', 'system', 'single', 1626060836),
(1457, 1015, NULL, NULL, NULL, 'New badge', '<p>Congratilations! You received King Seller&nbsp;badge.</p>', 'system', 'single', 1626060860),
(1458, 1015, NULL, NULL, NULL, 'Payout request submitted', '<p>Your payout request successfully submitted for 332 . You will receive an email when processed.</p>', 'system', 'single', 1626061191),
(1459, 1, NULL, NULL, NULL, 'New payout request', '<p>New payout request received with the amount 332 . You can manage it using the admin panel.</p>', 'system', 'single', 1626061192),
(1460, 1015, NULL, NULL, NULL, 'Payout has been processed', 'Your payout has been processed with the amount 332.00&nbsp;&nbsp;to your account Qatar National Bank .', 'system', 'single', 1626061220),
(1461, 934, NULL, NULL, NULL, 'Payout request submitted', '<p>Your payout request successfully submitted for 80 . You will receive an email when processed.</p>', 'system', 'single', 1626061254),
(1462, 1, NULL, NULL, NULL, 'New payout request', '<p>New payout request received with the amount 80 . You can manage it using the admin panel.</p>', 'system', 'single', 1626061254),
(1463, 929, NULL, NULL, NULL, 'New sales', '<p>Congratulations! There is a new sales for your class The Future of Energy .</p>', 'system', 'single', 1626061332),
(1464, 979, NULL, NULL, NULL, 'New purchase completed', '<p>The class The Future of Energy successfully purchased. Now you can start learning.</p>', 'system', 'single', 1626061333),
(1465, 979, NULL, NULL, NULL, 'New financial document', '<p>&nbsp;New financial document submitted for your class The Future of Energy with type deduction and amount 66.00 .</p>', 'system', 'single', 1626061333),
(1466, 867, NULL, NULL, NULL, 'New badge', '<p>Congratilations! You received Best Seller&nbsp;badge.</p>', 'system', 'single', 1626061342),
(1467, 923, NULL, NULL, NULL, 'New badge', '<p>Congratilations! You received Best Seller&nbsp;badge.</p>', 'system', 'single', 1626061342),
(1468, 863, NULL, NULL, NULL, 'New sales', '<p>Congratulations! There is a new sales for your class Health And Fitness Masterclass .</p>', 'system', 'single', 1626061373),
(1469, 979, NULL, NULL, NULL, 'New purchase completed', '<p>The class Health And Fitness Masterclass successfully purchased. Now you can start learning.</p>', 'system', 'single', 1626061373),
(1470, 979, NULL, NULL, NULL, 'New financial document', '<p>&nbsp;New financial document submitted for your class Health And Fitness Masterclass with type deduction and amount 22.00 .</p>', 'system', 'single', 1626061374),
(1471, 867, NULL, NULL, NULL, 'New sales', '<p>Congratulations! There is a new sales for your class Effective Time Management .</p>', 'system', 'single', 1626061374),
(1472, 979, NULL, NULL, NULL, 'New purchase completed', '<p>The class Effective Time Management successfully purchased. Now you can start learning.</p>', 'system', 'single', 1626061375),
(1473, 979, NULL, NULL, NULL, 'New financial document', '<p>&nbsp;New financial document submitted for your class Effective Time Management with type deduction and amount 33.00 .</p>', 'system', 'single', 1626061375),
(1474, NULL, NULL, NULL, NULL, 'New sales', '<p>Congratulations! There is a new sales for your class Bronze Subscribe .</p>', 'system', 'single', 1626061450),
(1475, 995, NULL, NULL, NULL, 'New purchase completed', '<p>The class Bronze Subscribe successfully purchased. Now you can start learning.</p>', 'system', 'single', 1626061450),
(1476, 995, NULL, NULL, NULL, 'New financial document', '<p>&nbsp;New financial document submitted for your class [c.title] with type deduction and amount 22.00 .</p>', 'system', 'single', 1626061450),
(1477, 995, NULL, NULL, NULL, 'Subscription plan activated', '<p>Bronze subscription package activated by user Cameron Schofield .</p>', 'system', 'single', 1626061451),
(1478, 863, NULL, NULL, NULL, 'New badge', '<p>Congratilations! You received Best Seller&nbsp;badge.</p>', 'system', 'single', 1626061477),
(1479, 870, NULL, NULL, NULL, 'New badge', '<p>Congratilations! You received Best Seller&nbsp;badge.</p>', 'system', 'single', 1626061477),
(1480, 867, NULL, NULL, NULL, 'New badge', '<p>Congratilations! You received Top Seller&nbsp;badge.</p>', 'system', 'single', 1626061483),
(1481, 923, NULL, NULL, NULL, 'New badge', '<p>Congratilations! You received Top Seller&nbsp;badge.</p>', 'system', 'single', 1626061484),
(1482, 929, NULL, NULL, NULL, 'New badge', '<p>Congratilations! You received Top Seller&nbsp;badge.</p>', 'system', 'single', 1626061490),
(1483, 1015, NULL, NULL, NULL, 'New class support message', '<p>user Robert B. Gray send new support message for course with title Learn Linux in 5 Days .</p>', 'system', 'single', 1626062396),
(1484, 1015, NULL, NULL, NULL, 'New reply on support conversation', '<p>New reply on a support conversation on your class Learn Linux in 5 Days support.</p>', 'system', 'single', 1626062467),
(1485, 1015, NULL, NULL, NULL, 'New reply on support conversation', '<p>New reply on a support conversation on your class Learn Linux in 5 Days support.</p>', 'system', 'single', 1626062520),
(1486, 1015, NULL, NULL, NULL, 'New reply on support conversation', '<p>New reply on a support conversation on your class Learn Linux in 5 Days support.</p>', 'system', 'single', 1626062578),
(1487, 1015, NULL, NULL, NULL, 'New reply on support conversation', '<p>New reply on a support conversation on your class Learn Linux in 5 Days support.</p>', 'system', 'single', 1626062690),
(1488, 1015, NULL, NULL, NULL, 'New reply on support conversation', '<p>New reply on a support conversation on your class Learn Linux in 5 Days support.</p>', 'system', 'single', 1626062756),
(1489, 1015, NULL, NULL, NULL, 'New class support message', '<p>user Cameron Schofield send new support message for course with title Learn Linux in 5 Days .</p>', 'system', 'single', 1626062941),
(1490, 1015, NULL, NULL, NULL, 'New reply on support conversation', '<p>New reply on a support conversation on your class Learn Linux in 5 Days support.</p>', 'system', 'single', 1626063058),
(1491, 1, NULL, NULL, NULL, 'New support ticket', '<p>New support ticket received with subject Refund Request #64237 .</p>', 'system', 'single', 1626063457),
(1492, 1, NULL, NULL, NULL, 'New reply on support ticket', '<p>The support ticket with the subject Refund Request #64237 updated with a new reply.</p>', 'system', 'single', 1626063547),
(1493, 929, NULL, NULL, NULL, 'New feedback', '<p>Your class How to Manage & Influence Your Virtual Team received a 5 stars rating from Cameron Schofield .</p>', 'system', 'single', 1626091671),
(1494, 929, NULL, NULL, NULL, 'New badge', '<p>Congratilations! You received Golden Classes&nbsp;badge.</p>', 'system', 'single', 1626091708),
(1495, 929, NULL, NULL, NULL, 'New badge', '<p>Congratilations! You received Fantastic Support&nbsp;badge.</p>', 'system', 'single', 1626091708),
(1496, 1015, NULL, NULL, NULL, 'Your class approved', '<p>Your class Excel from Beginner to Advanced successfully approved. Now you can find it on the website.</p>', 'system', 'single', 1626128217),
(1497, 1016, NULL, NULL, NULL, 'New feedback', '<p>Your class Become a Product Manager received a 5 stars rating from Cameron Schofield .</p>', 'system', 'single', 1626129736),
(1498, 1016, NULL, NULL, NULL, 'New badge', '<p>Congratilations! You received Golden Classes&nbsp;badge.</p>', 'system', 'single', 1626129748),
(1499, 1016, NULL, NULL, NULL, 'New badge', '<p>Congratilations! You received Fantastic Support&nbsp;badge.</p>', 'system', 'single', 1626129749),
(1500, 1016, NULL, NULL, NULL, 'New feedback', '<p>Your class Become a Product Manager received a 4.25 stars rating from Robert B. Gray .</p>', 'system', 'single', 1626129826),
(1501, 1016, NULL, NULL, NULL, 'New feedback', '<p>Your class Become a Product Manager received a 4.5 stars rating from Robert B. Gray .</p>', 'system', 'single', 1626129947),
(1502, 1016, NULL, NULL, NULL, 'New badge', '<p>Congratilations! You received Silver Classes&nbsp;badge.</p>', 'system', 'single', 1626129963),
(1503, 1016, NULL, NULL, NULL, 'New badge', '<p>Congratilations! You received Top Seller&nbsp;badge.</p>', 'system', 'single', 1626132407),
(1504, 1015, NULL, NULL, NULL, 'Offline payment submitted', '<p>An offline payment request with the amount 500 submitted successfully.</p>', 'system', 'single', 1626132546),
(1505, 1015, NULL, NULL, NULL, 'Offline payment approved', '<p>Offline payment request with the amount 500 successfully approved.</p>', 'system', 'single', 1626132570),
(1506, 863, NULL, NULL, NULL, 'New sales', '<p>Congratulations! There is a new sales for your class Health And Fitness Masterclass .</p>', 'system', 'single', 1626132844),
(1507, 1015, NULL, NULL, NULL, 'New purchase completed', '<p>The class Health And Fitness Masterclass successfully purchased. Now you can start learning.</p>', 'system', 'single', 1626132844),
(1508, 1015, NULL, NULL, NULL, 'New financial document', '<p>&nbsp;New financial document submitted for your class Health And Fitness Masterclass with type deduction and amount 17.60 .</p>', 'system', 'single', 1626132845),
(1509, 863, NULL, NULL, NULL, 'New badge', '<p>Congratilations! You received Top Seller&nbsp;badge.</p>', 'system', 'single', 1626132861),
(1510, 870, NULL, NULL, NULL, 'New badge', '<p>Congratilations! You received Top Seller&nbsp;badge.</p>', 'system', 'single', 1626132861),
(1511, 1014, NULL, NULL, NULL, 'New badge', '<p>Congratilations! You received New User&nbsp;badge.</p>', 'system', 'single', 1626150992),
(1512, 1015, NULL, NULL, NULL, 'New pending quiz', '<p>Cameron Schofield passed Final Quiz quiz of the Learn Linux in 5 Days class and waiting for correction to get results.</p>', 'system', 'single', 1626204790),
(1513, 995, NULL, NULL, NULL, 'Waiting quiz result', '<p>Your pending quiz corrected and your result is passed for Final Quiz quiz of Learn Linux in 5 Days class.</p>', 'system', 'single', 1626204825),
(1514, 867, NULL, NULL, NULL, 'New badge', '<p>Congratilations! You received Expert Vendor&nbsp;badge.</p>', 'system', 'single', 1626214437),
(1515, 1015, NULL, NULL, NULL, 'New badge', '<p>Congratilations! You received Expert Vendor&nbsp;badge.</p>', 'system', 'single', 1626214438),
(1516, 923, NULL, NULL, NULL, 'New feedback', '<p>Your class How to Travel Around the World received a 5 stars rating from Robert B. Gray .</p>', 'system', 'single', 1626214531),
(1517, 1015, NULL, NULL, NULL, 'New feedback', '<p>Your class Excel from Beginner to Advanced received a 4.75 stars rating from Robert B. Gray .</p>', 'system', 'single', 1626214590),
(1518, 934, NULL, NULL, NULL, 'New feedback', '<p>Your class Learn Python Programming received a 5 stars rating from Robert B. Gray .</p>', 'system', 'single', 1626214647),
(1519, 1015, NULL, NULL, NULL, 'New feedback', '<p>Your class Learn Linux in 5 Days received a 4 stars rating from Robert B. Gray .</p>', 'system', 'single', 1626214731),
(1520, 1016, NULL, NULL, NULL, 'New feedback', '<p>Your class Become a Product Manager received a 5 stars rating from Robert B. Gray .</p>', 'system', 'single', 1626214849),
(1521, 934, NULL, NULL, NULL, 'New badge', '<p>Congratilations! You received Golden Classes&nbsp;badge.</p>', 'system', 'single', 1626232841),
(1522, 934, NULL, NULL, NULL, 'New badge', '<p>Congratilations! You received Fantastic Support&nbsp;badge.</p>', 'system', 'single', 1626232843),
(1523, 934, NULL, NULL, NULL, 'New feedback', '<p>Your class Web Design for Beginners received a 4.25 stars rating from Cameron Schofield .</p>', 'system', 'single', 1626232945),
(1524, 929, NULL, NULL, NULL, 'New feedback', '<p>Your class The Future of Energy received a 2.5 stars rating from Cameron Schofield .</p>', 'system', 'single', 1626233054),
(1525, 3, NULL, NULL, NULL, 'New feedback', '<p>Your class Learn and Understand AngularJS received a 2.75 stars rating from Cameron Schofield .</p>', 'system', 'single', 1626233222),
(1526, 1016, NULL, NULL, NULL, 'New feedback', '<p>Your class Become a Product Manager received a 3.75 stars rating from Cameron Schofield .</p>', 'system', 'single', 1626233313),
(1527, 929, NULL, NULL, NULL, 'New feedback', '<p>Your class How to Manage & Influence Your Virtual Team received a 3.75 stars rating from Cameron Schofield .</p>', 'system', 'single', 1626233413),
(1528, 867, NULL, NULL, NULL, 'New badge', '<p>Congratilations! You received Golden Classes&nbsp;badge.</p>', 'system', 'single', 1626233555),
(1529, 867, NULL, NULL, NULL, 'New badge', '<p>Congratilations! You received Fantastic Support&nbsp;badge.</p>', 'system', 'single', 1626233556),
(1530, 867, NULL, NULL, NULL, 'Your class created', '<p>Your class Travel Management Course successfully created. It will be published after approval.</p>', 'system', 'single', 1626234714),
(1531, 1015, NULL, NULL, NULL, 'Your class approved', '<p>Your class Travel Management Course successfully approved. Now you can find it on the website.</p>', 'system', 'single', 1626234749),
(1532, 1015, NULL, NULL, NULL, 'New badge', '<p>Congratilations! You received Golden Classes&nbsp;badge.</p>', 'system', 'single', 1626234771),
(1533, 1015, NULL, NULL, NULL, 'New badge', '<p>Congratilations! You received Amazing Support&nbsp;badge.</p>', 'system', 'single', 1626234771),
(1534, 1, NULL, NULL, NULL, 'New comment for your class', '<p>Robert Ransdell left a new comment on your class Health And Fitness Masterclass .</p>', 'system', 'single', 1626235679),
(1535, 870, NULL, NULL, NULL, 'New comment for your class', '<p>Robert Ransdell left a new comment on your class Health And Fitness Masterclass .</p>', 'system', 'single', 1626235693),
(1536, 1016, NULL, NULL, NULL, 'New badge', '<p>Congratilations! You received Amazing Support&nbsp;badge.</p>', 'system', 'single', 1626235711),
(1537, 923, NULL, NULL, NULL, 'New badge', '<p>Congratilations! You received Golden Classes&nbsp;badge.</p>', 'system', 'single', 1626235803),
(1538, 923, NULL, NULL, NULL, 'New badge', '<p>Congratilations! You received Fantastic Support&nbsp;badge.</p>', 'system', 'single', 1626235803),
(1539, 934, NULL, NULL, NULL, 'New badge', '<p>Congratilations! You received Amazing Support&nbsp;badge.</p>', 'system', 'single', 1626235937),
(1540, 4, NULL, NULL, NULL, 'New badge', '<p>Congratilations! You received Silver Classes&nbsp;badge.</p>', 'system', 'single', 1626236007),
(1541, 4, NULL, NULL, NULL, 'New badge', '<p>Congratilations! You received Amazing Support&nbsp;badge.</p>', 'system', 'single', 1626236007),
(1542, 929, NULL, NULL, NULL, 'New badge', '<p>Congratilations! You received Good Support&nbsp;badge.</p>', 'system', 'single', 1626236028),
(1543, 1015, NULL, NULL, NULL, 'New pending quiz', '<p>Morgan Sullivan passed Final Quiz quiz of the Learn Linux in 5 Days class and waiting for correction to get results.</p>', 'system', 'single', 1626237968),
(1544, 979, NULL, NULL, NULL, 'Waiting quiz result', '<p>Your pending quiz corrected and your result is passed for Final Quiz quiz of Learn Linux in 5 Days class.</p>', 'system', 'single', 1626237996),
(1545, 3, NULL, NULL, NULL, 'New badge', '<p>Congratilations! You received Good Support&nbsp;badge.</p>', 'system', 'single', 1626239421),
(1546, 1, NULL, NULL, NULL, 'New comment for your class', '<p>Cameron Schofield left a new comment on your class Become a Product Manager .</p>', 'system', 'single', 1626240118),
(1547, 1016, NULL, NULL, NULL, 'New comment for your class', '<p>Cameron Schofield left a new comment on your class Become a Product Manager .</p>', 'system', 'single', 1626240131),
(1548, 1016, NULL, NULL, NULL, 'New comment for your class', '<p>Ricardo dave left a new comment on your class Become a Product Manager .</p>', 'system', 'single', 1626240383),
(1549, 870, NULL, NULL, NULL, 'Your class approved', '<p>Your class Health And Fitness Masterclass successfully approved. Now you can find it on the website.</p>', 'system', 'single', 1626240665),
(1550, 870, NULL, NULL, NULL, 'Your class approved', '<p>Your class Health And Fitness Masterclass successfully approved. Now you can find it on the website.</p>', 'system', 'single', 1626240714),
(1551, 1015, NULL, NULL, NULL, 'Your class approved', '<p>Your class Excel from Beginner to Advanced successfully approved. Now you can find it on the website.</p>', 'system', 'single', 1626240740),
(1552, 3, NULL, NULL, NULL, 'Your class approved', '<p>Your class Active Listening: You Can Be a Great Listener successfully approved. Now you can find it on the website.</p>', 'system', 'single', 1626240800),
(1553, 3, NULL, NULL, NULL, 'Your class approved', '<p>Your class Learn and Understand AngularJS successfully approved. Now you can find it on the website.</p>', 'system', 'single', 1626240827),
(1554, 929, NULL, NULL, NULL, 'Offline payment submitted', '<p>An offline payment request with the amount 300 submitted successfully.</p>', 'system', 'single', 1626241046),
(1555, 929, NULL, NULL, NULL, 'Offline payment approved', '<p>Offline payment request with the amount 300 successfully approved.</p>', 'system', 'single', 1626241074),
(1556, NULL, NULL, NULL, NULL, 'New sales', '<p>Congratulations! There is a new sales for your class The Future of Energy .</p>', 'system', 'single', 1626241152),
(1557, 929, NULL, NULL, NULL, 'New purchase completed', '<p>The class The Future of Energy successfully purchased. Now you can start learning.</p>', 'system', 'single', 1626241152),
(1558, 929, NULL, NULL, NULL, 'New financial document', '<p>&nbsp;New financial document submitted for your class The Future of Energy with type deduction and amount 55.00 .</p>', 'system', 'single', 1626241152),
(1559, 929, NULL, NULL, NULL, 'Promotion plan activated', '<p>Promotion plan Bronze&nbsp;&nbsp;activated for the call The Future of Energy .</p>', 'system', 'single', 1626241153),
(1560, 864, NULL, NULL, NULL, 'New sales', '<p>Congratulations! There is a new sales for your class Active Listening: You Can Be a Great Listener .</p>', 'system', 'single', 1626241212),
(1561, 929, NULL, NULL, NULL, 'New purchase completed', '<p>The class Active Listening: You Can Be a Great Listener successfully purchased. Now you can start learning.</p>', 'system', 'single', 1626241213),
(1562, 929, NULL, NULL, NULL, 'New financial document', '<p>&nbsp;New financial document submitted for your class Active Listening: You Can Be a Great Listener with type deduction and amount 33.00 .</p>', 'system', 'single', 1626241213),
(1563, 864, NULL, NULL, NULL, 'New badge', '<p>Congratilations! You received Best Seller&nbsp;badge.</p>', 'system', 'single', 1626241242);
INSERT INTO `notifications` (`id`, `user_id`, `sender_id`, `group_id`, `webinar_id`, `title`, `message`, `sender`, `type`, `created_at`) VALUES
(1564, 1, NULL, NULL, NULL, 'New comment for your class', '<p>Kate Williams left a new comment on your class Become a Product Manager .</p>', 'system', 'single', 1626241320),
(1565, 1016, NULL, NULL, NULL, 'New comment for your class', '<p>Kate Williams left a new comment on your class Become a Product Manager .</p>', 'system', 'single', 1626241345),
(1566, 1, NULL, NULL, NULL, 'New comment for your class', '<p>Kate Williams left a new comment on your class Active Listening: You Can Be a Great Listener .</p>', 'system', 'single', 1626241386),
(1567, 3, NULL, NULL, NULL, 'New comment for your class', '<p>Kate Williams left a new comment on your class Active Listening: You Can Be a Great Listener .</p>', 'system', 'single', 1626241400),
(1568, 3, NULL, NULL, NULL, 'New comment for your class', '<p>James Kong left a new comment on your class Active Listening: You Can Be a Great Listener .</p>', 'system', 'single', 1626242090),
(1569, 1016, NULL, NULL, NULL, 'New comment for your class', '<p>Kate Williams left a new comment on your class Become a Product Manager .</p>', 'system', 'single', 1626242094),
(1570, 1, NULL, NULL, NULL, 'New badge', '<p>Congratilations! You received Faitful User&nbsp;badge.</p>', 'system', 'single', 1626242992),
(1571, 996, NULL, NULL, NULL, 'Meeting finished', '<p>The meeting finished. Instructor: Robert Ransdell Student:&nbsp; Robert B. Gray&nbsp; Meeting time: 2021-07-12 .</p>', 'system', 'single', 1626243180),
(1572, 1015, NULL, NULL, NULL, 'Meeting finished', '<p>The meeting finished. Instructor: Robert Ransdell Student:&nbsp; Robert B. Gray&nbsp; Meeting time: 2021-07-12 .</p>', 'system', 'single', 1626243180),
(1573, 1015, NULL, NULL, NULL, 'New pending quiz', '<p>Kate Williams passed Final Quiz quiz of the Learn Linux in 5 Days class and waiting for correction to get results.</p>', 'system', 'single', 1626243488),
(1574, 1015, NULL, NULL, NULL, 'Your class approved', '<p>Your class Learn Linux in 5 Days successfully approved. Now you can find it on the website.</p>', 'system', 'single', 1626246628),
(1575, 923, NULL, NULL, NULL, 'Your class approved', '<p>Your class Effective Time Management successfully approved. Now you can find it on the website.</p>', 'system', 'single', 1626246694),
(1576, 870, NULL, NULL, NULL, 'Your class approved', '<p>Your class Health And Fitness Masterclass successfully approved. Now you can find it on the website.</p>', 'system', 'single', 1626246793),
(1577, 923, NULL, NULL, NULL, 'Your class approved', '<p>Your class Effective Time Management successfully approved. Now you can find it on the website.</p>', 'system', 'single', 1626246814),
(1578, 870, NULL, NULL, NULL, 'New sales', '<p>Congratulations! There is a new sales for your class  .</p>', 'system', 'single', 1626247195),
(1579, 995, NULL, NULL, NULL, 'New purchase completed', '<p>The class  successfully purchased. Now you can start learning.</p>', 'system', 'single', 1626247195),
(1580, 995, NULL, NULL, NULL, 'New meeting request', '<p>New meeting booked by Cameron Schofield for 2021-09-01  with the amount 100 .</p>', 'system', 'single', 1626247196),
(1581, 870, NULL, NULL, NULL, 'New meeting request', '<p>New meeting booked by Cameron Schofield for 2021-09-01  with the amount 100 .</p>', 'system', 'single', 1626247196),
(1582, 995, NULL, NULL, NULL, 'New financial document', '<p>&nbsp;New financial document submitted for your class Meeting Reservation with type deduction and amount 110.00 .</p>', 'system', 'single', 1626247196),
(1583, 1, NULL, NULL, NULL, 'New support ticket', '<p>New support ticket received with subject Problem with quiz .</p>', 'system', 'single', 1626250124),
(1584, 870, NULL, NULL, NULL, 'New feedback', '<p>Your class Health And Fitness Masterclass received a 5 stars rating from Cameron Schofield .</p>', 'system', 'single', 1626283457),
(1585, 863, NULL, NULL, NULL, 'New badge', '<p>Congratilations! You received Golden Classes&nbsp;badge.</p>', 'system', 'single', 1626283475),
(1586, 863, NULL, NULL, NULL, 'New badge', '<p>Congratilations! You received Fantastic Support&nbsp;badge.</p>', 'system', 'single', 1626283486),
(1587, 870, NULL, NULL, NULL, 'New badge', '<p>Congratilations! You received Golden Classes&nbsp;badge.</p>', 'system', 'single', 1626283490),
(1588, 870, NULL, NULL, NULL, 'New badge', '<p>Congratilations! You received Fantastic Support&nbsp;badge.</p>', 'system', 'single', 1626283496),
(1589, 870, NULL, NULL, NULL, 'New feedback', '<p>Your class Health And Fitness Masterclass received a 5 stars rating from Morgan Sullivan .</p>', 'system', 'single', 1626283559),
(1590, 1, NULL, NULL, NULL, 'New comment for your class', '<p>Robert Ransdell left a new comment on your class Learn Python Programming .</p>', 'system', 'single', 1626493830),
(1591, 1015, NULL, NULL, NULL, 'New badge', '<p>Congratilations! You received Fantastic Support&nbsp;badge.</p>', 'system', 'single', 1626508221),
(1592, 3, NULL, NULL, NULL, 'New badge', '<p>Congratilations! You received Bronze Classes&nbsp;badge.</p>', 'system', 'single', 1626508287),
(1593, 3, NULL, NULL, NULL, 'New badge', '<p>Congratilations! You received Amazing Support&nbsp;badge.</p>', 'system', 'single', 1626508287),
(1594, 929, NULL, NULL, NULL, 'New badge', '<p>Congratilations! You received Amazing Support&nbsp;badge.</p>', 'system', 'single', 1626508287),
(1595, 867, NULL, NULL, NULL, 'New sales', '<p>Congratulations! There is a new sales for your class Effective Time Management .</p>', 'system', 'single', 1626508956),
(1596, 996, NULL, NULL, NULL, 'New purchase completed', '<p>The class Effective Time Management successfully purchased. Now you can start learning.</p>', 'system', 'single', 1626508957),
(1597, 996, NULL, NULL, NULL, 'New financial document', '<p>&nbsp;New financial document submitted for your class Effective Time Management with type deduction and amount 29.70 .</p>', 'system', 'single', 1626508957),
(1598, 923, NULL, NULL, NULL, 'New feedback', '<p>Your class Effective Time Management received a 5 stars rating from Robert B. Gray .</p>', 'system', 'single', 1626508980),
(1599, 1, NULL, NULL, NULL, 'New comment for your class', '<p>Robert B. Gray left a new comment on your class Active Listening: You Can Be a Great Listener .</p>', 'system', 'single', 1626509207),
(1600, 1, NULL, NULL, NULL, 'New comment for your class', '<p>Robert B. Gray left a new comment on your class Active Listening: You Can Be a Great Listener .</p>', 'system', 'single', 1626509327),
(1601, 1, NULL, NULL, NULL, 'New comment for your class', '<p>Robert Ransdell left a new comment on your class Become a Product Manager .</p>', 'system', 'single', 1626509546),
(1602, 3, NULL, NULL, NULL, 'New comment for your class', '<p>Robert B. Gray left a new comment on your class Active Listening: You Can Be a Great Listener .</p>', 'system', 'single', 1626509591),
(1603, 1015, NULL, NULL, NULL, 'New badge', '<p>Congratilations! You received Loyal User&nbsp;badge.</p>', 'system', 'single', 1627543283),
(1604, 934, NULL, NULL, NULL, 'New badge', '<p>Congratilations! You received Faitful User&nbsp;badge.</p>', 'system', 'single', 1628619121),
(1605, 1016, NULL, NULL, NULL, 'New badge', '<p>Congratilations! You received Loyal User&nbsp;badge.</p>', 'system', 'single', 1628619122),
(1606, 930, NULL, NULL, NULL, 'Offline payment approved', '<p>Offline payment request with the amount 250 successfully approved.</p>', 'system', 'single', 1628704280),
(1607, 923, NULL, NULL, NULL, 'Offline payment approved', '<p>Offline payment request with the amount 300 successfully approved.</p>', 'system', 'single', 1628704284),
(1608, 996, NULL, NULL, NULL, 'Offline payment submitted', '<p>An offline payment request with the amount 200 submitted successfully.</p>', 'system', 'single', 1628704322),
(1609, 995, NULL, NULL, NULL, 'Offline payment submitted', '<p>An offline payment request with the amount 100 submitted successfully.</p>', 'system', 'single', 1628704347),
(1610, 995, NULL, NULL, NULL, 'Offline payment submitted', '<p>An offline payment request with the amount 200 submitted successfully.</p>', 'system', 'single', 1628704369),
(1611, 995, NULL, NULL, NULL, 'Offline payment approved', '<p>Offline payment request with the amount 200 successfully approved.</p>', 'system', 'single', 1628704378),
(1612, 995, NULL, NULL, NULL, 'Offline payment approved', '<p>Offline payment request with the amount 100 successfully approved.</p>', 'system', 'single', 1628704382),
(1613, 996, NULL, NULL, NULL, 'Offline payment approved', '<p>Offline payment request with the amount 200 successfully approved.</p>', 'system', 'single', 1628704397),
(1614, 979, NULL, NULL, NULL, 'Offline payment submitted', '<p>An offline payment request with the amount 100 submitted successfully.</p>', 'system', 'single', 1628704436),
(1615, 979, NULL, NULL, NULL, 'Offline payment rejected', '<p>Sorry, offline payment request with the amount 100&nbsp;rejected.</p>', 'system', 'single', 1628704449),
(1616, 930, NULL, NULL, NULL, 'Offline payment submitted', '<p>An offline payment request with the amount 100 submitted successfully.</p>', 'system', 'single', 1628785223),
(1617, 930, NULL, NULL, NULL, 'Offline payment submitted', '<p>An offline payment request with the amount 555 submitted successfully.</p>', 'system', 'single', 1628785232),
(1618, 930, NULL, NULL, NULL, 'Offline payment submitted', '<p>An offline payment request with the amount 18919 submitted successfully.</p>', 'system', 'single', 1628785247),
(1619, 930, NULL, NULL, NULL, 'Offline payment submitted', '<p>An offline payment request with the amount 18919 submitted successfully.</p>', 'system', 'single', 1628785251),
(1620, 930, NULL, NULL, NULL, 'Offline payment submitted', '<p>An offline payment request with the amount 888 submitted successfully.</p>', 'system', 'single', 1628785264),
(1621, 930, NULL, NULL, NULL, 'Offline payment submitted', '<p>An offline payment request with the amount 44 submitted successfully.</p>', 'system', 'single', 1628785278),
(1622, 930, NULL, NULL, NULL, 'Offline payment submitted', '<p>An offline payment request with the amount 500 submitted successfully.</p>', 'system', 'single', 1628785293),
(1623, 930, NULL, NULL, NULL, 'Offline payment submitted', '<p>An offline payment request with the amount 555 submitted successfully.</p>', 'system', 'single', 1628785304),
(1624, 930, NULL, NULL, NULL, 'Offline payment submitted', '<p>An offline payment request with the amount 555 submitted successfully.</p>', 'system', 'single', 1628785307),
(1625, 930, NULL, NULL, NULL, 'Offline payment submitted', '<p>An offline payment request with the amount 555 submitted successfully.</p>', 'system', 'single', 1628785327),
(1626, 930, NULL, NULL, NULL, 'Offline payment submitted', '<p>An offline payment request with the amount 555 submitted successfully.</p>', 'system', 'single', 1628785330),
(1627, 930, NULL, NULL, NULL, 'Offline payment submitted', '<p>An offline payment request with the amount 444 submitted successfully.</p>', 'system', 'single', 1628785342),
(1628, 930, NULL, NULL, NULL, 'Offline payment submitted', '<p>An offline payment request with the amount 78797 submitted successfully.</p>', 'system', 'single', 1628785393),
(1629, 996, NULL, NULL, NULL, 'New badge', '<p>Congratilations! You received &nbsp;badge.</p>', 'system', 'single', 1635366097),
(1630, 995, NULL, NULL, NULL, 'New badge', '<p>Congratilations! You received &nbsp;badge.</p>', 'system', 'single', 1635366115),
(1631, 1015, NULL, NULL, NULL, 'New badge', '<p>Congratilations! You received &nbsp;badge.</p>', 'system', 'single', 1635404223),
(1632, 4, NULL, NULL, NULL, 'New badge', '<p>Congratilations! You received Golden Classes&nbsp;badge.</p>', 'system', 'single', 1635405357),
(1633, 4, NULL, NULL, NULL, 'New badge', '<p>Congratilations! You received Fantastic Support&nbsp;badge.</p>', 'system', 'single', 1635405358),
(1634, 979, NULL, NULL, NULL, 'New badge', '<p>Congratilations! You received Faitful User&nbsp;badge.</p>', 'system', 'single', 1635405486),
(1635, 1014, NULL, NULL, NULL, 'New badge', '<p>Congratilations! You received Loyal User&nbsp;badge.</p>', 'system', 'single', 1635406181),
(1636, 995, NULL, NULL, NULL, 'New badge', '<p>Congratilations! You received Faitful User&nbsp;badge.</p>', 'system', 'single', 1635408182),
(1637, 1015, NULL, NULL, NULL, 'Your class approved', '<p>Your class Travel Management Course successfully approved. Now you can find it on the website.</p>', 'system', 'single', 1635410916),
(1638, 1015, NULL, NULL, NULL, 'Your class approved', '<p>Your class Travel Management Course successfully approved. Now you can find it on the website.</p>', 'system', 'single', 1635411032),
(1639, 1015, NULL, NULL, NULL, 'Your class approved', '<p>Your class Travel Management Course successfully approved. Now you can find it on the website.</p>', 'system', 'single', 1635411039),
(1640, 867, NULL, NULL, NULL, 'New sales', '<p>Congratulations! There is a new sales for your class Effective Time Management .</p>', 'system', 'single', 1635412196),
(1641, 929, NULL, NULL, NULL, 'New purchase completed', '<p>The class Effective Time Management successfully purchased. Now you can start learning.</p>', 'system', 'single', 1635412196),
(1642, 929, NULL, NULL, NULL, 'New financial document', '<p>&nbsp;New financial document submitted for your class Effective Time Management with type deduction and amount 33.00 .</p>', 'system', 'single', 1635412197),
(1643, 1015, NULL, NULL, NULL, 'Your class approved', '<p>Your class Curso de gestión de viajes successfully approved. Now you can find it on the website.</p>', 'system', 'single', 1635442592),
(1644, 923, NULL, NULL, NULL, 'Your class approved', '<p>Your class Cómo viajar por el mundo successfully approved. Now you can find it on the website.</p>', 'system', 'single', 1635442687),
(1645, 923, NULL, NULL, NULL, 'Your class approved', '<p>Your class Cómo viajar por el mundo successfully approved. Now you can find it on the website.</p>', 'system', 'single', 1635442733),
(1646, 923, NULL, NULL, NULL, 'Your class approved', '<p>Your class كيف تسافر حول العالم successfully approved. Now you can find it on the website.</p>', 'system', 'single', 1635443083),
(1647, 934, NULL, NULL, NULL, 'Your class approved', '<p>Your class تصميم المواقع للمبتدئين successfully approved. Now you can find it on the website.</p>', 'system', 'single', 1635443257),
(1648, 934, NULL, NULL, NULL, 'Your class approved', '<p>Your class Diseño web para principiantes successfully approved. Now you can find it on the website.</p>', 'system', 'single', 1635443302),
(1649, 929, NULL, NULL, NULL, 'Your class approved', '<p>Your class El futuro de la energía successfully approved. Now you can find it on the website.</p>', 'system', 'single', 1635443448),
(1650, 929, NULL, NULL, NULL, 'Your class approved', '<p>Your class مستقبل الطاقة successfully approved. Now you can find it on the website.</p>', 'system', 'single', 1635443492),
(1651, 929, NULL, NULL, NULL, 'Your class approved', '<p>Your class كيفية إدارة والتأثير على فريقك الافتراضي successfully approved. Now you can find it on the website.</p>', 'system', 'single', 1635443668),
(1652, 929, NULL, NULL, NULL, 'Your class approved', '<p>Your class Cómo administrar e influir en su equipo virtual successfully approved. Now you can find it on the website.</p>', 'system', 'single', 1635443747),
(1653, 1016, NULL, NULL, NULL, 'Your class approved', '<p>Your class Conviértete en gerente de producto successfully approved. Now you can find it on the website.</p>', 'system', 'single', 1635443872),
(1654, 1016, NULL, NULL, NULL, 'Your class approved', '<p>Your class كن مدير منتج successfully approved. Now you can find it on the website.</p>', 'system', 'single', 1635443991),
(1655, 3, NULL, NULL, NULL, 'Your class approved', '<p>Your class الاستماع النشط: يمكنك أن تكون مستمعًا جيدًا successfully approved. Now you can find it on the website.</p>', 'system', 'single', 1635444233),
(1656, 3, NULL, NULL, NULL, 'Your class approved', '<p>Your class Escucha activa: puedes ser un gran oyente successfully approved. Now you can find it on the website.</p>', 'system', 'single', 1635444317),
(1657, 870, NULL, NULL, NULL, 'Your class approved', '<p>Your class Masterclass de salud y fitness successfully approved. Now you can find it on the website.</p>', 'system', 'single', 1635444457),
(1658, 870, NULL, NULL, NULL, 'Your class approved', '<p>Your class دروس متقدمة في الصحة واللياقة البدنية successfully approved. Now you can find it on the website.</p>', 'system', 'single', 1635444517),
(1659, 3, NULL, NULL, NULL, 'Your class approved', '<p>Your class تعلم وافهم AngularJS successfully approved. Now you can find it on the website.</p>', 'system', 'single', 1635444683),
(1660, 3, NULL, NULL, NULL, 'Your class approved', '<p>Your class Aprenda y comprenda AngularJS successfully approved. Now you can find it on the website.</p>', 'system', 'single', 1635444769),
(1661, 923, NULL, NULL, NULL, 'Your class approved', '<p>Your class Gestión eficaz del tiempo successfully approved. Now you can find it on the website.</p>', 'system', 'single', 1635444834),
(1662, 923, NULL, NULL, NULL, 'Your class approved', '<p>Your class ادارة الوقت بفاعلية successfully approved. Now you can find it on the website.</p>', 'system', 'single', 1635444866),
(1663, 1015, NULL, NULL, NULL, 'Your class approved', '<p>Your class مايكروسوفت اكسل من المبتدئين إلى المتقدمين successfully approved. Now you can find it on the website.</p>', 'system', 'single', 1635444974),
(1664, 1015, NULL, NULL, NULL, 'Your class approved', '<p>Your class تعلم لينكس في خمسة أيام successfully approved. Now you can find it on the website.</p>', 'system', 'single', 1635445120),
(1665, 1015, NULL, NULL, NULL, 'Your class approved', '<p>Your class Aprenda Linux en cinco días successfully approved. Now you can find it on the website.</p>', 'system', 'single', 1635445181),
(1666, 934, NULL, NULL, NULL, 'Your class approved', '<p>Your class Aprenda a programar en Python successfully approved. Now you can find it on the website.</p>', 'system', 'single', 1635445296),
(1667, 934, NULL, NULL, NULL, 'Your class approved', '<p>Your class تعلم برمجة بايثون successfully approved. Now you can find it on the website.</p>', 'system', 'single', 1635445377),
(1668, 996, NULL, NULL, NULL, 'New badge', '<p>Congratilations! You received Faitful User&nbsp;badge.</p>', 'system', 'single', 1639377925),
(1669, 923, NULL, NULL, NULL, 'Your class approved', '<p>Your class How to Travel Around the World successfully approved. Now you can find it on the website.</p>', 'system', 'single', 1639378044),
(1670, 870, NULL, NULL, NULL, 'Your class approved', '<p>Your class Health And Fitness Masterclass successfully approved. Now you can find it on the website.</p>', 'system', 'single', 1639378097),
(1671, 923, NULL, NULL, NULL, 'Your class approved', '<p>Your class Effective Time Management successfully approved. Now you can find it on the website.</p>', 'system', 'single', 1639378108),
(1672, 1017, NULL, NULL, NULL, 'New financial document', '<p>&nbsp;New financial document submitted for your class [c.title] with type addiction and amount 500 .</p>', 'system', 'single', 1639379205),
(1673, 867, NULL, NULL, NULL, 'New sales', '<p>Congratulations! There is a new sales for your class Effective Time Management .</p>', 'system', 'single', 1639379284),
(1674, 1017, NULL, NULL, NULL, 'New purchase completed', '<p>The class Effective Time Management successfully purchased. Now you can start learning.</p>', 'system', 'single', 1639379284),
(1675, 1017, NULL, NULL, NULL, 'New financial document', '<p>&nbsp;New financial document submitted for your class Effective Time Management with type deduction and amount 33.00 .</p>', 'system', 'single', 1639379284),
(1676, 1015, NULL, NULL, NULL, 'New sales', '<p>Congratulations! There is a new sales for your class Excel from Beginner to Advanced .</p>', 'system', 'single', 1639379350),
(1677, 1017, NULL, NULL, NULL, 'New purchase completed', '<p>The class Excel from Beginner to Advanced successfully purchased. Now you can start learning.</p>', 'system', 'single', 1639379351),
(1678, 1017, NULL, NULL, NULL, 'New financial document', '<p>&nbsp;New financial document submitted for your class Excel from Beginner to Advanced with type deduction and amount 110.00 .</p>', 'system', 'single', 1639379351),
(1679, 864, NULL, NULL, NULL, 'New sales', '<p>Congratulations! There is a new sales for your class Active Listening: You Can Be a Great Listener .</p>', 'system', 'single', 1639379388),
(1680, 1017, NULL, NULL, NULL, 'New purchase completed', '<p>The class Active Listening: You Can Be a Great Listener successfully purchased. Now you can start learning.</p>', 'system', 'single', 1639379389),
(1681, 1017, NULL, NULL, NULL, 'New financial document', '<p>&nbsp;New financial document submitted for your class Active Listening: You Can Be a Great Listener with type deduction and amount 33.00 .</p>', 'system', 'single', 1639379394),
(1682, 1016, NULL, NULL, NULL, 'New badge', '<p>Congratilations! You received Faitful User&nbsp;badge.</p>', 'system', 'single', 1645697363),
(1683, 1015, NULL, NULL, NULL, 'New badge', '<p>Congratilations! You received Faitful User&nbsp;badge.</p>', 'system', 'single', 1645697399),
(1684, 923, NULL, NULL, NULL, 'Your class approved', '<p>Your class How to Travel Around the World successfully approved. Now you can find it on the website.</p>', 'system', 'single', 1645726175),
(1685, 929, NULL, NULL, NULL, 'Your class approved', '<p>Your class How to Manage & Influence Your Virtual Team successfully approved. Now you can find it on the website.</p>', 'system', 'single', 1645726208),
(1686, 929, NULL, NULL, NULL, 'Your class approved', '<p>Your class How to Manage & Influence Your Virtual Team successfully approved. Now you can find it on the website.</p>', 'system', 'single', 1645726231),
(1687, 3, NULL, NULL, NULL, 'New badge', '<p>Congratilations! You received Top Seller&nbsp;badge.</p>', 'system', 'single', 1645782214),
(1688, 929, NULL, NULL, NULL, 'Your class approved', '<p>Your class How to Manage & Influence Your Virtual Team successfully approved. Now you can find it on the website.</p>', 'system', 'single', 1646028920),
(1689, 1015, NULL, NULL, NULL, 'Your class approved', '<p>Your class The Professional Guitar Masterclass successfully approved. Now you can find it on the website.</p>', 'system', 'single', 1646127145),
(1690, 1015, NULL, NULL, NULL, 'Your class approved', '<p>Your class The Professional Guitar Masterclass successfully approved. Now you can find it on the website.</p>', 'system', 'single', 1646130427),
(1691, 1015, NULL, NULL, NULL, 'Your class created', '<p>Your class New in-App Live System successfully created. It will be published after approval.</p>', 'system', 'single', 1646171990),
(1692, 1015, NULL, NULL, NULL, 'Your class approved', '<p>Your class New in-App Live System successfully approved. Now you can find it on the website.</p>', 'system', 'single', 1646172006),
(1693, 1015, NULL, NULL, NULL, 'New sales', '<p>Congratulations! There is a new sales for your class New in-App Live System .</p>', 'system', 'single', 1646172086),
(1694, 995, NULL, NULL, NULL, 'New purchase completed', '<p>The class New in-App Live System successfully purchased. Now you can start learning.</p>', 'system', 'single', 1646172086),
(1695, 995, NULL, NULL, NULL, 'New financial document', '<p>&nbsp;New financial document submitted for your class New in-App Live System with type deduction and amount 11.00 .</p>', 'system', 'single', 1646172087),
(1696, 1015, NULL, NULL, NULL, 'New sales', '<p>Congratulations! There is a new sales for your class New in-App Live System .</p>', 'system', 'single', 1646172123),
(1697, 996, NULL, NULL, NULL, 'New purchase completed', '<p>The class New in-App Live System successfully purchased. Now you can start learning.</p>', 'system', 'single', 1646172123),
(1698, 996, NULL, NULL, NULL, 'New financial document', '<p>&nbsp;New financial document submitted for your class New in-App Live System with type deduction and amount 9.90 .</p>', 'system', 'single', 1646172124),
(1699, 1015, NULL, NULL, NULL, 'New sales', '<p>Congratulations! There is a new sales for your class New in-App Live System .</p>', 'system', 'single', 1646172159),
(1700, 979, NULL, NULL, NULL, 'New purchase completed', '<p>The class New in-App Live System successfully purchased. Now you can start learning.</p>', 'system', 'single', 1646172159),
(1701, 979, NULL, NULL, NULL, 'New financial document', '<p>&nbsp;New financial document submitted for your class New in-App Live System with type deduction and amount 11.00 .</p>', 'system', 'single', 1646172160),
(1702, 1015, NULL, NULL, NULL, 'New sales', '<p>Congratulations! There is a new sales for your class New in-App Live System .</p>', 'system', 'single', 1646172296),
(1703, 929, NULL, NULL, NULL, 'New purchase completed', '<p>The class New in-App Live System successfully purchased. Now you can start learning.</p>', 'system', 'single', 1646172296),
(1704, 929, NULL, NULL, NULL, 'New financial document', '<p>&nbsp;New financial document submitted for your class New in-App Live System with type deduction and amount 11.00 .</p>', 'system', 'single', 1646172296),
(1705, 923, NULL, NULL, NULL, 'Your class approved', '<p>Your class How to Travel Around the World successfully approved. Now you can find it on the website.</p>', 'system', 'single', 1646172352),
(1706, 923, NULL, NULL, NULL, 'Your class approved', '<p>Your class Effective Time Management successfully approved. Now you can find it on the website.</p>', 'system', 'single', 1646172394),
(1707, 1015, NULL, NULL, NULL, 'Your class created', '<p>Your class New in-App Live System successfully created. It will be published after approval.</p>', 'system', 'single', 1646172624),
(1708, 1015, NULL, NULL, NULL, 'Your class approved', '<p>Your class New in-App Live System successfully approved. Now you can find it on the website.</p>', 'system', 'single', 1646172650),
(1709, 1015, NULL, NULL, NULL, 'Your class created', '<p>Your class New in-App Live System successfully created. It will be published after approval.</p>', 'system', 'single', 1646173046),
(1710, 1015, NULL, NULL, NULL, 'Your class approved', '<p>Your class New Learning Page successfully approved. Now you can find it on the website.</p>', 'system', 'single', 1646173945),
(1711, 1017, NULL, NULL, NULL, 'New badge', '<p>Congratilations! You received Loyal User&nbsp;badge.</p>', 'system', 'single', 1646174015),
(1712, 1015, NULL, NULL, NULL, 'Your class approved', '<p>Your class New in-App Live System successfully approved. Now you can find it on the website.</p>', 'system', 'single', 1646174680),
(1713, 1015, NULL, NULL, NULL, 'Your class approved', '<p>Your class New in-App Live System successfully approved. Now you can find it on the website.</p>', 'system', 'single', 1646175192),
(1714, 1015, NULL, NULL, NULL, 'Your class approved', '<p>Your class New in-App Live System successfully approved. Now you can find it on the website.</p>', 'system', 'single', 1646175313),
(1715, 1015, NULL, NULL, NULL, 'Your class approved', '<p>Your class New in-App Live System successfully approved. Now you can find it on the website.</p>', 'system', 'single', 1646175337),
(1764, 863, NULL, NULL, NULL, 'New badge', '<p><span style=\"color: rgb(78, 94, 106); font-family: &quot;Open Sans&quot;, &quot;Helvetica Neue&quot;, Helvetica, Arial, sans-serif; font-size: 13.5px;\">Congratulations</span>! You received Golden Classes&nbsp;badge.</p>', 'system', 'single', 1646263574),
(1765, 863, NULL, NULL, NULL, 'New badge', '<p><span style=\"color: rgb(78, 94, 106); font-family: &quot;Open Sans&quot;, &quot;Helvetica Neue&quot;, Helvetica, Arial, sans-serif; font-size: 13.5px;\">Congratulations</span>! You received Top Seller&nbsp;badge.</p>', 'system', 'single', 1646263574),
(1766, 863, NULL, NULL, NULL, 'New badge', '<p><span style=\"color: rgb(78, 94, 106); font-family: &quot;Open Sans&quot;, &quot;Helvetica Neue&quot;, Helvetica, Arial, sans-serif; font-size: 13.5px;\">Congratulations</span>! You received Fantastic Support&nbsp;badge.</p>', 'system', 'single', 1646263574),
(1767, 868, NULL, NULL, NULL, 'New badge', '<p><span style=\"color: rgb(78, 94, 106); font-family: &quot;Open Sans&quot;, &quot;Helvetica Neue&quot;, Helvetica, Arial, sans-serif; font-size: 13.5px;\">Congratulations</span>! You received Faithful User&nbsp;badge.</p>', 'system', 'single', 1646287364),
(1768, 996, NULL, NULL, NULL, 'New badge', '<p><span style=\"color: rgb(78, 94, 106); font-family: &quot;Open Sans&quot;, &quot;Helvetica Neue&quot;, Helvetica, Arial, sans-serif; font-size: 13.5px;\">Congratulations</span>! You received Faithful User&nbsp;badge.</p>', 'system', 'single', 1646290203),
(1769, 995, NULL, NULL, NULL, 'New badge', '<p><span style=\"color: rgb(78, 94, 106); font-family: &quot;Open Sans&quot;, &quot;Helvetica Neue&quot;, Helvetica, Arial, sans-serif; font-size: 13.5px;\">Congratulations</span>! You received Faithful User&nbsp;badge.</p>', 'system', 'single', 1646302693),
(1770, 923, NULL, NULL, NULL, 'New badge', '<p><span style=\"color: rgb(78, 94, 106); font-family: &quot;Open Sans&quot;, &quot;Helvetica Neue&quot;, Helvetica, Arial, sans-serif; font-size: 13.5px;\">Congratulations</span>! You received Faithful User&nbsp;badge.</p>', 'system', 'single', 1646326059),
(1771, 923, NULL, NULL, NULL, 'New badge', '<p><span style=\"color: rgb(78, 94, 106); font-family: &quot;Open Sans&quot;, &quot;Helvetica Neue&quot;, Helvetica, Arial, sans-serif; font-size: 13.5px;\">Congratulations</span>! You received Senior Vendor&nbsp;badge.</p>', 'system', 'single', 1646326060),
(1772, 923, NULL, NULL, NULL, 'New badge', '<p><span style=\"color: rgb(78, 94, 106); font-family: &quot;Open Sans&quot;, &quot;Helvetica Neue&quot;, Helvetica, Arial, sans-serif; font-size: 13.5px;\">Congratulations</span>! You received Golden Classes&nbsp;badge.</p>', 'system', 'single', 1646326060),
(1773, 923, NULL, NULL, NULL, 'New badge', '<p><span style=\"color: rgb(78, 94, 106); font-family: &quot;Open Sans&quot;, &quot;Helvetica Neue&quot;, Helvetica, Arial, sans-serif; font-size: 13.5px;\">Congratulations</span>! You received Top Seller&nbsp;badge.</p>', 'system', 'single', 1646326060),
(1774, 923, NULL, NULL, NULL, 'New badge', '<p><span style=\"color: rgb(78, 94, 106); font-family: &quot;Open Sans&quot;, &quot;Helvetica Neue&quot;, Helvetica, Arial, sans-serif; font-size: 13.5px;\">Congratulations</span>! You received Fantastic Support&nbsp;badge.</p>', 'system', 'single', 1646326061),
(1775, 929, NULL, NULL, NULL, 'Your class approved', '<p>Your class How to Manage Your Virtual Team successfully approved. Now you can find it on the website.</p>', 'system', 'single', 1646350436),
(1776, 1015, NULL, NULL, NULL, 'New feedback', '<p>Your class New Learning Page received a 5 stars rating from Cameron Schofield .</p>', 'system', 'single', 1646352833),
(1777, 1015, NULL, NULL, NULL, 'New sales', '<p>Congratulations! There is a new sales for your class  .</p>', 'system', 'single', 1646379288),
(1778, 995, NULL, NULL, NULL, 'New purchase completed', '<p>The class  successfully purchased. Now you can start learning.</p>', 'system', 'single', 1646379289),
(1779, 995, NULL, NULL, NULL, 'New meeting request', '<p>New meeting booked by Cameron Schofield for 2022-03-15  with the amount 750 .</p>', 'system', 'single', 1646379289),
(1780, 1015, NULL, NULL, NULL, 'New meeting request', '<p>New meeting booked by Cameron Schofield for 2022-03-15  with the amount 750 .</p>', 'system', 'single', 1646379290),
(1781, 995, NULL, NULL, NULL, 'New financial document', '<p>&nbsp;New financial document submitted for your class Reservation Appointment with type deduction and amount 825.00 .</p>', 'system', 'single', 1646379290),
(1782, 1017, NULL, NULL, NULL, 'New badge', '<p><span style=\"color: rgb(78, 94, 106); font-family: &quot;Open Sans&quot;, &quot;Helvetica Neue&quot;, Helvetica, Arial, sans-serif; font-size: 13.5px;\">Congratulations</span>! You received Loyal User&nbsp;badge.</p>', 'system', 'single', 1646379366),
(1783, 867, NULL, NULL, NULL, 'New financial document', '<p>&nbsp;New financial document submitted for your class [c.title] with type addiction and amount 200 .</p>', 'system', 'single', 1646381415),
(1784, 870, NULL, NULL, NULL, 'New badge', '<p>You received Faithful User&nbsp;badge.</p>', 'system', 'single', 1646384782),
(1785, 870, NULL, NULL, NULL, 'New badge', '<p>You received Junior Vendor&nbsp;badge.</p>', 'system', 'single', 1646384788),
(1786, 870, NULL, NULL, NULL, 'New badge', '<p>You received Golden Classes&nbsp;badge.</p>', 'system', 'single', 1646384788),
(1787, 870, NULL, NULL, NULL, 'New badge', '<p>You received Top Seller&nbsp;badge.</p>', 'system', 'single', 1646384789),
(1788, 870, NULL, NULL, NULL, 'New badge', '<p>You received Fantastic Support&nbsp;badge.</p>', 'system', 'single', 1646384794),
(1789, 930, NULL, NULL, NULL, 'New badge', '<p>You received Faithful User&nbsp;badge.</p>', 'system', 'single', 1646386699),
(1790, NULL, NULL, NULL, NULL, 'New sales', '<p>Congratulations! There is a new sales for your class Pro Registration package .</p>', 'system', 'single', 1646386787),
(1791, 930, NULL, NULL, NULL, 'New purchase completed', '<p>The class Pro Registration package successfully purchased. Now you can start learning.</p>', 'system', 'single', 1646386787),
(1792, 930, NULL, NULL, NULL, 'New financial document', '<p>&nbsp;New financial document submitted for your class [c.title] with type deduction and amount 218.90 .</p>', 'system', 'single', 1646386792),
(1793, 859, NULL, NULL, NULL, 'New badge', '<p>You received Faithful User&nbsp;badge.</p>', 'system', 'single', 1646387054),
(1794, 1015, NULL, NULL, NULL, 'New badge', '<p>You received Faithful User&nbsp;badge.</p>', 'system', 'single', 1646387094),
(1795, 1015, NULL, NULL, NULL, 'New badge', '<p>You received Expert Vendor&nbsp;badge.</p>', 'system', 'single', 1646387101),
(1796, 1015, NULL, NULL, NULL, 'New badge', '<p>You received Golden Classes&nbsp;badge.</p>', 'system', 'single', 1646387102),
(1797, 1015, NULL, NULL, NULL, 'New badge', '<p>You received King Seller&nbsp;badge.</p>', 'system', 'single', 1646387102),
(1798, 1015, NULL, NULL, NULL, 'New badge', '<p>You received Fantastic Support&nbsp;badge.</p>', 'system', 'single', 1646387107),
(1799, 859, NULL, NULL, NULL, 'New financial document', '<p>&nbsp;New financial document submitted for your class [c.title] with type addiction and amount 500 .</p>', 'system', 'single', 1646387608),
(1800, NULL, NULL, NULL, NULL, 'New sales', '<p>Congratulations! There is a new sales for your class Basic Registration package .</p>', 'system', 'single', 1646387655),
(1801, 859, NULL, NULL, NULL, 'New purchase completed', '<p>The class Basic Registration package successfully purchased. Now you can start learning.</p>', 'system', 'single', 1646387655),
(1802, 859, NULL, NULL, NULL, 'New financial document', '<p>&nbsp;New financial document submitted for your class [c.title] with type deduction and amount 220.00 .</p>', 'system', 'single', 1646387660),
(1803, 1017, NULL, NULL, NULL, 'New badge', '<p>You received Loyal User&nbsp;badge.</p>', 'system', 'single', 1646387776),
(1804, 996, NULL, NULL, NULL, 'New badge', '<p>You received Faithful User&nbsp;badge.</p>', 'system', 'single', 1646389863),
(1805, 934, NULL, NULL, NULL, 'New badge', '<p>You received Faithful User&nbsp;badge.</p>', 'system', 'single', 1646389876),
(1806, 934, NULL, NULL, NULL, 'New badge', '<p>You received Senior Vendor&nbsp;badge.</p>', 'system', 'single', 1646389876),
(1807, 934, NULL, NULL, NULL, 'New badge', '<p>You received Golden Classes&nbsp;badge.</p>', 'system', 'single', 1646389881),
(1808, 934, NULL, NULL, NULL, 'New badge', '<p>You received Best Seller&nbsp;badge.</p>', 'system', 'single', 1646389887),
(1809, 934, NULL, NULL, NULL, 'New badge', '<p>You received Fantastic Support&nbsp;badge.</p>', 'system', 'single', 1646389887),
(1810, 1015, NULL, NULL, NULL, 'Your class approved', '<p>Your class New In-App Live System successfully approved. Now you can find it on the website.</p>', 'system', 'single', 1646392216),
(1811, 995, NULL, NULL, NULL, 'New badge', '<p>You received Faithful User&nbsp;badge.</p>', 'system', 'single', 1646396328),
(1812, 1016, NULL, NULL, NULL, 'New badge', '<p>You received Faithful User&nbsp;badge.</p>', 'system', 'single', 1646396360),
(1813, 1016, NULL, NULL, NULL, 'New badge', '<p>You received Junior Vendor&nbsp;badge.</p>', 'system', 'single', 1646396362),
(1814, 1016, NULL, NULL, NULL, 'New badge', '<p>You received Golden Classes&nbsp;badge.</p>', 'system', 'single', 1646396363),
(1815, 1016, NULL, NULL, NULL, 'New badge', '<p>You received Top Seller&nbsp;badge.</p>', 'system', 'single', 1646396363),
(1816, 1016, NULL, NULL, NULL, 'New badge', '<p>You received Fantastic Support&nbsp;badge.</p>', 'system', 'single', 1646396368),
(1817, 934, NULL, NULL, NULL, 'Your class approved', '<p>Your class Web Design for Beginners successfully approved. Now you can find it on the website.</p>', 'system', 'single', 1646396836),
(1818, 929, NULL, NULL, NULL, 'Your class approved', '<p>Your class How to Manage Your Virtual Team successfully approved. Now you can find it on the website.</p>', 'system', 'single', 1646396847),
(1819, 929, NULL, NULL, NULL, 'Your class approved', '<p>Your class The Future of Energy successfully approved. Now you can find it on the website.</p>', 'system', 'single', 1646396857),
(1820, 979, NULL, NULL, NULL, 'New badge', '<p>You received Faithful User&nbsp;badge.</p>', 'system', 'single', 1646398166),
(1821, 3, NULL, NULL, NULL, 'New badge', '<p>You received Faithful User&nbsp;badge.</p>', 'system', 'single', 1646406163),
(1822, 3, NULL, NULL, NULL, 'New badge', '<p>You received Senior Vendor&nbsp;badge.</p>', 'system', 'single', 1646406163),
(1823, 3, NULL, NULL, NULL, 'New badge', '<p>You received Bronze Classes&nbsp;badge.</p>', 'system', 'single', 1646406164),
(1824, 3, NULL, NULL, NULL, 'New badge', '<p>You received Top Seller&nbsp;badge.</p>', 'system', 'single', 1646406169),
(1825, 3, NULL, NULL, NULL, 'New badge', '<p>You received Amazing Support&nbsp;badge.</p>', 'system', 'single', 1646406174),
(1826, 4, NULL, NULL, NULL, 'New badge', '<p>You received Faithful User&nbsp;badge.</p>', 'system', 'single', 1646406175),
(1827, 4, NULL, NULL, NULL, 'New badge', '<p>You received Junior Vendor&nbsp;badge.</p>', 'system', 'single', 1646406175),
(1828, 4, NULL, NULL, NULL, 'New badge', '<p>You received Golden Classes&nbsp;badge.</p>', 'system', 'single', 1646406175),
(1829, 4, NULL, NULL, NULL, 'New badge', '<p>You received Best Seller&nbsp;badge.</p>', 'system', 'single', 1646406181),
(1830, 4, NULL, NULL, NULL, 'New badge', '<p>You received Fantastic Support&nbsp;badge.</p>', 'system', 'single', 1646406181),
(1831, 863, NULL, NULL, NULL, 'New badge', '<p>You received Faithful User&nbsp;badge.</p>', 'system', 'single', 1646406181),
(1832, 863, NULL, NULL, NULL, 'New badge', '<p>You received Junior Vendor&nbsp;badge.</p>', 'system', 'single', 1646406182),
(1833, 863, NULL, NULL, NULL, 'New badge', '<p>You received Golden Classes&nbsp;badge.</p>', 'system', 'single', 1646406187),
(1834, 863, NULL, NULL, NULL, 'New badge', '<p>You received Top Seller&nbsp;badge.</p>', 'system', 'single', 1646406187),
(1835, 863, NULL, NULL, NULL, 'New badge', '<p>You received Fantastic Support&nbsp;badge.</p>', 'system', 'single', 1646406193),
(1836, 864, NULL, NULL, NULL, 'New badge', '<p>You received Faithful User&nbsp;badge.</p>', 'system', 'single', 1646406198),
(1837, 864, NULL, NULL, NULL, 'New badge', '<p>You received Junior Vendor&nbsp;badge.</p>', 'system', 'single', 1646406198),
(1838, 864, NULL, NULL, NULL, 'New badge', '<p>You received Best Seller&nbsp;badge.</p>', 'system', 'single', 1646406198),
(1839, 867, NULL, NULL, NULL, 'New badge', '<p>You received Faithful User&nbsp;badge.</p>', 'system', 'single', 1646406199),
(1840, 867, NULL, NULL, NULL, 'New badge', '<p>You received Expert Vendor&nbsp;badge.</p>', 'system', 'single', 1646406199),
(1841, 867, NULL, NULL, NULL, 'New badge', '<p>You received Golden Classes&nbsp;badge.</p>', 'system', 'single', 1646406199),
(1842, 867, NULL, NULL, NULL, 'New badge', '<p>You received Top Seller&nbsp;badge.</p>', 'system', 'single', 1646406205),
(1843, 867, NULL, NULL, NULL, 'New badge', '<p>You received Fantastic Support&nbsp;badge.</p>', 'system', 'single', 1646406205),
(1844, 868, NULL, NULL, NULL, 'New badge', '<p>You received Faithful User&nbsp;badge.</p>', 'system', 'single', 1646406205),
(1845, 870, NULL, NULL, NULL, 'New badge', '<p>Congrolation ! You received Faithful User badge.</p>', 'system', 'single', 1646408504),
(1846, 870, NULL, NULL, NULL, 'New badge', '<p>Congrolation ! You received Junior Vendor badge.</p>', 'system', 'single', 1646408511),
(1847, 870, NULL, NULL, NULL, 'New badge', '<p>Congrolation ! You received Golden Classes badge.</p>', 'system', 'single', 1646408516),
(1848, 870, NULL, NULL, NULL, 'New badge', '<p>Congrolation ! You received Top Seller badge.</p>', 'system', 'single', 1646408522),
(1849, 870, NULL, NULL, NULL, 'New badge', '<p>Congrolation ! You received Fantastic Support badge.</p>', 'system', 'single', 1646408527),
(1850, 934, NULL, NULL, NULL, 'New badge', '<p>Congrolation! You received Faithful User badge.</p>', 'system', 'single', 1646408593),
(1851, 934, NULL, NULL, NULL, 'New badge', '<p>Congrolation! You received Senior Vendor badge.</p>', 'system', 'single', 1646408594),
(1852, 934, NULL, NULL, NULL, 'New badge', '<p>Congrolation! You received Golden Classes badge.</p>', 'system', 'single', 1646408596),
(1853, 934, NULL, NULL, NULL, 'New badge', '<p>Congrolation! You received Best Seller badge.</p>', 'system', 'single', 1646408601),
(1854, 934, NULL, NULL, NULL, 'New badge', '<p>Congrolation! You received Fantastic Support badge.</p>', 'system', 'single', 1646408606),
(1855, 1015, NULL, NULL, NULL, 'New badge', '<p>Congrolation! You received Faithful User badge.</p>', 'system', 'single', 1646408712),
(1856, 1015, NULL, NULL, NULL, 'New badge', '<p>Congrolation! You received Expert Vendor badge.</p>', 'system', 'single', 1646408713),
(1857, 1015, NULL, NULL, NULL, 'New badge', '<p>Congrolation! You received Golden Classes badge.</p>', 'system', 'single', 1646408719),
(1858, 1015, NULL, NULL, NULL, 'New badge', '<p>Congrolation! You received King Seller badge.</p>', 'system', 'single', 1646408724),
(1859, 1015, NULL, NULL, NULL, 'New badge', '<p>Congrolation! You received Fantastic Support badge.</p>', 'system', 'single', 1646408730),
(1860, 995, NULL, NULL, NULL, 'New badge', '<p>Congrolation! You received Faithful User badge.</p>', 'system', 'single', 1646412265),
(1861, 870, NULL, NULL, NULL, 'New badge', '<p>Congrolation! You received Faithful User badge.</p>', 'system', 'single', 1646412316),
(1862, 870, NULL, NULL, NULL, 'New badge', '<p>Congrolation! You received Junior Vendor badge.</p>', 'system', 'single', 1646412321),
(1863, 870, NULL, NULL, NULL, 'New badge', '<p>Congrolation! You received Golden Classes badge.</p>', 'system', 'single', 1646412322),
(1864, 870, NULL, NULL, NULL, 'New badge', '<p>Congrolation! You received Top Seller badge.</p>', 'system', 'single', 1646412323),
(1865, 870, NULL, NULL, NULL, 'New badge', '<p>Congrolation! You received Fantastic Support badge.</p>', 'system', 'single', 1646412328),
(1866, 995, NULL, NULL, NULL, 'Offline payment submitted', '<p>An offline payment request with the amount 100 submitted successfully.</p>', 'system', 'single', 1646413097),
(1867, 1016, NULL, NULL, NULL, 'New badge', '<p>Congrolation! You received Faithful User badge.</p>', 'system', 'single', 1646413370),
(1868, 1016, NULL, NULL, NULL, 'New badge', '<p>Congrolation! You received Junior Vendor badge.</p>', 'system', 'single', 1646413376),
(1869, 1016, NULL, NULL, NULL, 'New badge', '<p>Congrolation! You received Golden Classes badge.</p>', 'system', 'single', 1646413376),
(1870, 1016, NULL, NULL, NULL, 'New badge', '<p>Congrolation! You received Top Seller badge.</p>', 'system', 'single', 1646413377),
(1871, 1016, NULL, NULL, NULL, 'New badge', '<p>Congrolation! You received Fantastic Support badge.</p>', 'system', 'single', 1646413380),
(1872, 1016, NULL, NULL, NULL, 'New feedback', '<p>Your class Become a Product Manager received a 5 stars rating from Robert Ransdell .</p>', 'system', 'single', 1646413440),
(1873, 996, NULL, NULL, NULL, 'New badge', '<p>Congrolation! You received Faithful User badge.</p>', 'system', 'single', 1646414245),
(1874, 1015, NULL, NULL, NULL, 'Your class approved', '<p>Your class New In-App Live System successfully approved. Now you can find it on the website.</p>', 'system', 'single', 1646415127),
(1875, 1015, NULL, NULL, NULL, 'Your class approved', '<p>Your class New Learning Page successfully approved. Now you can find it on the website.</p>', 'system', 'single', 1646415140),
(1876, 929, NULL, NULL, NULL, 'New badge', '<p>Congrolation! You received Faithful User badge.</p>', 'system', 'single', 1646415745),
(1877, 929, NULL, NULL, NULL, 'New badge', '<p>Congrolation! You received Senior Vendor badge.</p>', 'system', 'single', 1646415750),
(1878, 929, NULL, NULL, NULL, 'New badge', '<p>Congrolation! You received Golden Classes badge.</p>', 'system', 'single', 1646415755),
(1879, 929, NULL, NULL, NULL, 'New badge', '<p>Congrolation! You received Top Seller badge.</p>', 'system', 'single', 1646415756),
(1880, 929, NULL, NULL, NULL, 'New badge', '<p>Congrolation! You received Amazing Support badge.</p>', 'system', 'single', 1646415756),
(1881, 923, NULL, NULL, NULL, 'New badge', '<p>Congrolation! You received Faithful User badge.</p>', 'system', 'single', 1646415757),
(1882, 923, NULL, NULL, NULL, 'New badge', '<p>Congrolation! You received Senior Vendor badge.</p>', 'system', 'single', 1646415757),
(1883, 923, NULL, NULL, NULL, 'New badge', '<p>Congrolation! You received Golden Classes badge.</p>', 'system', 'single', 1646415757),
(1884, 923, NULL, NULL, NULL, 'New badge', '<p>Congrolation! You received Top Seller badge.</p>', 'system', 'single', 1646415758),
(1885, 923, NULL, NULL, NULL, 'New badge', '<p>Congrolation! You received Fantastic Support badge.</p>', 'system', 'single', 1646415763),
(1886, 4, NULL, NULL, NULL, 'New badge', '<p>Congrolation! You received Faithful User badge.</p>', 'system', 'single', 1646426799),
(1887, 4, NULL, NULL, NULL, 'New badge', '<p>Congrolation! You received Junior Vendor badge.</p>', 'system', 'single', 1646426800),
(1888, 4, NULL, NULL, NULL, 'New badge', '<p>Congrolation! You received Golden Classes badge.</p>', 'system', 'single', 1646426805),
(1889, 4, NULL, NULL, NULL, 'New badge', '<p>Congrolation! You received Best Seller badge.</p>', 'system', 'single', 1646426826),
(1890, 4, NULL, NULL, NULL, 'New badge', '<p>Congrolation! You received Fantastic Support badge.</p>', 'system', 'single', 1646426831),
(1891, 1015, NULL, NULL, NULL, 'Your class approved', '<p>Your class New Learning Page successfully approved. Now you can find it on the website.</p>', 'system', 'single', 1646492850),
(1892, 1015, NULL, NULL, NULL, 'new badge', '<p>You received Faithful User&nbsp;badge</p>', 'system', 'single', 1655151400),
(1893, 1015, NULL, NULL, NULL, 'new badge', '<p>You received Expert Vendor&nbsp;badge</p>', 'system', 'single', 1655151401),
(1894, 1015, NULL, NULL, NULL, 'new badge', '<p>You received Golden Classes&nbsp;badge</p>', 'system', 'single', 1655151401),
(1895, 1015, NULL, NULL, NULL, 'new badge', '<p>You received King Seller&nbsp;badge</p>', 'system', 'single', 1655151402),
(1896, 1015, NULL, NULL, NULL, 'new badge', '<p>You received Fantastic Support&nbsp;badge</p>', 'system', 'single', 1655151402),
(1897, 1016, NULL, NULL, NULL, 'new badge', '<p>You received Faithful User&nbsp;badge</p>', 'system', 'single', 1655151402),
(1898, 1016, NULL, NULL, NULL, 'new badge', '<p>You received Junior Vendor&nbsp;badge</p>', 'system', 'single', 1655151402),
(1899, 1016, NULL, NULL, NULL, 'new badge', '<p>You received Golden Classes&nbsp;badge</p>', 'system', 'single', 1655151403),
(1900, 1016, NULL, NULL, NULL, 'new badge', '<p>You received Top Seller&nbsp;badge</p>', 'system', 'single', 1655151403),
(1901, 1016, NULL, NULL, NULL, 'new badge', '<p>You received Fantastic Support&nbsp;badge</p>', 'system', 'single', 1655151403),
(1902, 995, NULL, NULL, NULL, 'new badge', '<p>You received Faithful User&nbsp;badge</p>', 'system', 'single', 1655617838),
(1903, 1, NULL, NULL, NULL, 'new badge', '<p>You received Faithful User&nbsp;badge</p>', 'system', 'single', 1655618081),
(1904, 934, NULL, NULL, NULL, 'new badge', '<p>You received Faithful User&nbsp;badge</p>', 'system', 'single', 1655626424),
(1905, 934, NULL, NULL, NULL, 'new badge', '<p>You received Senior Vendor&nbsp;badge</p>', 'system', 'single', 1655626430),
(1906, 934, NULL, NULL, NULL, 'new badge', '<p>You received Golden Classes&nbsp;badge</p>', 'system', 'single', 1655626430),
(1907, 934, NULL, NULL, NULL, 'new badge', '<p>You received Best Seller&nbsp;badge</p>', 'system', 'single', 1655626430),
(1908, 934, NULL, NULL, NULL, 'new badge', '<p>You received Fantastic Support&nbsp;badge</p>', 'system', 'single', 1655626436),
(1909, 1017, NULL, NULL, NULL, 'new badge', '<p>You received Faithful User&nbsp;badge</p>', 'system', 'single', 1655697087),
(1910, 929, NULL, NULL, NULL, 'new badge', '<p>You received Faithful User&nbsp;badge</p>', 'system', 'single', 1655718810),
(1911, 929, NULL, NULL, NULL, 'new badge', '<p>You received Senior Vendor&nbsp;badge</p>', 'system', 'single', 1655718816),
(1912, 929, NULL, NULL, NULL, 'new badge', '<p>You received Golden Classes&nbsp;badge</p>', 'system', 'single', 1655718817),
(1913, 929, NULL, NULL, NULL, 'new badge', '<p>You received Top Seller&nbsp;badge</p>', 'system', 'single', 1655718817),
(1914, 929, NULL, NULL, NULL, 'new badge', '<p>You received Amazing Support&nbsp;badge</p>', 'system', 'single', 1655718818),
(1915, 979, NULL, NULL, NULL, 'new badge', '<p>You received Faithful User&nbsp;badge</p>', 'system', 'single', 1655786599);
INSERT INTO `notifications` (`id`, `user_id`, `sender_id`, `group_id`, `webinar_id`, `title`, `message`, `sender`, `type`, `created_at`) VALUES
(1916, 930, NULL, NULL, NULL, 'new badge', '<p>You received Faithful User&nbsp;badge</p>', 'system', 'single', 1655786673),
(1917, 923, NULL, NULL, NULL, 'new badge', '<p>You received Faithful User&nbsp;badge</p>', 'system', 'single', 1655787580),
(1918, 923, NULL, NULL, NULL, 'new badge', '<p>You received Senior Vendor&nbsp;badge</p>', 'system', 'single', 1655787581),
(1919, 923, NULL, NULL, NULL, 'new badge', '<p>You received Golden Classes&nbsp;badge</p>', 'system', 'single', 1655787582),
(1920, 923, NULL, NULL, NULL, 'new badge', '<p>You received Fantastic Support&nbsp;badge</p>', 'system', 'single', 1655787582),
(1921, 996, NULL, NULL, NULL, 'new badge', '<p>You received Faithful User&nbsp;badge</p>', 'system', 'single', 1655788012),
(1922, 870, NULL, NULL, NULL, 'new badge', '<p>You received Faithful User&nbsp;badge</p>', 'system', 'single', 1655788252),
(1923, 870, NULL, NULL, NULL, 'new badge', '<p>You received Junior Vendor&nbsp;badge</p>', 'system', 'single', 1655788252),
(1924, 870, NULL, NULL, NULL, 'new badge', '<p>You received Golden Classes&nbsp;badge</p>', 'system', 'single', 1655788252),
(1925, 870, NULL, NULL, NULL, 'new badge', '<p>You received Fantastic Support&nbsp;badge</p>', 'system', 'single', 1655788253),
(1926, 3, NULL, NULL, NULL, 'new badge', '<p>You received Faithful User&nbsp;badge</p>', 'system', 'single', 1655788547),
(1927, 3, NULL, NULL, NULL, 'new badge', '<p>You received Senior Vendor&nbsp;badge</p>', 'system', 'single', 1655788548),
(1928, 3, NULL, NULL, NULL, 'new badge', '<p>You received Bronze Classes&nbsp;badge</p>', 'system', 'single', 1655788548),
(1929, 3, NULL, NULL, NULL, 'new badge', '<p>You received Best Seller&nbsp;badge</p>', 'system', 'single', 1655788548),
(1930, 3, NULL, NULL, NULL, 'new badge', '<p>You received Amazing Support&nbsp;badge</p>', 'system', 'single', 1655788549),
(1931, 859, NULL, NULL, NULL, 'new badge', '<p>You received Faithful User&nbsp;badge</p>', 'system', 'single', 1655789571),
(1932, 929, NULL, NULL, NULL, 'new badge', '<p>You received Expert Vendor&nbsp;badge</p>', 'system', 'single', 1655799442),
(1933, 929, NULL, NULL, NULL, 'Course created', '<p>you create new course&nbsp;with Title Drip & Assignment Features</p>', 'system', 'single', 1655804545),
(1934, 929, NULL, NULL, NULL, 'Course approve', '<p>your course with title Drip & Assignment Features approved</p>', 'system', 'single', 1655804610),
(1935, 929, NULL, NULL, NULL, 'Course approve', '<p>your course with title Drip and Assignment Features approved</p>', 'system', 'single', 1655804649),
(1936, 867, NULL, NULL, NULL, 'new badge', '<p>You received Faithful User&nbsp;badge</p>', 'system', 'single', 1655822951),
(1937, 867, NULL, NULL, NULL, 'new badge', '<p>You received Expert Vendor&nbsp;badge</p>', 'system', 'single', 1655822952),
(1938, 867, NULL, NULL, NULL, 'new badge', '<p>You received Golden Classes&nbsp;badge</p>', 'system', 'single', 1655822952),
(1939, 867, NULL, NULL, NULL, 'new badge', '<p>You received Top Seller&nbsp;badge</p>', 'system', 'single', 1655822952),
(1940, 867, NULL, NULL, NULL, 'new badge', '<p>You received Fantastic Support&nbsp;badge</p>', 'system', 'single', 1655822953),
(1941, 863, NULL, NULL, NULL, 'new badge', '<p>You received Faithful User&nbsp;badge</p>', 'system', 'single', 1655822954),
(1942, 863, NULL, NULL, NULL, 'new badge', '<p>You received Junior Vendor&nbsp;badge</p>', 'system', 'single', 1655822954),
(1943, 863, NULL, NULL, NULL, 'new badge', '<p>You received Golden Classes&nbsp;badge</p>', 'system', 'single', 1655822954),
(1944, 863, NULL, NULL, NULL, 'new badge', '<p>You received Top Seller&nbsp;badge</p>', 'system', 'single', 1655822955),
(1945, 864, NULL, NULL, NULL, 'new badge', '<p>You received Faithful User&nbsp;badge</p>', 'system', 'single', 1655822955),
(1946, 863, NULL, NULL, NULL, 'new badge', '<p>You received Fantastic Support&nbsp;badge</p>', 'system', 'single', 1655822955),
(1947, 864, NULL, NULL, NULL, 'new badge', '<p>You received Junior Vendor&nbsp;badge</p>', 'system', 'single', 1655822955),
(1948, 864, NULL, NULL, NULL, 'new badge', '<p>You received Best Seller&nbsp;badge</p>', 'system', 'single', 1655822955),
(1949, 4, NULL, NULL, NULL, 'new badge', '<p>You received Faithful User&nbsp;badge</p>', 'system', 'single', 1655823000),
(1950, 4, NULL, NULL, NULL, 'new badge', '<p>You received Junior Vendor&nbsp;badge</p>', 'system', 'single', 1655823000),
(1951, 4, NULL, NULL, NULL, 'new badge', '<p>You received Golden Classes&nbsp;badge</p>', 'system', 'single', 1655823001),
(1952, 4, NULL, NULL, NULL, 'new badge', '<p>You received Best Seller&nbsp;badge</p>', 'system', 'single', 1655823001),
(1953, 4, NULL, NULL, NULL, 'new badge', '<p>You received Fantastic Support&nbsp;badge</p>', 'system', 'single', 1655823001),
(1954, 929, NULL, NULL, NULL, 'Course approve', '<p>your course with title Drip and Assignment Features approved</p>', 'system', 'single', 1655871649),
(1955, 929, NULL, NULL, NULL, 'Rating (Feedback)', '<p>new feedback submitted for course with title Drip and Assignment Features bu student Robert B. Gray and rate 4</p>', 'system', 'single', 1655875572),
(1956, 1015, NULL, NULL, NULL, 'new badge', '<p>You received Loyal User&nbsp;badge</p>', 'system', 'single', 1655907547),
(1957, 1019, NULL, NULL, NULL, 'new badge', '<p>You received New User&nbsp;badge</p>', 'system', 'single', 1655970555),
(1958, 1015, NULL, NULL, NULL, 'New sales', '<p>new sale for course with title Microsoft Office Beginner to Expert Bundle</p>', 'system', 'single', 1656083262),
(1959, 930, NULL, NULL, NULL, 'New purchase', '<p>new purchase for course with title Microsoft Office Beginner to Expert Bundle</p>', 'system', 'single', 1656083262),
(1960, 930, NULL, NULL, NULL, 'New financial document', '<p>&nbsp;New financial document for course Microsoft Office Beginner to Expert Bundle with type deduction with price 55.00</p>', 'system', 'single', 1656083263),
(1961, 1016, NULL, NULL, NULL, 'new badge', '<p>You received Loyal User&nbsp;badge</p>', 'system', 'single', 1656083787),
(1962, 1015, NULL, NULL, NULL, 'Rating (Feedback)', '<p>new feedback submitted for course with title Travel Management Course bu student Cameron Schofield and rate 5</p>', 'system', 'single', 1656103090),
(1963, 1015, NULL, NULL, NULL, 'Course approve', '<p>your course with title New Learning Page approved</p>', 'system', 'single', 1656103140),
(1964, 995, NULL, NULL, NULL, 'New financial document', '<p>&nbsp;New financial document for course Sherlock Holmes e-book with type deduction with price 5.25</p>', 'system', 'single', 1656103844),
(1965, 923, NULL, NULL, NULL, 'New financial document', '<p>&nbsp;New financial document for course Painting tools with type deduction with price 31.25</p>', 'system', 'single', 1656104131),
(1966, 864, NULL, NULL, NULL, 'New sales', '<p>new sale for course with title Active Listening: You Can Be a Great Listener</p>', 'system', 'single', 1656130482),
(1967, 996, NULL, NULL, NULL, 'New purchase', '<p>new purchase for course with title Active Listening: You Can Be a Great Listener</p>', 'system', 'single', 1656130482),
(1968, 996, NULL, NULL, NULL, 'New financial document', '<p>&nbsp;New financial document for course Active Listening: You Can Be a Great Listener with type deduction with price 39.60</p>', 'system', 'single', 1656130482),
(1969, 864, NULL, NULL, NULL, 'new badge', '<p>You received Top Seller&nbsp;badge</p>', 'system', 'single', 1656130495),
(1970, 3, NULL, NULL, NULL, 'Rating (Feedback)', '<p>new feedback submitted for course with title Active Listening: You Can Be a Great Listener bu student Robert B. Gray and rate 5</p>', 'system', 'single', 1656130561),
(1971, 930, NULL, NULL, NULL, 'New financial document', '<p>&nbsp;New financial document for course Advanced microscope with type deduction with price 314.50</p>', 'system', 'single', 1656130707),
(1972, 996, NULL, NULL, NULL, 'New financial document', '<p>&nbsp;New financial document for course Business Software with type deduction with price 78.75</p>', 'system', 'single', 1656130963),
(1973, 929, NULL, NULL, NULL, 'Course approve', '<p>your course with title Drip and Assignment Features approved</p>', 'system', 'single', 1656137686),
(1974, 929, NULL, NULL, NULL, 'Course approve', '<p>your course with title Drip and Assignment Features approved</p>', 'system', 'single', 1656137739),
(1975, 934, NULL, NULL, NULL, 'New sales', '<p>new sale for course with title A-Z Web Programming</p>', 'system', 'single', 1656139703),
(1976, 979, NULL, NULL, NULL, 'New purchase', '<p>new purchase for course with title A-Z Web Programming</p>', 'system', 'single', 1656139704),
(1977, 979, NULL, NULL, NULL, 'New financial document', '<p>&nbsp;New financial document for course A-Z Web Programming with type deduction with price 8.80</p>', 'system', 'single', 1656139704),
(1978, 929, NULL, NULL, NULL, 'New sales', '<p>new sale for course with title Solar Energy Design Course From Zero To Hero</p>', 'system', 'single', 1656139705),
(1979, 979, NULL, NULL, NULL, 'New purchase', '<p>new purchase for course with title Solar Energy Design Course From Zero To Hero</p>', 'system', 'single', 1656139705),
(1980, 979, NULL, NULL, NULL, 'New financial document', '<p>&nbsp;New financial document for course Solar Energy Design Course From Zero To Hero with type deduction with price 27.50</p>', 'system', 'single', 1656139705),
(1981, 929, NULL, NULL, NULL, 'Course approve', '<p>your course with title New Update Features approved</p>', 'system', 'single', 1656142775),
(1982, 1015, NULL, NULL, NULL, 'new badge', '<p>You received Store Best Seller&nbsp;badge</p>', 'system', 'single', 1656148218),
(1983, 1015, NULL, NULL, NULL, 'new badge', '<p>You received Forums Top User&nbsp;badge</p>', 'system', 'single', 1656148220),
(1984, 1017, NULL, NULL, NULL, 'new badge', '<p>You received Loyal User&nbsp;badge</p>', 'system', 'single', 1656148474),
(1985, 1017, NULL, NULL, NULL, 'new badge', '<p>You received Forums Top User&nbsp;badge</p>', 'system', 'single', 1656148474),
(1986, 1017, NULL, NULL, NULL, 'New financial document', '<p>&nbsp;New financial document for course Painting tools with type deduction with price 26.00</p>', 'system', 'single', 1656148574),
(1987, 995, NULL, NULL, NULL, 'new badge', '<p>You received Forums Top User&nbsp;badge</p>', 'system', 'single', 1656148637),
(1988, 995, NULL, NULL, NULL, 'New financial document', '<p>&nbsp;New financial document for course  with type addiction with price 300</p>', 'system', 'single', 1656148789),
(1989, 995, NULL, NULL, NULL, 'New financial document', '<p>&nbsp;New financial document for course Painting tools with type deduction with price 52.25</p>', 'system', 'single', 1656148838),
(1990, 1016, NULL, NULL, NULL, 'new badge', '<p>You received Store Best Seller&nbsp;badge</p>', 'system', 'single', 1656194232),
(1991, 864, NULL, NULL, NULL, 'new badge', '<p>You received Golden Classes&nbsp;badge</p>', 'system', 'single', 1656194599),
(1992, 864, NULL, NULL, NULL, 'new badge', '<p>You received Fantastic Support&nbsp;badge</p>', 'system', 'single', 1656194599),
(1993, 870, NULL, NULL, NULL, 'new badge', '<p>You received Forums Top User&nbsp;badge</p>', 'system', 'single', 1656219366),
(1994, 996, NULL, NULL, NULL, 'new badge', '<p>You received Forums Top User&nbsp;badge</p>', 'system', 'single', 1656219590),
(1995, 929, NULL, NULL, NULL, 'Course approve', '<p>your course with title New Update Features approved</p>', 'system', 'single', 1656219955),
(1996, 1015, NULL, NULL, NULL, 'Course approve', '<p>your course with title New Learning Page approved</p>', 'system', 'single', 1656220500),
(1997, 929, NULL, NULL, NULL, 'Course approve', '<p>your course with title New Update Features approved</p>', 'system', 'single', 1656220512),
(1998, 995, NULL, NULL, NULL, 'New financial document', '<p>&nbsp;New financial document for course Where the Crawdads Sing e-book with type deduction with price 17.00</p>', 'system', 'single', 1656322658),
(1999, 1015, NULL, NULL, NULL, 'Course approve', '<p>your course with title New Learning Page approved</p>', 'system', 'single', 1656362307),
(2000, 929, NULL, NULL, NULL, 'Course approve', '<p>your course with title New Update Features approved</p>', 'system', 'single', 1656362329),
(2001, 1015, NULL, NULL, NULL, 'Course approve', '<p>your course with title New Learning Page approved</p>', 'system', 'single', 1656406697),
(2002, 923, NULL, NULL, NULL, 'new badge', '<p>You received Forums Top User&nbsp;badge</p>', 'system', 'single', 1656530749),
(2003, 929, NULL, NULL, NULL, 'Course approve', '<p>your course with title New Update Features approved</p>', 'system', 'single', 1656662548),
(2004, 1015, NULL, NULL, NULL, 'Course created', '<p>you create new course&nbsp;with Title New Learning Page</p>', 'system', 'single', 1656664502),
(2005, 1015, NULL, NULL, NULL, 'Course approve', '<p>your course with title New Learning Page approved</p>', 'system', 'single', 1656664518),
(2006, 929, NULL, NULL, NULL, 'Course approve', '<p>your course with title New Update Features approved</p>', 'system', 'single', 1656664534),
(2007, 995, NULL, NULL, NULL, 'Certificate', '<p>certificate recived for course Travel Management Course</p>', 'system', 'single', 1656664855),
(2008, 1015, NULL, NULL, NULL, 'Course approve', '<p>your course with title New Learning Page approved</p>', 'system', 'single', 1677569169),
(2009, 929, NULL, NULL, NULL, 'Course approve', '<p>your course with title New Update Features approved</p>', 'system', 'single', 1677573590),
(2010, 1019, NULL, NULL, NULL, 'new badge', '<p>You received Loyal User&nbsp;badge</p>', 'system', 'single', 1678904160),
(2011, 934, NULL, NULL, NULL, 'Your upcoming course followed', '<p>Cameron Schofield followed your upcoming course Web Design for Beginners</p>', 'system', 'single', 1678908505),
(2012, 930, NULL, NULL, NULL, 'New reward point', '<p>You get 10&nbsp;for New Badge&nbsp;on 15 Mar 2023 15:28</p>', 'system', 'single', 1678908532),
(2013, 930, NULL, NULL, NULL, 'new badge', '<p>You received Forums Top User&nbsp;badge</p>', 'system', 'single', 1678908532),
(2014, 934, NULL, NULL, NULL, 'Your upcoming course followed', '<p>Jade Harrison followed your upcoming course Web Design for Beginners</p>', 'system', 'single', 1678908543),
(2015, 934, NULL, NULL, NULL, 'Your upcoming course followed', '<p>Robert B. Gray followed your upcoming course Web Design for Beginners</p>', 'system', 'single', 1678908564),
(2016, 934, NULL, NULL, NULL, 'Your upcoming course followed', '<p>Alex Pmelaa followed your upcoming course Web Design for Beginners</p>', 'system', 'single', 1678908593),
(2017, 934, NULL, NULL, NULL, 'Your upcoming course followed', '<p>Morgan Sullivan followed your upcoming course Web Design for Beginners</p>', 'system', 'single', 1678908616),
(2018, 934, NULL, NULL, NULL, 'Your upcoming course published', '<p>Your upcoming course Web Design for Beginners&nbsp;published.</p>', 'system', 'single', 1678908647),
(2019, 995, NULL, NULL, NULL, 'Upcoming course published and is accessible', '<p>The upcoming course Web Design for Beginners published now and you can check it.</p>', 'system', 'single', 1678908647),
(2020, 930, NULL, NULL, NULL, 'Upcoming course published and is accessible', '<p>The upcoming course Web Design for Beginners published now and you can check it.</p>', 'system', 'single', 1678908647),
(2021, 996, NULL, NULL, NULL, 'Upcoming course published and is accessible', '<p>The upcoming course Web Design for Beginners published now and you can check it.</p>', 'system', 'single', 1678908647),
(2022, 1017, NULL, NULL, NULL, 'Upcoming course published and is accessible', '<p>The upcoming course Web Design for Beginners published now and you can check it.</p>', 'system', 'single', 1678908647),
(2023, 979, NULL, NULL, NULL, 'Upcoming course published and is accessible', '<p>The upcoming course Web Design for Beginners published now and you can check it.</p>', 'system', 'single', 1678908647),
(2024, 1016, NULL, NULL, NULL, 'Your upcoming course followed', '<p>Robert B. Gray followed your upcoming course Digital Photography</p>', 'system', 'single', 1678908833),
(2025, 1016, NULL, NULL, NULL, 'Your upcoming course followed', '<p>Cameron Schofield followed your upcoming course Digital Photography</p>', 'system', 'single', 1678908841),
(2026, 1016, NULL, NULL, NULL, 'Your upcoming course followed', '<p>Jade Harrison followed your upcoming course Digital Photography</p>', 'system', 'single', 1678908851),
(2027, 1015, NULL, NULL, NULL, 'Your upcoming course followed', '<p>Robert B. Gray followed your upcoming course Python for Beginners</p>', 'system', 'single', 1678908877),
(2028, 1015, NULL, NULL, NULL, 'Your upcoming course followed', '<p>Morgan Sullivan followed your upcoming course Python for Beginners</p>', 'system', 'single', 1678908893),
(2029, 1, NULL, NULL, NULL, 'New item created', '<p>Jessica Wray created a new item with title Installment feature</p>', 'system', 'single', 1678910860),
(2030, 870, NULL, NULL, NULL, 'Course created', '<p>you create new course&nbsp;with Title Installment and Secure Host features</p>', 'system', 'single', 1678911932),
(2031, 1, NULL, NULL, NULL, 'Content review request', '<p>Jessica Wray sent a review request for Installment and Secure Host features</p>', 'system', 'single', 1678911932),
(2032, 870, NULL, NULL, NULL, 'New reward point', '<p>You get 20&nbsp;for New Badge&nbsp;on 15 Mar 2023 16:26</p>', 'system', 'single', 1678911991),
(2033, 870, NULL, NULL, NULL, 'new badge', '<p>You received Senior Vendor&nbsp;badge</p>', 'system', 'single', 1678911991),
(2034, 3, NULL, NULL, NULL, 'New reward point', '<p>You get 50&nbsp;for New Badge&nbsp;on 15 Mar 2023 16:27</p>', 'system', 'single', 1678912055),
(2035, 3, NULL, NULL, NULL, 'new badge', '<p>You received Golden Classes&nbsp;badge</p>', 'system', 'single', 1678912055),
(2036, 3, NULL, NULL, NULL, 'New reward point', '<p>You get 20&nbsp;for New Badge&nbsp;on 15 Mar 2023 16:27</p>', 'system', 'single', 1678912055),
(2037, 3, NULL, NULL, NULL, 'new badge', '<p>You received Fantastic Support&nbsp;badge</p>', 'system', 'single', 1678912055),
(2038, 3, NULL, NULL, NULL, 'New reward point', '<p>You get 10&nbsp;for New Badge&nbsp;on 15 Mar 2023 16:27</p>', 'system', 'single', 1678912055),
(2039, 3, NULL, NULL, NULL, 'new badge', '<p>You received Forums Top User&nbsp;badge</p>', 'system', 'single', 1678912055),
(2040, 870, NULL, NULL, NULL, 'Course approve', '<p>your course with title Installment and Secure Host approved</p>', 'system', 'single', 1678912167),
(2041, 870, NULL, NULL, NULL, 'New reward point', '<p>You get 50&nbsp;for Publishing a Course&nbsp;on 15 Mar 2023 16:29</p>', 'system', 'single', 1678912167),
(2042, 870, NULL, NULL, NULL, 'Course approve', '<p>your course with title Installment and Secure Host approved</p>', 'system', 'single', 1678912277),
(2043, 870, NULL, NULL, NULL, 'Course approve', '<p>your course with title Installment and Secure Host approved</p>', 'system', 'single', 1678913755),
(2044, 870, NULL, NULL, NULL, 'Course approve', '<p>your course with title Installment and Secure Host approved</p>', 'system', 'single', 1678914025),
(2045, 870, NULL, NULL, NULL, 'Course created', '<p>you create new course&nbsp;with Title Installment and Secure Host</p>', 'system', 'single', 1678915115),
(2046, 1, NULL, NULL, NULL, 'Content review request', '<p>Jessica Wray sent a review request for Installment and Secure Host</p>', 'system', 'single', 1678915115),
(2047, 995, NULL, NULL, NULL, 'Installment request submitted', '<p>Your installment for Installment payment with 0% interest&nbsp;at $100&nbsp;submitted successfully.</p>', 'system', 'single', 1678915403),
(2048, 1, NULL, NULL, NULL, 'Installment request submitted (Admin)', '<p>Cameron Schofield submitted an installment request for Installment payment with 0% interest&nbsp;at $100.</p>', 'system', 'single', 1678915403),
(2049, 995, NULL, NULL, NULL, 'New reward point', '<p>You get 165&nbsp;for Purchase&nbsp;on 15 Mar 2023 17:24</p>', 'system', 'single', 1678915490),
(2050, 995, NULL, NULL, NULL, 'New financial document', '<p>&nbsp;New financial document for course Installment Upfront with type deduction with price $33</p>', 'system', 'single', 1678915490),
(2051, 995, NULL, NULL, NULL, 'Installment verification request submitted', '<p>We received your verification request for Installment payment with 0% interest&nbsp;on 15 Mar 2023 - 17:24&nbsp;and the result will be informed to you soon.</p>', 'system', 'single', 1678915490),
(2052, 1, NULL, NULL, NULL, 'Installment verification request submitted (Admin)', '<p>Cameron Schofield submitted a verification request for Installment payment with 0% interest&nbsp;on 15 Mar 2023 - 17:24.</p>', 'system', 'single', 1678915490),
(2053, 995, NULL, NULL, NULL, 'Installment verification request approved', '<p>Your verification request for Installment payment with 0% interest&nbsp;approved.</p>', 'system', 'single', 1678915553),
(2054, 979, NULL, NULL, NULL, 'Installment request submitted', '<p>Your installment for Installment payment with 0% interest&nbsp;at $100&nbsp;submitted successfully.</p>', 'system', 'single', 1678917752),
(2055, 1, NULL, NULL, NULL, 'Installment request submitted (Admin)', '<p>Morgan Sullivan submitted an installment request for Installment payment with 0% interest&nbsp;at $100.</p>', 'system', 'single', 1678917752),
(2056, 979, NULL, NULL, NULL, 'New reward point', '<p>You get 165&nbsp;for Purchase&nbsp;on 15 Mar 2023 18:02</p>', 'system', 'single', 1678917767),
(2057, 979, NULL, NULL, NULL, 'New financial document', '<p>&nbsp;New financial document for course Installment Upfront with type deduction with price $33</p>', 'system', 'single', 1678917767),
(2058, 979, NULL, NULL, NULL, 'Installment verification request submitted', '<p>We received your verification request for Installment payment with 0% interest&nbsp;on 15 Mar 2023 - 18:02&nbsp;and the result will be informed to you soon.</p>', 'system', 'single', 1678917767),
(2059, 1, NULL, NULL, NULL, 'Installment verification request submitted (Admin)', '<p>Morgan Sullivan submitted a verification request for Installment payment with 0% interest&nbsp;on 15 Mar 2023 - 18:02.</p>', 'system', 'single', 1678917767),
(2060, 929, NULL, NULL, NULL, 'New sales', '<p>new sale for course with title The Future of Energy (A gift for Cameron Schofield on 15 Mar 2023 10:30)</p>', 'system', 'single', 1678919437),
(2061, 979, NULL, NULL, NULL, 'New purchase', '<p>new purchase for course with title The Future of Energy (A gift for Cameron Schofield on 15 Mar 2023 10:30)</p>', 'system', 'single', 1678919437),
(2062, 1, NULL, NULL, NULL, 'New course enrollment', '<p>Morgan Sullivan enrolled in The Future of Energy (A gift for Cameron Schofield on 15 Mar 2023 10:30)&nbsp;on 15 Mar 2023 18:30&nbsp;at $39.60</p>', 'system', 'single', 1678919437),
(2063, 979, NULL, NULL, NULL, 'New reward point', '<p>You get 198&nbsp;for Purchase&nbsp;on 15 Mar 2023 18:30</p>', 'system', 'single', 1678919437),
(2064, 995, NULL, NULL, NULL, 'You received a gift', '<p>Morgan Sullivan&nbsp;sent you The Future of Energy which is a course&nbsp;as a gift with the following message: Hi, Dear Cameron.\r\nI hope to this course be helpful for you.\r\nFrom Morgan.</p>', 'system', 'single', 1678919437),
(2065, 979, NULL, NULL, NULL, 'Gift submitted successfully', '<p>Your gift request for Cameron Schofield&nbsp;submitted successfully on 15 Mar 2023 18:30&nbsp;and the The Future of Energy which is a course&nbsp;at $39.60&nbsp;will be sent to the recipient on 15 Mar 2023 10:30&nbsp;with the following message: Hi, Dear Cameron.\r\nI hope to this course be helpful for you.\r\nFrom Morgan.</p>', 'system', 'single', 1678919437),
(2066, 1, NULL, NULL, NULL, 'Gift request submitted (Admin)', '<p>Morgan Sullivan submitted a gift request for The Future of Energy&nbsp;which is a course&nbsp;for Cameron Schofield&nbsp;on 15 Mar 2023 18:30&nbsp;at $39.60&nbsp;and it will be sent to the recipient on 15 Mar 2023 10:30</p>', 'system', 'single', 1678919437),
(2067, 979, NULL, NULL, NULL, 'New financial document', '<p>&nbsp;New financial document for course The Future of Energy (A gift for Cameron Schofield on 15 Mar 2023 10:30) with type deduction with price $39.60</p>', 'system', 'single', 1678919437),
(2068, 995, NULL, NULL, NULL, 'New reward point', '<p>You get 20&nbsp;for Course Completion&nbsp;on 15 Mar 2023 18:30</p>', 'system', 'single', 1678919451),
(2069, 930, NULL, NULL, NULL, 'Installment request submitted', '<p>Your installment for Installment payment On Christmas&nbsp;at $100&nbsp;submitted successfully.</p>', 'system', 'single', 1678922498),
(2070, 1, NULL, NULL, NULL, 'Installment request submitted (Admin)', '<p>Jade Harrison submitted an installment request for Installment payment On Christmas&nbsp;at $100.</p>', 'system', 'single', 1678922498),
(2071, 930, NULL, NULL, NULL, 'New reward point', '<p>You get 165&nbsp;for Purchase&nbsp;on 15 Mar 2023 19:21</p>', 'system', 'single', 1678922511),
(2072, 930, NULL, NULL, NULL, 'New financial document', '<p>&nbsp;New financial document for course Installment Upfront with type deduction with price $33</p>', 'system', 'single', 1678922511),
(2073, 930, NULL, NULL, NULL, 'Installment verification request submitted', '<p>We received your verification request for Installment payment On Christmas&nbsp;on 15 Mar 2023 - 19:21&nbsp;and the result will be informed to you soon.</p>', 'system', 'single', 1678922511),
(2074, 1, NULL, NULL, NULL, 'Installment verification request submitted (Admin)', '<p>Jade Harrison submitted a verification request for Installment payment On Christmas&nbsp;on 15 Mar 2023 - 19:21.</p>', 'system', 'single', 1678922511),
(2075, 930, NULL, NULL, NULL, 'You got cashback!', '<p>You got $3&nbsp;as cashback and this amount added to your account.</p>', 'system', 'single', 1678922511),
(2076, 1, NULL, NULL, NULL, 'User got cashback (Admin)', '<p>Jade Harrison got $3 as cashback and this amount charged to their account.</p>', 'system', 'single', 1678922511),
(2077, 995, NULL, NULL, NULL, 'New reward point', '<p>You get 110&nbsp;for Purchase&nbsp;on 15 Mar 2023 19:24</p>', 'system', 'single', 1678922691),
(2078, 995, NULL, NULL, NULL, 'New financial document', '<p>&nbsp;New financial document for course Installment with type deduction with price $22</p>', 'system', 'single', 1678922691),
(2079, 995, NULL, NULL, NULL, 'Installment paid successfully', '<p>You paid $20&nbsp;for Installment payment On Christmas&nbsp;with due date 15 Mar 2023 - 19:24&nbsp;successfully.</p>', 'system', 'single', 1678922691),
(2080, 1, NULL, NULL, NULL, 'Installment paid successfully (Admin)', '<p>Cameron Schofield paid $20&nbsp;for Installment payment On Christmas&nbsp;with the due date 15 Mar 2023 - 19:24&nbsp;successfully.</p>', 'system', 'single', 1678922691),
(2081, 995, NULL, NULL, NULL, 'You got cashback!', '<p>You got $2&nbsp;as cashback and this amount added to your account.</p>', 'system', 'single', 1678922691),
(2082, 1, NULL, NULL, NULL, 'User got cashback (Admin)', '<p>Cameron Schofield got $2 as cashback and this amount charged to their account.</p>', 'system', 'single', 1678922691),
(2083, 930, NULL, NULL, NULL, 'Installment verification request approved', '<p>Your verification request for Installment payment On Christmas&nbsp;approved.</p>', 'system', 'single', 1678922711),
(2084, 1017, NULL, NULL, NULL, 'Installment request submitted', '<p>Your installment for Installment payment On Christmas&nbsp;at $100&nbsp;submitted successfully.</p>', 'system', 'single', 1678923546),
(2085, 1, NULL, NULL, NULL, 'Installment request submitted (Admin)', '<p>Alex Pmelaa submitted an installment request for Installment payment On Christmas&nbsp;at $100.</p>', 'system', 'single', 1678923546),
(2086, 1017, NULL, NULL, NULL, 'New reward point', '<p>You get 165&nbsp;for Purchase&nbsp;on 15 Mar 2023 19:39</p>', 'system', 'single', 1678923556),
(2087, 1017, NULL, NULL, NULL, 'New financial document', '<p>&nbsp;New financial document for course Installment Upfront with type deduction with price $33</p>', 'system', 'single', 1678923556),
(2088, 1017, NULL, NULL, NULL, 'Installment verification request submitted', '<p>We received your verification request for Installment payment On Christmas&nbsp;on 15 Mar 2023 - 19:39&nbsp;and the result will be informed to you soon.</p>', 'system', 'single', 1678923556),
(2089, 1, NULL, NULL, NULL, 'Installment verification request submitted (Admin)', '<p>Alex Pmelaa submitted a verification request for Installment payment On Christmas&nbsp;on 15 Mar 2023 - 19:39.</p>', 'system', 'single', 1678923556),
(2090, 1017, NULL, NULL, NULL, 'You got cashback!', '<p>You got $3&nbsp;as cashback and this amount added to your account.</p>', 'system', 'single', 1678923556),
(2091, 1, NULL, NULL, NULL, 'User got cashback (Admin)', '<p>Alex Pmelaa got $3 as cashback and this amount charged to their account.</p>', 'system', 'single', 1678923556),
(2092, 1017, NULL, NULL, NULL, 'Installment verification request approved', '<p>Your verification request for Installment payment On Christmas&nbsp;approved.</p>', 'system', 'single', 1678923608),
(2093, 979, NULL, NULL, NULL, 'You have an unpaid installment', '<p>You have an installment for Installment payment On Christmas&nbsp;at $20&nbsp;for today. Please pay it as soon as possible.</p>', 'system', 'single', 1678925414),
(2094, 930, NULL, NULL, NULL, 'You have an unpaid installment', '<p>You have an installment for Installment payment On Christmas&nbsp;at $20&nbsp;for today. Please pay it as soon as possible.</p>', 'system', 'single', 1678925414),
(2095, 1017, NULL, NULL, NULL, 'You have an unpaid installment', '<p>You have an installment for Installment payment On Christmas&nbsp;at $20&nbsp;for today. Please pay it as soon as possible.</p>', 'system', 'single', 1678925414),
(2096, 979, NULL, NULL, NULL, 'Installment request submitted', '<p>Your installment for Installment payment On Christmas&nbsp;at $100&nbsp;submitted successfully.</p>', 'system', 'single', 1678925780),
(2097, 1, NULL, NULL, NULL, 'Installment request submitted (Admin)', '<p>Morgan Sullivan submitted an installment request for Installment payment On Christmas&nbsp;at $100.</p>', 'system', 'single', 1678925780),
(2098, 979, NULL, NULL, NULL, 'New reward point', '<p>You get 165&nbsp;for Purchase&nbsp;on 15 Mar 2023 20:16</p>', 'system', 'single', 1678925790),
(2099, 979, NULL, NULL, NULL, 'New financial document', '<p>&nbsp;New financial document for course Installment Upfront with type deduction with price $33</p>', 'system', 'single', 1678925790),
(2100, 979, NULL, NULL, NULL, 'Installment verification request submitted', '<p>We received your verification request for Installment payment On Christmas&nbsp;on 15 Mar 2023 - 20:16&nbsp;and the result will be informed to you soon.</p>', 'system', 'single', 1678925790),
(2101, 1, NULL, NULL, NULL, 'Installment verification request submitted (Admin)', '<p>Morgan Sullivan submitted a verification request for Installment payment On Christmas&nbsp;on 15 Mar 2023 - 20:16.</p>', 'system', 'single', 1678925790),
(2102, 979, NULL, NULL, NULL, 'You got cashback!', '<p>You got $3&nbsp;as cashback and this amount added to your account.</p>', 'system', 'single', 1678925790),
(2103, 1, NULL, NULL, NULL, 'User got cashback (Admin)', '<p>Morgan Sullivan got $3 as cashback and this amount charged to their account.</p>', 'system', 'single', 1678925790),
(2104, 979, NULL, NULL, NULL, 'Installment verification request approved', '<p>Your verification request for Installment payment On Christmas&nbsp;approved.</p>', 'system', 'single', 1678925811),
(2105, 995, NULL, NULL, NULL, 'Installment request submitted', '<p>Your installment for Installment payment On Christmas&nbsp;at $100&nbsp;submitted successfully.</p>', 'system', 'single', 1678925906),
(2106, 1, NULL, NULL, NULL, 'Installment request submitted (Admin)', '<p>Cameron Schofield submitted an installment request for Installment payment On Christmas&nbsp;at $100.</p>', 'system', 'single', 1678925906),
(2107, 995, NULL, NULL, NULL, 'New reward point', '<p>You get 165&nbsp;for Purchase&nbsp;on 15 Mar 2023 20:18</p>', 'system', 'single', 1678925916),
(2108, 995, NULL, NULL, NULL, 'New financial document', '<p>&nbsp;New financial document for course Installment Upfront with type deduction with price $33</p>', 'system', 'single', 1678925916),
(2109, 995, NULL, NULL, NULL, 'Installment verification request submitted', '<p>We received your verification request for Installment payment On Christmas&nbsp;on 15 Mar 2023 - 20:18&nbsp;and the result will be informed to you soon.</p>', 'system', 'single', 1678925916),
(2110, 1, NULL, NULL, NULL, 'Installment verification request submitted (Admin)', '<p>Cameron Schofield submitted a verification request for Installment payment On Christmas&nbsp;on 15 Mar 2023 - 20:18.</p>', 'system', 'single', 1678925916),
(2111, 995, NULL, NULL, NULL, 'You got cashback!', '<p>You got $3&nbsp;as cashback and this amount added to your account.</p>', 'system', 'single', 1678925916),
(2112, 1, NULL, NULL, NULL, 'User got cashback (Admin)', '<p>Cameron Schofield got $3 as cashback and this amount charged to their account.</p>', 'system', 'single', 1678925916),
(2113, 995, NULL, NULL, NULL, 'Installment verification request approved', '<p>Your verification request for Installment payment On Christmas&nbsp;approved.</p>', 'system', 'single', 1678925934),
(2114, 995, NULL, NULL, NULL, 'New reward point', '<p>You get 110&nbsp;for Purchase&nbsp;on 15 Mar 2023 20:20</p>', 'system', 'single', 1678926039),
(2115, 995, NULL, NULL, NULL, 'New financial document', '<p>&nbsp;New financial document for course Installment with type deduction with price $22</p>', 'system', 'single', 1678926039),
(2116, 995, NULL, NULL, NULL, 'Installment paid successfully', '<p>You paid $20&nbsp;for Installment payment On Christmas&nbsp;with due date 15 Mar 2023 - 20:20&nbsp;successfully.</p>', 'system', 'single', 1678926039),
(2117, 1, NULL, NULL, NULL, 'Installment paid successfully (Admin)', '<p>Cameron Schofield paid $20&nbsp;for Installment payment On Christmas&nbsp;with the due date 15 Mar 2023 - 20:20&nbsp;successfully.</p>', 'system', 'single', 1678926039),
(2118, 995, NULL, NULL, NULL, 'You got cashback!', '<p>You got $2&nbsp;as cashback and this amount added to your account.</p>', 'system', 'single', 1678926040),
(2119, 1, NULL, NULL, NULL, 'User got cashback (Admin)', '<p>Cameron Schofield got $2 as cashback and this amount charged to their account.</p>', 'system', 'single', 1678926040),
(2120, 1015, NULL, NULL, NULL, 'Course approve', '<p>your course with title New In-App Live System approved</p>', 'system', 'single', 1678955325),
(2121, 1, NULL, NULL, NULL, 'User submitted in waitlist', '<p>Alex Pmelaa submitted to New In-App Live System&nbsp;waitlist.</p>', 'system', 'single', 1678955365),
(2122, 1017, NULL, NULL, NULL, 'You submitted to waitlist', '<p>You submitted to New In-App Live System&nbsp;waitlist.</p>', 'system', 'single', 1678955365),
(2123, 1, NULL, NULL, NULL, 'User submitted in waitlist', '<p>King Pictures submitted to New In-App Live System&nbsp;waitlist.</p>', 'system', 'single', 1678955432),
(2124, 4, NULL, NULL, NULL, 'You submitted to waitlist', '<p>You submitted to New In-App Live System&nbsp;waitlist.</p>', 'system', 'single', 1678955432),
(2125, 868, NULL, NULL, NULL, 'new badge', '<p>You received Faithful User&nbsp;badge</p>', 'system', 'single', 1678955437),
(2126, 1, NULL, NULL, NULL, 'User submitted in waitlist', '<p>TechDecomposed submitted to New In-App Live System&nbsp;waitlist.</p>', 'system', 'single', 1678955461),
(2127, 868, NULL, NULL, NULL, 'You submitted to waitlist', '<p>You submitted to New In-App Live System&nbsp;waitlist.</p>', 'system', 'single', 1678955461),
(2128, 1015, NULL, NULL, NULL, 'Course approve', '<p>your course with title New In-App Live System approved</p>', 'system', 'single', 1678958013),
(2129, 1015, NULL, NULL, NULL, 'Course approve', '<p>your course with title New In-App Live System approved</p>', 'system', 'single', 1678958056),
(2130, 929, NULL, NULL, NULL, 'Course approve', '<p>your course with title New Update Features approved</p>', 'system', 'single', 1678958075),
(2131, 1, NULL, NULL, NULL, 'User submitted in waitlist', '<p>Eliza Canales submitted to New In-App Live System&nbsp;waitlist.</p>', 'system', 'single', 1678958278),
(2132, 1, NULL, NULL, NULL, 'New user registered', '<p>Lewis Erickson registered on the platform on 16 Mar 2023 05:25&nbsp;as Student</p>', 'system', 'single', 1678958736),
(2133, 995, NULL, NULL, NULL, 'New reward point', '<p>You get 5&nbsp;for Referral & Affiliate&nbsp;on 16 Mar 2023 05:26</p>', 'system', 'single', 1678958778),
(2134, 995, NULL, NULL, NULL, 'New user registered with your affiliate code', '<p>Lewis Erickson registered with your affiliate code on 16 Mar 2023.</p>', 'system', 'single', 1678958778),
(2135, 1045, NULL, NULL, NULL, 'New reward point', '<p>You get 5&nbsp;for Registration&nbsp;on 16 Mar 2023 05:26</p>', 'system', 'single', 1678958778),
(2136, 1045, NULL, NULL, NULL, 'New financial document', '<p>&nbsp;New financial document for course  with type addiction with price $150</p>', 'system', 'single', 1678959187),
(2137, 870, NULL, NULL, NULL, 'New sales', '<p>new sale for course with title Installment and Secure Host</p>', 'system', 'single', 1678959222),
(2138, 1045, NULL, NULL, NULL, 'New purchase', '<p>new purchase for course with title Installment and Secure Host</p>', 'system', 'single', 1678959222),
(2139, 1, NULL, NULL, NULL, 'New course enrollment', '<p>Lewis Erickson enrolled in Installment and Secure Host&nbsp;on 16 Mar 2023 05:33&nbsp;at $110</p>', 'system', 'single', 1678959222),
(2140, 1045, NULL, NULL, NULL, 'New reward point', '<p>You get 550&nbsp;for Purchase&nbsp;on 16 Mar 2023 05:33</p>', 'system', 'single', 1678959222),
(2141, 1045, NULL, NULL, NULL, 'New financial document', '<p>&nbsp;New financial document for course Installment and Secure Host with type deduction with price $110</p>', 'system', 'single', 1678959222),
(2142, 1, NULL, NULL, NULL, 'New user registered', '<p>Robert Travis registered on the platform on 16 Mar 2023 05:37&nbsp;as Student</p>', 'system', 'single', 1678959456),
(2143, 995, NULL, NULL, NULL, 'New reward point', '<p>You get 5&nbsp;for Referral & Affiliate&nbsp;on 16 Mar 2023 05:38</p>', 'system', 'single', 1678959533),
(2144, 995, NULL, NULL, NULL, 'New user registered with your affiliate code', '<p>Robert Travis registered with your affiliate code on 16 Mar 2023.</p>', 'system', 'single', 1678959533),
(2145, 1046, NULL, NULL, NULL, 'New reward point', '<p>You get 5&nbsp;for Registration&nbsp;on 16 Mar 2023 05:38</p>', 'system', 'single', 1678959533),
(2146, 870, NULL, NULL, NULL, 'new badge', '<p>You received Best Seller&nbsp;badge</p>', 'system', 'single', 1678960947),
(2147, 995, NULL, NULL, NULL, 'Installment request submitted', '<p>Your installment for Installment payment On Christmas&nbsp;at $100&nbsp;submitted successfully.</p>', 'system', 'single', 1678960995),
(2148, 1, NULL, NULL, NULL, 'Installment request submitted (Admin)', '<p>Cameron Schofield submitted an installment request for Installment payment On Christmas&nbsp;at $100.</p>', 'system', 'single', 1678960995),
(2149, 995, NULL, NULL, NULL, 'New reward point', '<p>You get 165&nbsp;for Purchase&nbsp;on 16 Mar 2023 06:03</p>', 'system', 'single', 1678961006),
(2150, 995, NULL, NULL, NULL, 'New financial document', '<p>&nbsp;New financial document for course Installment Upfront with type deduction with price $33</p>', 'system', 'single', 1678961006),
(2151, 995, NULL, NULL, NULL, 'Installment verification request submitted', '<p>We received your verification request for Installment payment On Christmas&nbsp;on 16 Mar 2023 - 06:03&nbsp;and the result will be informed to you soon.</p>', 'system', 'single', 1678961006),
(2152, 1, NULL, NULL, NULL, 'Installment verification request submitted (Admin)', '<p>Cameron Schofield submitted a verification request for Installment payment On Christmas&nbsp;on 16 Mar 2023 - 06:03.</p>', 'system', 'single', 1678961006),
(2153, 929, NULL, NULL, NULL, 'New sales', '<p>new sale for course with title The Future of Energy</p>', 'system', 'single', 1678961218),
(2154, 930, NULL, NULL, NULL, 'New purchase', '<p>new purchase for course with title The Future of Energy</p>', 'system', 'single', 1678961218),
(2155, 1, NULL, NULL, NULL, 'New course enrollment', '<p>Jade Harrison enrolled in The Future of Energy&nbsp;on 16 Mar 2023 06:06&nbsp;at $39.60</p>', 'system', 'single', 1678961218),
(2156, 930, NULL, NULL, NULL, 'New reward point', '<p>You get 198&nbsp;for Purchase&nbsp;on 16 Mar 2023 06:06</p>', 'system', 'single', 1678961218),
(2157, 930, NULL, NULL, NULL, 'New financial document', '<p>&nbsp;New financial document for course The Future of Energy with type deduction with price $39.60</p>', 'system', 'single', 1678961218),
(2158, 930, NULL, NULL, NULL, 'You got cashback!', '<p>You got $3.60&nbsp;as cashback and this amount added to your account.</p>', 'system', 'single', 1678961218),
(2159, 1, NULL, NULL, NULL, 'User got cashback (Admin)', '<p>Jade Harrison got $3.60 as cashback and this amount charged to their account.</p>', 'system', 'single', 1678961218),
(2160, 995, NULL, NULL, NULL, 'Installment verification request approved', '<p>Your verification request for Installment payment On Christmas&nbsp;approved.</p>', 'system', 'single', 1678961558),
(2161, 979, NULL, NULL, NULL, 'Installment request submitted', '<p>Your installment for Installment payment On Christmas&nbsp;at $100&nbsp;submitted successfully.</p>', 'system', 'single', 1678961644),
(2162, 1, NULL, NULL, NULL, 'Installment request submitted (Admin)', '<p>Morgan Sullivan submitted an installment request for Installment payment On Christmas&nbsp;at $100.</p>', 'system', 'single', 1678961644),
(2163, 979, NULL, NULL, NULL, 'New reward point', '<p>You get 165&nbsp;for Purchase&nbsp;on 16 Mar 2023 06:14</p>', 'system', 'single', 1678961652),
(2164, 979, NULL, NULL, NULL, 'New financial document', '<p>&nbsp;New financial document for course Installment Upfront with type deduction with price $33</p>', 'system', 'single', 1678961652),
(2165, 979, NULL, NULL, NULL, 'Installment verification request submitted', '<p>We received your verification request for Installment payment On Christmas&nbsp;on 16 Mar 2023 - 06:14&nbsp;and the result will be informed to you soon.</p>', 'system', 'single', 1678961652),
(2166, 1, NULL, NULL, NULL, 'Installment verification request submitted (Admin)', '<p>Morgan Sullivan submitted a verification request for Installment payment On Christmas&nbsp;on 16 Mar 2023 - 06:14.</p>', 'system', 'single', 1678961652),
(2167, 979, NULL, NULL, NULL, 'You got cashback!', '<p>You got $3&nbsp;as cashback and this amount added to your account.</p>', 'system', 'single', 1678961652),
(2168, 1, NULL, NULL, NULL, 'User got cashback (Admin)', '<p>Morgan Sullivan got $3 as cashback and this amount charged to their account.</p>', 'system', 'single', 1678961652),
(2169, 1045, NULL, NULL, NULL, 'New reward point', '<p>You get 5&nbsp;for New Badge&nbsp;on 17 Mar 2023 17:26</p>', 'system', 'single', 1679088389),
(2170, 1045, NULL, NULL, NULL, 'new badge', '<p>You received New User&nbsp;badge</p>', 'system', 'single', 1679088389),
(2171, 867, NULL, NULL, NULL, 'New sales', '<p>new sale for course with title Effective Time Management</p>', 'system', 'single', 1679088431),
(2172, 1045, NULL, NULL, NULL, 'New purchase', '<p>new purchase for course with title Effective Time Management</p>', 'system', 'single', 1679088431),
(2173, 1, NULL, NULL, NULL, 'New course enrollment', '<p>Lewis Erickson enrolled in Effective Time Management&nbsp;on 17 Mar 2023 17:27&nbsp;at $33</p>', 'system', 'single', 1679088431),
(2174, 1045, NULL, NULL, NULL, 'New reward point', '<p>You get 165&nbsp;for Purchase&nbsp;on 17 Mar 2023 17:27</p>', 'system', 'single', 1679088431),
(2175, 1045, NULL, NULL, NULL, 'New financial document', '<p>&nbsp;New financial document for course Effective Time Management with type deduction with price $33</p>', 'system', 'single', 1679088431),
(2176, 1045, NULL, NULL, NULL, 'You got cashback!', '<p>You got $3&nbsp;as cashback and this amount added to your account.</p>', 'system', 'single', 1679088431),
(2177, 1, NULL, NULL, NULL, 'User got cashback (Admin)', '<p>Lewis Erickson got $3 as cashback and this amount charged to their account.</p>', 'system', 'single', 1679088431),
(2178, 870, NULL, NULL, NULL, 'Course approve', '<p>your course with title Installment and Secure Host approved</p>', 'system', 'single', 1679090720),
(2179, 929, NULL, NULL, NULL, 'Course approve', '<p>your course with title New Update Features approved</p>', 'system', 'single', 1679090824),
(2180, 870, NULL, NULL, NULL, 'Rating (Feedback)', '<p>new feedback submitted for course with title Installment and Secure Host bu student Cameron Schofield and rate 5</p>', 'system', 'single', 1679093416),
(2181, 1, NULL, NULL, NULL, 'New item review (Rating)', '<p>Cameron Schofield submitted a new rate for Installment and Secure Host</p>', 'system', 'single', 1679093416),
(2182, 995, NULL, NULL, NULL, 'New reward point', '<p>You get 15&nbsp;for Course Review (Rate)&nbsp;on 17 Mar 2023 18:50</p>', 'system', 'single', 1679093427),
(2183, 995, NULL, NULL, NULL, 'Installment request submitted', '<p>Your installment for Installment payment On Christmas&nbsp;at $100&nbsp;submitted successfully.</p>', 'system', 'single', 1685783030),
(2184, 1, NULL, NULL, NULL, 'Installment request submitted (Admin)', '<p>Cameron Schofield submitted an installment request for Installment payment On Christmas&nbsp;at $100.</p>', 'system', 'single', 1685783030),
(2185, 995, NULL, NULL, NULL, 'New reward point', '<p>You get 165&nbsp;for Purchase&nbsp;on 3 Jun 2023 05:04</p>', 'system', 'single', 1685783051),
(2186, 995, NULL, NULL, NULL, 'New financial document', '<p>&nbsp;New financial document for course Installment Upfront with type deduction with price $33</p>', 'system', 'single', 1685783051),
(2187, 995, NULL, NULL, NULL, 'Installment verification request submitted', '<p>We received your verification request for Installment payment On Christmas&nbsp;on 3 Jun 2023 - 05:04&nbsp;and the result will be informed to you soon.</p>', 'system', 'single', 1685783051),
(2188, 1, NULL, NULL, NULL, 'Installment verification request submitted (Admin)', '<p>Cameron Schofield submitted a verification request for Installment payment On Christmas&nbsp;on 3 Jun 2023 - 05:04.</p>', 'system', 'single', 1685783051),
(2189, 995, NULL, NULL, NULL, 'You got cashback!', '<p>You got $3&nbsp;as cashback and this amount added to your account.</p>', 'system', 'single', 1685783051),
(2190, 1, NULL, NULL, NULL, 'User got cashback (Admin)', '<p>Cameron Schofield got $3 as cashback and this amount charged to their account.</p>', 'system', 'single', 1685783051),
(2191, 995, NULL, NULL, NULL, 'Installment verification request approved', '<p>Your verification request for Installment payment On Christmas&nbsp;approved.</p>', 'system', 'single', 1685783075),
(2192, 930, NULL, NULL, NULL, 'Installment request submitted', '<p>Your installment for Installment payment On Christmas&nbsp;at $100&nbsp;submitted successfully.</p>', 'system', 'single', 1685783144),
(2193, 1, NULL, NULL, NULL, 'Installment request submitted (Admin)', '<p>Jade Harrison submitted an installment request for Installment payment On Christmas&nbsp;at $100.</p>', 'system', 'single', 1685783144),
(2194, 930, NULL, NULL, NULL, 'New reward point', '<p>You get 165&nbsp;for Purchase&nbsp;on 3 Jun 2023 05:05</p>', 'system', 'single', 1685783153),
(2195, 930, NULL, NULL, NULL, 'New financial document', '<p>&nbsp;New financial document for course Installment Upfront with type deduction with price $33</p>', 'system', 'single', 1685783153),
(2196, 930, NULL, NULL, NULL, 'Installment verification request submitted', '<p>We received your verification request for Installment payment On Christmas&nbsp;on 3 Jun 2023 - 05:05&nbsp;and the result will be informed to you soon.</p>', 'system', 'single', 1685783153),
(2197, 1, NULL, NULL, NULL, 'Installment verification request submitted (Admin)', '<p>Jade Harrison submitted a verification request for Installment payment On Christmas&nbsp;on 3 Jun 2023 - 05:05.</p>', 'system', 'single', 1685783153),
(2198, 930, NULL, NULL, NULL, 'You got cashback!', '<p>You got $3&nbsp;as cashback and this amount added to your account.</p>', 'system', 'single', 1685783153),
(2199, 1, NULL, NULL, NULL, 'User got cashback (Admin)', '<p>Jade Harrison got $3 as cashback and this amount charged to their account.</p>', 'system', 'single', 1685783153),
(2200, 1046, NULL, NULL, NULL, 'New reward point', '<p>You get 10&nbsp;for New Badge&nbsp;on 16 Sep 2023 03:29</p>', 'system', 'single', 1694849360),
(2201, 1046, NULL, NULL, NULL, 'new badge', '<p>You received Loyal User&nbsp;badge</p>', 'system', 'single', 1694849361),
(2202, 1015, NULL, NULL, NULL, 'Course approve', '<p>your course with title Excel from Beginner to Advanced approved</p>', 'system', 'single', 1694966085),
(2203, 1015, NULL, NULL, NULL, 'New reward point', '<p>You get 50&nbsp;for Publishing a Course&nbsp;on 17 Sep 2023 11:54</p>', 'system', 'single', 1694966085),
(2204, 1015, NULL, NULL, NULL, 'Course approve', '<p>your course with title New Learning Page approved</p>', 'system', 'single', 1694966102),
(2205, 929, NULL, NULL, NULL, 'Course approve', '<p>your course with title New Update Features approved</p>', 'system', 'single', 1694966179),
(2206, 1015, NULL, NULL, NULL, 'Course approve', '<p>your course with title New In-App Live System approved</p>', 'system', 'single', 1694966203),
(2207, 929, NULL, NULL, NULL, 'Course approve', '<p>your course with title New Update Features approved</p>', 'system', 'single', 1694966231),
(2208, 1015, NULL, NULL, NULL, 'Course approve', '<p>your course with title New Learning Page approved</p>', 'system', 'single', 1694966236),
(2209, 1, NULL, NULL, NULL, 'new submission for forms', '<p>James Kong fill out Teacher Registration Form form in 17 Sep 2023 13:08.</p>', 'system', 'single', 1694970500);
INSERT INTO `notifications` (`id`, `user_id`, `sender_id`, `group_id`, `webinar_id`, `title`, `message`, `sender`, `type`, `created_at`) VALUES
(2210, 1015, NULL, NULL, NULL, 'Course approve', '<p>your course with title New In-App Live System approved</p>', 'system', 'single', 1709200278),
(2211, 1015, NULL, NULL, NULL, 'Course approve', '<p>your course with title Excel from Beginner to Advanced approved</p>', 'system', 'single', 1709538867),
(2212, 1015, NULL, NULL, NULL, 'Course approve', '<p>your course with title Excel from Beginner to Advanced approved</p>', 'system', 'single', 1709538879),
(2214, 1046, NULL, NULL, NULL, 'Cart Reminder', '<div>We\'re excited to invite you to complete your purchase with us! Enjoy exclusive benefits and offers by finalizing your order now.</div>', 'system', 'single', 1709624794),
(2215, 923, NULL, NULL, NULL, 'Course approve', '<p>your course with title Effective Time Management approved</p>', 'system', 'single', 1709711056),
(2216, 1015, NULL, NULL, NULL, 'Course approve', '<p>your course with title New Learning Page approved</p>', 'system', 'single', 1709711904),
(2217, 1015, NULL, NULL, NULL, 'Course approve', '<p>your course with title New In-App Live System approved</p>', 'system', 'single', 1709711935),
(2218, 870, NULL, NULL, NULL, 'Course approve', '<p>your course with title Installment and Secure Host approved</p>', 'system', 'single', 1709711966),
(2219, 1015, NULL, NULL, NULL, 'New badge awarded', '<p>You received Faithful User&nbsp;badge</p>', 'system', 'single', 1709762954),
(2220, 1015, NULL, NULL, NULL, 'New badge awarded', '<p>You received Expert Vendor&nbsp;badge</p>', 'system', 'single', 1709762954),
(2221, 1015, NULL, NULL, NULL, 'New badge awarded', '<p>You received Golden Classes&nbsp;badge</p>', 'system', 'single', 1709762954),
(2222, 1015, NULL, NULL, NULL, 'New badge awarded', '<p>You received King Seller&nbsp;badge</p>', 'system', 'single', 1709762954),
(2223, 1015, NULL, NULL, NULL, 'New badge awarded', '<p>You received Fantastic Support&nbsp;badge</p>', 'system', 'single', 1709762954),
(2224, 1015, NULL, NULL, NULL, 'New badge awarded', '<p>You received Forums Top User&nbsp;badge</p>', 'system', 'single', 1709762954),
(2225, 1015, NULL, NULL, NULL, 'Cart Reminder', '<div>We\'re excited to invite you to complete your purchase with us! Enjoy exclusive benefits and offers by finalizing your order now.</div>', 'system', 'single', 1709763037),
(2226, 1016, NULL, NULL, NULL, 'New badge awarded', '<p>You received Faithful User&nbsp;badge</p>', 'system', 'single', 1709806397),
(2227, 1016, NULL, NULL, NULL, 'New badge awarded', '<p>You received Junior Vendor&nbsp;badge</p>', 'system', 'single', 1709806397),
(2228, 1016, NULL, NULL, NULL, 'New badge awarded', '<p>You received Golden Classes&nbsp;badge</p>', 'system', 'single', 1709806397),
(2229, 1016, NULL, NULL, NULL, 'New badge awarded', '<p>You received Top Seller&nbsp;badge</p>', 'system', 'single', 1709806398),
(2230, 1016, NULL, NULL, NULL, 'New badge awarded', '<p>You received Fantastic Support&nbsp;badge</p>', 'system', 'single', 1709806398),
(2231, 868, NULL, NULL, NULL, 'New badge awarded', '<p>You received Faithful User&nbsp;badge</p>', 'system', 'single', 1709888335),
(2232, 1045, 1, NULL, NULL, 'hi', '<p>hi</p>', 'admin', 'single', 1745416147),
(2233, 930, NULL, NULL, NULL, 'New badge awarded', '<p>You received Faithful User&nbsp;badge</p>', 'system', 'single', 1745416191),
(2234, 1, NULL, NULL, NULL, 'New user registered', '<p>heba taha registered on the platform on 27 أبريل 2025 13:01&nbsp;as مدرب</p>', 'system', 'single', 1745748114),
(2235, 1, NULL, NULL, NULL, 'New user registered', '<p>heba taha registered on the platform on 27 أبريل 2025 13:30&nbsp;as مدرب</p>', 'system', 'single', 1745749811),
(2236, 1, NULL, NULL, NULL, 'New user registered', '<p>heba taha registered on the platform on 27 أبريل 2025 13:32&nbsp;as مدرب</p>', 'system', 'single', 1745749933),
(2237, 1, NULL, NULL, NULL, 'New item created', '<p>heba taha created a new item with title heba</p>', 'system', 'single', 1745751486),
(2238, 1049, NULL, NULL, NULL, 'Course created', '<p>You created a new course&nbsp;with title heba</p>', 'system', 'single', 1745751636),
(2239, 1, NULL, NULL, NULL, 'Content review request', '<p>heba taha sent a review request for heba</p>', 'system', 'single', 1745751639),
(2240, 1049, NULL, NULL, NULL, 'New badge awarded', '<p>You received Junior Vendor&nbsp;badge</p>', 'system', 'single', 1745753817),
(2241, 1014, NULL, NULL, NULL, 'Blog post published (Instructor)', '<p>Your blog post with title Better Relationship Between Friends published.</p>', 'system', 'single', 1745760904),
(2242, 870, NULL, NULL, NULL, 'New badge awarded', '<p>You received Faithful User&nbsp;badge</p>', 'system', 'single', 1745766018),
(2243, 870, NULL, NULL, NULL, 'New badge awarded', '<p>You received Senior Vendor&nbsp;badge</p>', 'system', 'single', 1745766018),
(2244, 870, NULL, NULL, NULL, 'New badge awarded', '<p>You received Golden Classes&nbsp;badge</p>', 'system', 'single', 1745766018),
(2245, 870, NULL, NULL, NULL, 'New badge awarded', '<p>You received Best Seller&nbsp;badge</p>', 'system', 'single', 1745766018),
(2246, 870, NULL, NULL, NULL, 'New badge awarded', '<p>You received Fantastic Support&nbsp;badge</p>', 'system', 'single', 1745766018),
(2247, 870, NULL, NULL, NULL, 'New badge awarded', '<p>You received Forums Top User&nbsp;badge</p>', 'system', 'single', 1745766018),
(2248, 4, NULL, NULL, NULL, 'New badge awarded', '<p>You received Faithful User&nbsp;badge</p>', 'system', 'single', 1745766023),
(2249, 4, NULL, NULL, NULL, 'New badge awarded', '<p>You received Junior Vendor&nbsp;badge</p>', 'system', 'single', 1745766023),
(2250, 4, NULL, NULL, NULL, 'New badge awarded', '<p>You received Golden Classes&nbsp;badge</p>', 'system', 'single', 1745766023),
(2251, 4, NULL, NULL, NULL, 'New badge awarded', '<p>You received Best Seller&nbsp;badge</p>', 'system', 'single', 1745766023),
(2252, 4, NULL, NULL, NULL, 'New badge awarded', '<p>You received Fantastic Support&nbsp;badge</p>', 'system', 'single', 1745766023),
(2253, 859, NULL, NULL, NULL, 'New badge awarded', '<p>You received Faithful User&nbsp;badge</p>', 'system', 'single', 1745766023),
(2254, 863, NULL, NULL, NULL, 'New badge awarded', '<p>You received Faithful User&nbsp;badge</p>', 'system', 'single', 1745766023),
(2255, 863, NULL, NULL, NULL, 'New badge awarded', '<p>You received Junior Vendor&nbsp;badge</p>', 'system', 'single', 1745766023),
(2256, 863, NULL, NULL, NULL, 'New badge awarded', '<p>You received Golden Classes&nbsp;badge</p>', 'system', 'single', 1745766023),
(2257, 863, NULL, NULL, NULL, 'New badge awarded', '<p>You received Top Seller&nbsp;badge</p>', 'system', 'single', 1745766023),
(2258, 863, NULL, NULL, NULL, 'New badge awarded', '<p>You received Fantastic Support&nbsp;badge</p>', 'system', 'single', 1745766023),
(2259, 864, NULL, NULL, NULL, 'New badge awarded', '<p>You received Faithful User&nbsp;badge</p>', 'system', 'single', 1745766023),
(2260, 864, NULL, NULL, NULL, 'New badge awarded', '<p>You received Junior Vendor&nbsp;badge</p>', 'system', 'single', 1745766023),
(2261, 864, NULL, NULL, NULL, 'New badge awarded', '<p>You received Golden Classes&nbsp;badge</p>', 'system', 'single', 1745766024),
(2262, 864, NULL, NULL, NULL, 'New badge awarded', '<p>You received Top Seller&nbsp;badge</p>', 'system', 'single', 1745766024),
(2263, 864, NULL, NULL, NULL, 'New badge awarded', '<p>You received Fantastic Support&nbsp;badge</p>', 'system', 'single', 1745766024),
(2264, 867, NULL, NULL, NULL, 'New badge awarded', '<p>You received Faithful User&nbsp;badge</p>', 'system', 'single', 1745766024),
(2265, 867, NULL, NULL, NULL, 'New badge awarded', '<p>You received Expert Vendor&nbsp;badge</p>', 'system', 'single', 1745766024),
(2266, 867, NULL, NULL, NULL, 'New badge awarded', '<p>You received Golden Classes&nbsp;badge</p>', 'system', 'single', 1745766024),
(2267, 867, NULL, NULL, NULL, 'New badge awarded', '<p>You received Top Seller&nbsp;badge</p>', 'system', 'single', 1745766024),
(2268, 867, NULL, NULL, NULL, 'New badge awarded', '<p>You received Fantastic Support&nbsp;badge</p>', 'system', 'single', 1745766024),
(2269, 934, NULL, NULL, NULL, 'New badge awarded', '<p>You received Faithful User&nbsp;badge</p>', 'system', 'single', 1745766025),
(2270, 934, NULL, NULL, NULL, 'New badge awarded', '<p>You received Senior Vendor&nbsp;badge</p>', 'system', 'single', 1745766025),
(2271, 934, NULL, NULL, NULL, 'New badge awarded', '<p>You received Golden Classes&nbsp;badge</p>', 'system', 'single', 1745766025),
(2272, 934, NULL, NULL, NULL, 'New badge awarded', '<p>You received Best Seller&nbsp;badge</p>', 'system', 'single', 1745766025),
(2273, 934, NULL, NULL, NULL, 'New badge awarded', '<p>You received Fantastic Support&nbsp;badge</p>', 'system', 'single', 1745766025),
(2274, 923, NULL, NULL, NULL, 'New badge awarded', '<p>You received Faithful User&nbsp;badge</p>', 'system', 'single', 1745766057),
(2275, 923, NULL, NULL, NULL, 'New badge awarded', '<p>You received Senior Vendor&nbsp;badge</p>', 'system', 'single', 1745766057),
(2276, 923, NULL, NULL, NULL, 'New badge awarded', '<p>You received Golden Classes&nbsp;badge</p>', 'system', 'single', 1745766057),
(2277, 923, NULL, NULL, NULL, 'New badge awarded', '<p>You received Fantastic Support&nbsp;badge</p>', 'system', 'single', 1745766058),
(2278, 923, NULL, NULL, NULL, 'New badge awarded', '<p>You received Forums Top User&nbsp;badge</p>', 'system', 'single', 1745766058),
(2279, 3, NULL, NULL, NULL, 'New badge awarded', '<p>You received Faithful User&nbsp;badge</p>', 'system', 'single', 1745766059),
(2280, 3, NULL, NULL, NULL, 'New badge awarded', '<p>You received Senior Vendor&nbsp;badge</p>', 'system', 'single', 1745766059),
(2281, 3, NULL, NULL, NULL, 'New badge awarded', '<p>You received Golden Classes&nbsp;badge</p>', 'system', 'single', 1745766059),
(2282, 3, NULL, NULL, NULL, 'New badge awarded', '<p>You received Best Seller&nbsp;badge</p>', 'system', 'single', 1745766059),
(2283, 3, NULL, NULL, NULL, 'New badge awarded', '<p>You received Fantastic Support&nbsp;badge</p>', 'system', 'single', 1745766059),
(2284, 3, NULL, NULL, NULL, 'New badge awarded', '<p>You received Forums Top User&nbsp;badge</p>', 'system', 'single', 1745766059),
(2285, 929, NULL, NULL, NULL, 'New badge awarded', '<p>You received Faithful User&nbsp;badge</p>', 'system', 'single', 1745766059),
(2286, 929, NULL, NULL, NULL, 'New badge awarded', '<p>You received Expert Vendor&nbsp;badge</p>', 'system', 'single', 1745766059),
(2287, 929, NULL, NULL, NULL, 'New badge awarded', '<p>You received Golden Classes&nbsp;badge</p>', 'system', 'single', 1745766059),
(2288, 929, NULL, NULL, NULL, 'New badge awarded', '<p>You received Top Seller&nbsp;badge</p>', 'system', 'single', 1745766059),
(2289, 929, NULL, NULL, NULL, 'New badge awarded', '<p>You received Amazing Support&nbsp;badge</p>', 'system', 'single', 1745766059),
(2290, 1049, NULL, NULL, NULL, 'New badge awarded', '<p>You received New User&nbsp;badge</p>', 'system', 'single', 1747345593),
(2291, 1, NULL, NULL, NULL, 'New badge awarded', '<p>You received Faithful User&nbsp;badge</p>', 'system', 'single', 1747806027),
(2292, 995, NULL, NULL, NULL, 'New badge awarded', '<p>You received Faithful User&nbsp;badge</p>', 'system', 'single', 1748206137),
(2293, 995, NULL, NULL, NULL, 'New badge awarded', '<p>You received Forums Top User&nbsp;badge</p>', 'system', 'single', 1748206145),
(2294, 1049, NULL, NULL, NULL, 'New badge awarded', '<p>You received Loyal User&nbsp;badge</p>', 'system', 'single', 1748392724),
(2295, 1, NULL, NULL, NULL, 'Course approve', '<p>Your course with title كورس إدارة الأعمال approved</p>', 'system', 'single', 1749723135),
(2296, 1, NULL, NULL, NULL, 'Course approve', '<p>Your course with title كورس إدارة الأعمال approved</p>', 'system', 'single', 1749723279),
(2297, 1, NULL, NULL, NULL, 'New badge awarded', '<p>You received Junior Vendor&nbsp;badge</p>', 'system', 'single', 1749726849),
(2298, 1, NULL, NULL, NULL, 'New user registered', '<p>NARYTHY2885451NERTYTRY registered on the platform on 18 Jun 2025 13:21&nbsp;as Student</p>', 'system', 'single', 1750242075),
(2299, 1, NULL, NULL, NULL, 'New user registered', '<p>Gift for registration>>> https://krakenpartners.net/ru/track/1174 registered on the platform on 23 Jun 2025 12:52&nbsp;as Student</p>', 'system', 'single', 1750672338),
(2300, 1, NULL, NULL, NULL, 'Course approve', '<p>Your course with title Occupational Health and Safety approved</p>', 'system', 'single', 1750848901),
(2301, 1, NULL, NULL, NULL, 'Course approve', '<p>Your course with title Occupational Health and Safety approved</p>', 'system', 'single', 1750849457),
(2302, 1, NULL, NULL, NULL, 'New badge awarded', '<p>You received Expert Vendor&nbsp;badge</p>', 'system', 'single', 1750858668),
(2303, 1, NULL, NULL, NULL, 'New user registered', '<p>asdasdas dasdasd registered on the platform on 26 Jun 2025 10:12&nbsp;as Student</p>', 'system', 'single', 1750921952),
(2304, 1, NULL, NULL, NULL, 'New user registered', '<p>NARTYTRYUT763889NEYHRTGE registered on the platform on 28 Jun 2025 06:11&nbsp;as Student</p>', 'system', 'single', 1751080305),
(2305, 1, NULL, NULL, NULL, 'New user registered', '<p>NAERTREGE790726NEYHRTGE registered on the platform on 29 Jun 2025 09:26&nbsp;as Student</p>', 'system', 'single', 1751178412),
(2306, 1, NULL, NULL, NULL, 'Course approve', '<p>Your course with title القانون الجنائي الدولي approved</p>', 'system', 'single', 1751190708),
(2307, 1, NULL, NULL, NULL, 'Course approve', '<p>Your course with title كورس إدارة الأعمال approved</p>', 'system', 'single', 1751190868),
(2308, 1, NULL, NULL, NULL, 'New user registered', '<p>mohamed hussein registered on the platform on 29 يونيو 2025 14:09&nbsp;as طالب</p>', 'system', 'single', 1751195344),
(2309, 1, NULL, NULL, NULL, 'New user registered', '<p>mohamed hussein registered on the platform on 29 يونيو 2025 14:17&nbsp;as طالب</p>', 'system', 'single', 1751195833),
(2310, 1, NULL, NULL, NULL, 'Course approve', '<p>Your course with title دورة الذكاء الاصطناعي approved</p>', 'system', 'single', 1751200450),
(2311, 1, NULL, NULL, NULL, 'Course approve', '<p>Your course with title دورة الذكاء الاصطناعي approved</p>', 'system', 'single', 1751200498),
(2312, 1, NULL, NULL, NULL, 'Course approve', '<p>Your course with title الصحة والسلامة المهنية approved</p>', 'system', 'single', 1751200852),
(2313, 1, NULL, NULL, NULL, 'Course approve', '<p>Your course with title كورس إدارة الأعمال approved</p>', 'system', 'single', 1751200879),
(2314, 1, NULL, NULL, NULL, 'Course approve', '<p>Your course with title Business Administration Course approved</p>', 'system', 'single', 1751200952),
(2315, 1, NULL, NULL, NULL, 'Course approve', '<p>Your course with title Occupational Health and Safety approved</p>', 'system', 'single', 1751201018),
(2316, 1, NULL, NULL, NULL, 'New user registered', '<p>asdasddsadas registered on the platform on 2 سبتمبر 2025 12:38&nbsp;as طالب</p>', 'system', 'single', 1756805913),
(2317, 1, NULL, NULL, NULL, 'New user registered', '<p>NAYUYUTY1314991NEHTYHYHTR registered on the platform on 14 سبتمبر 2025 18:36&nbsp;as طالب</p>', 'system', 'single', 1757864162),
(2318, 1, NULL, NULL, NULL, 'New user registered', '<p>Lopoloifhidwjdwfefee fjedwjdwj ijwhfwdj wfiefwjdwd hwidjwidhwfhwidjiwj hjfhefjhwifhewfiwejj hfiwhfqwjhfqwiefgwiej dnia.academy registered on the platform on 6 أكتوبر 2025 06:55&nbsp;as طالب</p>', 'system', 'single', 1759722941),
(2319, 1, NULL, NULL, NULL, 'New user registered', '<p>badur udin udin registered on the platform on 4 ديسمبر 2025 10:28&nbsp;as طالب</p>', 'system', 'single', 1764836924);

-- --------------------------------------------------------

--
